									
{"id":3350,"date":"2024-04-11T15:50:50","date_gmt":"2024-04-11T15:50:50","guid":{"rendered":"https:\/\/cineslys.com\/?post_type=tribe_events&#038;p=3350"},"modified":"2024-04-11T15:53:10","modified_gmt":"2024-04-11T15:53:10","slug":"version-digital-andrea-chenier-directo","status":"publish","type":"tribe_events","link":"https:\/\/cineslys.com\/val\/calendario\/version-digital-andrea-chenier-directo\/","title":{"rendered":"Versi\u00f3n Digital: Andrea Chenier (Directo)"},"content":{"rendered":"<h3><strong>ANDREA CH\u00c9NIER<\/strong><br \/>\nMartes, 11 de junio de 2024 a las 20:15H<\/h3>\n<p><strong>The Royal Opera<\/strong><\/p>\n<p>Durante una suntuosa fiesta en el Par\u00eds del siglo XVIII, el poeta Andr\u00e9a Ch\u00e9nier pronuncia un discurso apasionado en el que critica a Luis XVI. Cinco a\u00f1os m\u00e1s tarde la Revoluci\u00f3n ha dado paso al Terror, transformando el equilibrio de poder entre Ch\u00e9nier, su amada Maddalena, y G\u00e9rard, el hombre que podr\u00eda destruirlo&#8230;<\/p>\n<p>Jonas Kaufmann encabeza la espectacular puesta en escena de David McVicar bajo la batuta de su colaborador habitual, Antonio Pappano, que dirige este \u00e9pico drama hist\u00f3rico de Giordano sobre revoluci\u00f3n y amor prohibido en su \u00faltima producci\u00f3n como director musical de la Royal Opera.<\/p>\n<p>ELENCO<br \/>\nJonas Kaufmann (Andrea Ch\u00e9nier), Sondra Radvanovsky (Maddalena Di Coigny), Amartuvshin Enkhbat (Carlo G\u00e9rard), Katia Ledoux (Bersi), Alexander Kravets (Incre\u00edble)<\/p>\n<p><a href=\"https:\/\/www.reservaentradas.com\/entrada\/valencia\/cineslys\/andrea-chenier-opera-en-directo-11-6-24\/343519\/?step=2\" rel=\"nofollow noopener\" target=\"_blank\"> <button>Comprar entradas<\/button> <\/a><\/p>","protected":false},"excerpt":{"rendered":"<p>ANDREA CH\u00c9NIER Martes, 11 de junio de 2024 a las 20:15H The Royal Opera Durante una suntuosa fiesta en el Par\u00eds del siglo XVIII, el poeta Andr\u00e9a Ch\u00e9nier pronuncia un&hellip; <a class=\"more-link\" href=\"https:\/\/cineslys.com\/val\/calendario\/version-digital-andrea-chenier-directo\/\">Continue reading <span class=\"screen-reader-text\">Versi\u00f3n Digital: Andrea Chenier (Directo)<\/span><\/a><\/p>","protected":false},"author":1,"featured_media":3353,"template":"","meta":{"_tribe_events_status":"","_tribe_events_status_reason":"","footnotes":""},"tags":[],"tribe_events_cat":[24],"class_list":["post-3350","tribe_events","type-tribe_events","status-publish","has-post-thumbnail","hentry","tribe_events_cat-eventos","cat_eventos","entry"],"_links":{"self":[{"href":"https:\/\/cineslys.com\/val\/wp-json\/wp\/v2\/tribe_events\/3350","targetHints":{"allow":["GET"]}}],"collection":[{"href":"https:\/\/cineslys.com\/val\/wp-json\/wp\/v2\/tribe_events"}],"about":[{"href":"https:\/\/cineslys.com\/val\/wp-json\/wp\/v2\/types\/tribe_events"}],"author":[{"embeddable":true,"href":"https:\/\/cineslys.com\/val\/wp-json\/wp\/v2\/users\/1"}],"version-history":[{"count":0,"href":"https:\/\/cineslys.com\/val\/wp-json\/wp\/v2\/tribe_events\/3350\/revisions"}],"wp:featuredmedia":[{"embeddable":true,"href":"https:\/\/cineslys.com\/val\/wp-json\/wp\/v2\/media\/3353"}],"wp:attachment":[{"href":"https:\/\/cineslys.com\/val\/wp-json\/wp\/v2\/media?parent=3350"}],"wp:term":[{"taxonomy":"post_tag","embeddable":true,"href":"https:\/\/cineslys.com\/val\/wp-json\/wp\/v2\/tags?post=3350"},{"taxonomy":"tribe_events_cat","embeddable":true,"href":"https:\/\/cineslys.com\/val\/wp-json\/wp\/v2\/tribe_events_cat?post=3350"}],"curies":[{"name":"wp","href":"https:\/\/api.w.org\/{rel}","templated":true}]}}

Versión Digital: Andrea Chenier (Directo)

<h3><strong>ANDREA CHÉNIER</strong><br />
Martes, 11 de junio de 2024 a las 20:15H</h3>
<p><strong>The Royal Opera</strong></p>
<p>Durante una suntuosa fiesta en el París del siglo XVIII, el poeta Andréa Chénier pronuncia un discurso apasionado en el que critica a Luis XVI. Cinco años más tarde la Revolución ha dado paso al Terror, transformando el equilibrio de poder entre Chénier, su amada Maddalena, y Gérard, el hombre que podría destruirlo&#8230;</p>
<p>Jonas Kaufmann encabeza la espectacular puesta en escena de David McVicar bajo la batuta de su colaborador habitual, Antonio Pappano, que dirige este épico drama histórico de Giordano sobre revolución y amor prohibido en su última producción como director musical de la Royal Opera.</p>
<p>ELENCO<br />
Jonas Kaufmann (Andrea Chénier), Sondra Radvanovsky (Maddalena Di Coigny), Amartuvshin Enkhbat (Carlo Gérard), Katia Ledoux (Bersi), Alexander Kravets (Increíble)</p>
<p><a href="https://www.reservaentradas.com/entrada/valencia/cineslys/andrea-chenier-opera-en-directo-11-6-24/343519/?step=2" rel="nofollow noopener" target="_blank"> <button>Comprar entradas</button> </a></p>

<p>ANDREA CHÉNIER Martes, 11 de junio de 2024 a las 20:15H The Royal Opera Durante una suntuosa fiesta en el París del siglo XVIII, el poeta Andréa Chénier pronuncia un&hellip; <a class="more-link" href="https://cineslys.com/val/calendario/version-digital-andrea-chenier-directo/">Continue reading <span class="screen-reader-text">Versión Digital: Andrea Chenier (Directo)</span></a></p>
