									
{"id":3432,"date":"2024-04-23T13:05:16","date_gmt":"2024-04-23T13:05:16","guid":{"rendered":"https:\/\/cineslys.com\/?post_type=tribe_events&#038;p=3432"},"modified":"2024-04-23T13:05:16","modified_gmt":"2024-04-23T13:05:16","slug":"cine-coloquio-pajaros-con-pau-dura","status":"publish","type":"tribe_events","link":"https:\/\/cineslys.com\/val\/calendario\/cine-coloquio-pajaros-con-pau-dura\/","title":{"rendered":"Cine + Coloquio: P\u00e1jaros con Pau Dur\u00e0"},"content":{"rendered":"<h3><strong>Vuelve Pau Dur\u00e0 a los Cines Lys<\/strong><\/h3>\n<p>El <strong>mi\u00e9rcoles 24 de abril a las 19:35h<\/strong> tenemos el pase de <strong>\u00abP\u00e1jaros\u00bb<\/strong> con presentaci\u00f3n y coloquio del <strong>director Pau Dur\u00e0<\/strong>, quien ya tuvimos en el pasado \u00abCita a ciegas\u00bb. Si no la has visto a\u00fan, aprovecha y ven a verla el <strong>mi\u00e9rcoles d\u00eda del espectador a 5,50\u20ac.<\/strong><\/p>\n<p>Sinopsis: Colombo trabaja en un garaje 24 horas y complementa su m\u00edsero sueldo trapicheando con marihuana. Mario, un tipo peculiar y aficionado a las aves, que aparece inesperadamente en el garaje, lo contrata de ch\u00f3fer para ir a la Costa Brava a ver grullas. Pero al llegar a su destino, le cuenta que las aves han variado su rumbo migratorio hacia el delta del Danubio, en Ruman\u00eda. Mario necesita llegar hasta all\u00ed. Y Colombo necesita el dinero. Ocultando sus verdaderos motivos, emprenden un viaje que los llevar\u00e1 a conocerse mejor y enfrentarse a s\u00ed mismos.<\/p>\n<p><a href=\"https:\/\/www.reservaentradas.com\/sesiones\/valencia\/cineslys\/pajaros\/6069\/\" rel=\"nofollow noopener\" target=\"_blank\"> <button>Comprar entradas<\/button> <\/a><\/p>\n<p><iframe title=\"Cita a ciegas con el Cine P\u00e1jaros con Pau Dur\u00e0. Estreno 5 de abril\" width=\"750\" height=\"422\" src=\"https:\/\/www.youtube.com\/embed\/6HV4wHZuRsI?feature=oembed\" frameborder=\"0\" allow=\"accelerometer; autoplay; clipboard-write; encrypted-media; gyroscope; picture-in-picture; web-share\" referrerpolicy=\"strict-origin-when-cross-origin\" allowfullscreen><\/iframe><\/p>","protected":false},"excerpt":{"rendered":"<p>Vuelve Pau Dur\u00e0 a los Cines Lys El mi\u00e9rcoles 24 de abril a las 19:35h tenemos el pase de \u00abP\u00e1jaros\u00bb con presentaci\u00f3n y coloquio del director Pau Dur\u00e0, quien ya&hellip; <a class=\"more-link\" href=\"https:\/\/cineslys.com\/val\/calendario\/cine-coloquio-pajaros-con-pau-dura\/\">Continue reading <span class=\"screen-reader-text\">Cine + Coloquio: P\u00e1jaros con Pau Dur\u00e0<\/span><\/a><\/p>","protected":false},"author":1,"featured_media":3433,"template":"","meta":{"_tribe_events_status":"","_tribe_events_status_reason":"","footnotes":""},"tags":[71,72],"tribe_events_cat":[24,19],"class_list":["post-3432","tribe_events","type-tribe_events","status-publish","has-post-thumbnail","hentry","tag-pajaros","tag-pau-dura","tribe_events_cat-eventos","tribe_events_cat-visita-de-directores","cat_eventos","cat_visita-de-directores","entry"],"_links":{"self":[{"href":"https:\/\/cineslys.com\/val\/wp-json\/wp\/v2\/tribe_events\/3432","targetHints":{"allow":["GET"]}}],"collection":[{"href":"https:\/\/cineslys.com\/val\/wp-json\/wp\/v2\/tribe_events"}],"about":[{"href":"https:\/\/cineslys.com\/val\/wp-json\/wp\/v2\/types\/tribe_events"}],"author":[{"embeddable":true,"href":"https:\/\/cineslys.com\/val\/wp-json\/wp\/v2\/users\/1"}],"version-history":[{"count":0,"href":"https:\/\/cineslys.com\/val\/wp-json\/wp\/v2\/tribe_events\/3432\/revisions"}],"wp:featuredmedia":[{"embeddable":true,"href":"https:\/\/cineslys.com\/val\/wp-json\/wp\/v2\/media\/3433"}],"wp:attachment":[{"href":"https:\/\/cineslys.com\/val\/wp-json\/wp\/v2\/media?parent=3432"}],"wp:term":[{"taxonomy":"post_tag","embeddable":true,"href":"https:\/\/cineslys.com\/val\/wp-json\/wp\/v2\/tags?post=3432"},{"taxonomy":"tribe_events_cat","embeddable":true,"href":"https:\/\/cineslys.com\/val\/wp-json\/wp\/v2\/tribe_events_cat?post=3432"}],"curies":[{"name":"wp","href":"https:\/\/api.w.org\/{rel}","templated":true}]}}

Cine + Coloquio: Pájaros con Pau Durà

<h3><strong>Vuelve Pau Durà a los Cines Lys</strong></h3>
<p>El <strong>miércoles 24 de abril a las 19:35h</strong> tenemos el pase de <strong>«Pájaros»</strong> con presentación y coloquio del <strong>director Pau Durà</strong>, quien ya tuvimos en el pasado «Cita a ciegas». Si no la has visto aún, aprovecha y ven a verla el <strong>miércoles día del espectador a 5,50€.</strong></p>
<p>Sinopsis: Colombo trabaja en un garaje 24 horas y complementa su mísero sueldo trapicheando con marihuana. Mario, un tipo peculiar y aficionado a las aves, que aparece inesperadamente en el garaje, lo contrata de chófer para ir a la Costa Brava a ver grullas. Pero al llegar a su destino, le cuenta que las aves han variado su rumbo migratorio hacia el delta del Danubio, en Rumanía. Mario necesita llegar hasta allí. Y Colombo necesita el dinero. Ocultando sus verdaderos motivos, emprenden un viaje que los llevará a conocerse mejor y enfrentarse a sí mismos.</p>
<p><a href="https://www.reservaentradas.com/sesiones/valencia/cineslys/pajaros/6069/" rel="nofollow noopener" target="_blank"> <button>Comprar entradas</button> </a></p>
<p><iframe title="Cita a ciegas con el Cine Pájaros con Pau Durà. Estreno 5 de abril" width="750" height="422" src="https://www.youtube.com/embed/6HV4wHZuRsI?feature=oembed" frameborder="0" allow="accelerometer; autoplay; clipboard-write; encrypted-media; gyroscope; picture-in-picture; web-share" referrerpolicy="strict-origin-when-cross-origin" allowfullscreen></iframe></p>

<p>Vuelve Pau Durà a los Cines Lys El miércoles 24 de abril a las 19:35h tenemos el pase de «Pájaros» con presentación y coloquio del director Pau Durà, quien ya&hellip; <a class="more-link" href="https://cineslys.com/val/calendario/cine-coloquio-pajaros-con-pau-dura/">Continue reading <span class="screen-reader-text">Cine + Coloquio: Pájaros con Pau Durà</span></a></p>
