									
{"id":4341,"date":"2024-06-17T12:15:57","date_gmt":"2024-06-17T12:15:57","guid":{"rendered":"https:\/\/cineslys.com\/?post_type=tribe_events&#038;p=4341"},"modified":"2024-06-21T11:44:50","modified_gmt":"2024-06-21T11:44:50","slug":"cita-a-ciegas-con-el-cine-2-de-julio","status":"publish","type":"tribe_events","link":"https:\/\/cineslys.com\/val\/calendario\/cita-a-ciegas-con-el-cine-2-de-julio\/","title":{"rendered":"Cita a Ciegas con el Cine: 2 de julio"},"content":{"rendered":"<h3><strong>Cita a Ciegas con el Cine: 2 de julio<\/strong><\/h3>\n<p>En el \u00faltimo Cita a Ciegas, nuestros espectadores pudieron disfrutar del preestreno de <strong>Vidas Perfectas<\/strong>, que se estren\u00f3 el pasado viernes, una pel\u00edcula que aborda la relaci\u00f3n dos mejores amigas, Alice y Celine, que disfrutan de sus vidas id\u00edlicas en los primeros a\u00f1os de la d\u00e9cada de los 60. Os dejamos abajo las declaraciones del p\u00fablico.<\/p>\n<p><strong>\u00bfQu\u00e9 nos espera el pr\u00f3ximo martes?<\/strong><\/p>\n<p>\u00a1Ven a descubrirlo!<\/p>\n<p><a href=\"https:\/\/www.reservaentradas.com\/entrada\/valencia\/cineslys\/cita-a-ciegas-con-el-cine\/349585\/?step=2\" rel=\"nofollow noopener\" target=\"_blank\"> <button>Comprar entradas<\/button> <\/a><\/p>\n<p><iframe title=\"Cita a Ciegas con el Cine: Vidas perfectas. Estreno 14 de junio\" width=\"750\" height=\"422\" src=\"https:\/\/www.youtube.com\/embed\/zmAbtkDDh9A?feature=oembed\" frameborder=\"0\" allow=\"accelerometer; autoplay; clipboard-write; encrypted-media; gyroscope; picture-in-picture; web-share\" referrerpolicy=\"strict-origin-when-cross-origin\" allowfullscreen><\/iframe><\/p>\n<p><strong>Sinopsis<\/strong>: Alice (Jessica Chastain) y Celine (Anne Hathaway), disfrutan de sus id\u00edlicas vidas junto a sus respectivos hijos y exitosos maridos. Son mejores amigas y vecinas. La perfecta armon\u00eda de sus vidas se rompe repentinamente despu\u00e9s de un tr\u00e1gico accidente. Una combinaci\u00f3n de culpa, sospecha y paranoia destruye el v\u00ednculo entre Alice y Celine dando lugar a una dura batalla psicol\u00f3gica cuando los instintos maternales de ambas revelen su lado oscuro para defender a los suyos.<\/p>","protected":false},"excerpt":{"rendered":"<p>Cita a Ciegas con el Cine: 2 de julio En el \u00faltimo Cita a Ciegas, nuestros espectadores pudieron disfrutar del preestreno de Vidas Perfectas, que se estren\u00f3 el pasado viernes,&hellip; <a class=\"more-link\" href=\"https:\/\/cineslys.com\/val\/calendario\/cita-a-ciegas-con-el-cine-2-de-julio\/\">Continue reading <span class=\"screen-reader-text\">Cita a Ciegas con el Cine: 2 de julio<\/span><\/a><\/p>","protected":false},"author":1,"featured_media":4342,"template":"","meta":{"_tribe_events_status":"","_tribe_events_status_reason":"","footnotes":""},"tags":[],"tribe_events_cat":[24],"class_list":["post-4341","tribe_events","type-tribe_events","status-publish","has-post-thumbnail","hentry","tribe_events_cat-eventos","cat_eventos","entry"],"_links":{"self":[{"href":"https:\/\/cineslys.com\/val\/wp-json\/wp\/v2\/tribe_events\/4341","targetHints":{"allow":["GET"]}}],"collection":[{"href":"https:\/\/cineslys.com\/val\/wp-json\/wp\/v2\/tribe_events"}],"about":[{"href":"https:\/\/cineslys.com\/val\/wp-json\/wp\/v2\/types\/tribe_events"}],"author":[{"embeddable":true,"href":"https:\/\/cineslys.com\/val\/wp-json\/wp\/v2\/users\/1"}],"version-history":[{"count":0,"href":"https:\/\/cineslys.com\/val\/wp-json\/wp\/v2\/tribe_events\/4341\/revisions"}],"wp:featuredmedia":[{"embeddable":true,"href":"https:\/\/cineslys.com\/val\/wp-json\/wp\/v2\/media\/4342"}],"wp:attachment":[{"href":"https:\/\/cineslys.com\/val\/wp-json\/wp\/v2\/media?parent=4341"}],"wp:term":[{"taxonomy":"post_tag","embeddable":true,"href":"https:\/\/cineslys.com\/val\/wp-json\/wp\/v2\/tags?post=4341"},{"taxonomy":"tribe_events_cat","embeddable":true,"href":"https:\/\/cineslys.com\/val\/wp-json\/wp\/v2\/tribe_events_cat?post=4341"}],"curies":[{"name":"wp","href":"https:\/\/api.w.org\/{rel}","templated":true}]}}

<h3><strong>Cita a Ciegas con el Cine: 2 de julio</strong></h3>
<p>En el último Cita a Ciegas, nuestros espectadores pudieron disfrutar del preestreno de <strong>Vidas Perfectas</strong>, que se estrenó el pasado viernes, una película que aborda la relación dos mejores amigas, Alice y Celine, que disfrutan de sus vidas idílicas en los primeros años de la década de los 60. Os dejamos abajo las declaraciones del público.</p>
<p><strong>¿Qué nos espera el próximo martes?</strong></p>
<p>¡Ven a descubrirlo!</p>
<p><a href="https://www.reservaentradas.com/entrada/valencia/cineslys/cita-a-ciegas-con-el-cine/349585/?step=2" rel="nofollow noopener" target="_blank"> <button>Comprar entradas</button> </a></p>
<p><iframe title="Cita a Ciegas con el Cine: Vidas perfectas. Estreno 14 de junio" width="750" height="422" src="https://www.youtube.com/embed/zmAbtkDDh9A?feature=oembed" frameborder="0" allow="accelerometer; autoplay; clipboard-write; encrypted-media; gyroscope; picture-in-picture; web-share" referrerpolicy="strict-origin-when-cross-origin" allowfullscreen></iframe></p>
<p><strong>Sinopsis</strong>: Alice (Jessica Chastain) y Celine (Anne Hathaway), disfrutan de sus idílicas vidas junto a sus respectivos hijos y exitosos maridos. Son mejores amigas y vecinas. La perfecta armonía de sus vidas se rompe repentinamente después de un trágico accidente. Una combinación de culpa, sospecha y paranoia destruye el vínculo entre Alice y Celine dando lugar a una dura batalla psicológica cuando los instintos maternales de ambas revelen su lado oscuro para defender a los suyos.</p>

<p>Cita a Ciegas con el Cine: 2 de julio En el último Cita a Ciegas, nuestros espectadores pudieron disfrutar del preestreno de Vidas Perfectas, que se estrenó el pasado viernes,&hellip; <a class="more-link" href="https://cineslys.com/val/calendario/cita-a-ciegas-con-el-cine-2-de-julio/">Continue reading <span class="screen-reader-text">Cita a Ciegas con el Cine: 2 de julio</span></a></p>
