									
{"id":4881,"date":"2024-07-25T11:15:10","date_gmt":"2024-07-25T11:15:10","guid":{"rendered":"https:\/\/cineslys.com\/?post_type=tribe_events&#038;p=4881"},"modified":"2025-05-22T13:27:40","modified_gmt":"2025-05-22T13:27:40","slug":"terrorificamente-lys-psicosis","status":"publish","type":"tribe_events","link":"https:\/\/cineslys.com\/val\/calendario\/terrorificamente-lys-psicosis\/","title":{"rendered":"Terror\u00edficamente Lys: Psicosis"},"content":{"rendered":"<h3><b>Terror\u00edficamente Lys: Los c\u00f3mplices + Psicosis en VOSE<\/b><\/h3>\n<h3>Jueves, 19 de septiembre 20:30h<\/h3>\n<h6><a href=\"https:\/\/forms.gle\/6Sz5cVRwQZDMKpfJ7\" rel=\"nofollow noopener\" target=\"_blank\"><span style=\"color: #de0000;\">\u00danete a nuestra Newsletter de Terror donde podr\u00e1s votar los cortos, elegir pel\u00edculas, y ganar entradas<\/span><\/a><\/h6>\n<p>El pasado jueves 25 de julio tuvimos Longlegs, de Oz Perkins. Pues en septiembre, dos meses despu\u00e9s, podremos ver \u00abPsicosis\u00bb de Alfred Hitchcock y protagonizada por Anthony Perkins. Nada m\u00e1s y nada menos que su padre \u00a1menuda familia!<\/p>\n<p>Sinopsis: Marion Crane, una joven secretaria, tras cometer el robo de un dinero en su empresa, huye de la ciudad y, despu\u00e9s de conducir durante horas, decide descansar en un peque\u00f1o y apartado motel de carretera regentado por un t\u00edmido joven, Norman Bates, que vive en la casa de al lado con su madre.<\/p>\n<p>Cr\u00edtica y m\u00e1s informaci\u00f3n de Psicosis en <a href=\"https:\/\/filmnookset.com\/peliculas\/psicosis-1960\/\" rel=\"nofollow noopener\" target=\"_blank\">Filmnookset<\/a>.<\/p>\n<p><strong><a href=\"https:\/\/cineslys.com\/val\/socios\/\">Hazte socio de Cines Lys gratuitamente y compra tu entrada por 5,50\u20ac.<\/a><\/strong><\/p>\n<p><a href=\"https:\/\/www.reservaentradas.com\/entrada\/valencia\/cineslys\/terrorificamente-lys-psicosis\/351539\/?step=2\" rel=\"nofollow noopener\" target=\"_blank\"> <button>Reserva tu entrada<\/button> <\/a><\/p>\n<p>Antes de la pel\u00edcula, tendremos el coloquio de Alberto Evangelio qui\u00e9n presentar\u00e1 su cortometraje \u00abLos C\u00f3mplices\u00bb en Terror\u00edficamente Lys.<\/p>\n<p><iframe title=\"Alfred Hitchcock (trailer Psicosis subtitulado espa\u00f1ol)\" width=\"750\" height=\"563\" src=\"https:\/\/www.youtube.com\/embed\/JRRfDkkC_ro?feature=oembed\" frameborder=\"0\" allow=\"accelerometer; autoplay; clipboard-write; encrypted-media; gyroscope; picture-in-picture; web-share\" referrerpolicy=\"strict-origin-when-cross-origin\" allowfullscreen><\/iframe><\/p>\n<p>&nbsp;<\/p>","protected":false},"excerpt":{"rendered":"<p>Terror\u00edficamente Lys: Los c\u00f3mplices + Psicosis en VOSE Jueves, 19 de septiembre 20:30h \u00danete a nuestra Newsletter de Terror donde podr\u00e1s votar los cortos, elegir pel\u00edculas, y ganar entradas El&hellip; <a class=\"more-link\" href=\"https:\/\/cineslys.com\/val\/calendario\/terrorificamente-lys-psicosis\/\">Continue reading <span class=\"screen-reader-text\">Terror\u00edficamente Lys: Psicosis<\/span><\/a><\/p>","protected":false},"author":1,"featured_media":4882,"template":"","meta":{"_tribe_events_status":"","_tribe_events_status_reason":"","footnotes":""},"tags":[],"tribe_events_cat":[73],"class_list":["post-4881","tribe_events","type-tribe_events","status-publish","has-post-thumbnail","hentry","tribe_events_cat-terrorificamente-lys","cat_terrorificamente-lys","entry"],"_links":{"self":[{"href":"https:\/\/cineslys.com\/val\/wp-json\/wp\/v2\/tribe_events\/4881","targetHints":{"allow":["GET"]}}],"collection":[{"href":"https:\/\/cineslys.com\/val\/wp-json\/wp\/v2\/tribe_events"}],"about":[{"href":"https:\/\/cineslys.com\/val\/wp-json\/wp\/v2\/types\/tribe_events"}],"author":[{"embeddable":true,"href":"https:\/\/cineslys.com\/val\/wp-json\/wp\/v2\/users\/1"}],"version-history":[{"count":0,"href":"https:\/\/cineslys.com\/val\/wp-json\/wp\/v2\/tribe_events\/4881\/revisions"}],"wp:featuredmedia":[{"embeddable":true,"href":"https:\/\/cineslys.com\/val\/wp-json\/wp\/v2\/media\/4882"}],"wp:attachment":[{"href":"https:\/\/cineslys.com\/val\/wp-json\/wp\/v2\/media?parent=4881"}],"wp:term":[{"taxonomy":"post_tag","embeddable":true,"href":"https:\/\/cineslys.com\/val\/wp-json\/wp\/v2\/tags?post=4881"},{"taxonomy":"tribe_events_cat","embeddable":true,"href":"https:\/\/cineslys.com\/val\/wp-json\/wp\/v2\/tribe_events_cat?post=4881"}],"curies":[{"name":"wp","href":"https:\/\/api.w.org\/{rel}","templated":true}]}}

Terroríficamente Lys: Psicosis

<h3><b>Terroríficamente Lys: Los cómplices + Psicosis en VOSE</b></h3>
<h3>Jueves, 19 de septiembre 20:30h</h3>
<h6><a href="https://forms.gle/6Sz5cVRwQZDMKpfJ7" rel="nofollow noopener" target="_blank"><span style="color: #de0000;">Únete a nuestra Newsletter de Terror donde podrás votar los cortos, elegir películas, y ganar entradas</span></a></h6>
<p>El pasado jueves 25 de julio tuvimos Longlegs, de Oz Perkins. Pues en septiembre, dos meses después, podremos ver «Psicosis» de Alfred Hitchcock y protagonizada por Anthony Perkins. Nada más y nada menos que su padre ¡menuda familia!</p>
<p>Sinopsis: Marion Crane, una joven secretaria, tras cometer el robo de un dinero en su empresa, huye de la ciudad y, después de conducir durante horas, decide descansar en un pequeño y apartado motel de carretera regentado por un tímido joven, Norman Bates, que vive en la casa de al lado con su madre.</p>
<p>Crítica y más información de Psicosis en <a href="https://filmnookset.com/peliculas/psicosis-1960/" rel="nofollow noopener" target="_blank">Filmnookset</a>.</p>
<p><strong><a href="https://cineslys.com/val/socios/">Hazte socio de Cines Lys gratuitamente y compra tu entrada por 5,50€.</a></strong></p>
<p><a href="https://www.reservaentradas.com/entrada/valencia/cineslys/terrorificamente-lys-psicosis/351539/?step=2" rel="nofollow noopener" target="_blank"> <button>Reserva tu entrada</button> </a></p>
<p>Antes de la película, tendremos el coloquio de Alberto Evangelio quién presentará su cortometraje «Los Cómplices» en Terroríficamente Lys.</p>
<p><iframe title="Alfred Hitchcock (trailer Psicosis subtitulado español)" width="750" height="563" src="https://www.youtube.com/embed/JRRfDkkC_ro?feature=oembed" frameborder="0" allow="accelerometer; autoplay; clipboard-write; encrypted-media; gyroscope; picture-in-picture; web-share" referrerpolicy="strict-origin-when-cross-origin" allowfullscreen></iframe></p>
<p>&nbsp;</p>

<p>Terroríficamente Lys: Los cómplices + Psicosis en VOSE Jueves, 19 de septiembre 20:30h Únete a nuestra Newsletter de Terror donde podrás votar los cortos, elegir películas, y ganar entradas El&hellip; <a class="more-link" href="https://cineslys.com/val/calendario/terrorificamente-lys-psicosis/">Continue reading <span class="screen-reader-text">Terroríficamente Lys: Psicosis</span></a></p>
