									
{"id":5197,"date":"2024-08-27T14:58:22","date_gmt":"2024-08-27T14:58:22","guid":{"rendered":"https:\/\/cineslys.com\/?post_type=tribe_events&#038;p=5197"},"modified":"2024-08-28T07:50:12","modified_gmt":"2024-08-28T07:50:12","slug":"version-digital-aida","status":"publish","type":"tribe_events","link":"https:\/\/cineslys.com\/val\/calendario\/version-digital-aida\/","title":{"rendered":"Versi\u00f3n Digital: Aida"},"content":{"rendered":"<h3><b>Aida<\/b><\/h3>\n<h3>Jueves, 5 de septiembre de 2024<\/h3>\n<p><strong>Desde el <\/strong><strong>ST. MARGARETHEN FESTIVAL. Aida<\/strong><\/p>\n<p>El Festival de \u00d3pera de St. Margarethen, les invita a un viaje en el tiempo al Egipto de los faraones para sumergirse en la dram\u00e1tica historia de amor entre la sirvienta Aida y el capit\u00e1n Radam\u00e9s. Una mirada \u00e9pica, con efectos especiales de pirotecnia, caballos, elefantes, una escenograf\u00eda imponente y m\u00e1s de 400 participantes entre solistas, coro, ballet y orquesta. El director Robert Dornhelm logr\u00f3, con su opulenta puesta en escena mostrar la grandeza de estrellas de la \u00f3pera como Kristin Lewis, Martin Muehle y Annunziata Vestri. Una representaci\u00f3n \u00fanica del cl\u00e1sico del maestro italiano Verdi bajo la direcci\u00f3n musical de Alfred Eschw\u00e9 Entre las monta\u00f1as Leithagebirge y el lago Neusiedl, se encuentran las impresionantes Rust Hills. La UNESCO declaro la regi\u00f3n y la cantera de St. Margarethen Patrimonio de la Humanidad. Desde 1996, la cantera ha sido un punto de encuentro clave para los amantes de la \u00f3pera de toda Europa.<\/p>\n<p>\u00d3pera en diferido<br \/>\nJueves 5 de septiembre, 19:35h<\/p>\n<p><a href=\"https:\/\/www.reservaentradas.com\/entrada\/valencia\/cineslys\/aida-st-margarethen-festival\/349527\/?step=2\" rel=\"nofollow noopener\" target=\"_blank\"> <button>Comprar entradas<\/button> <\/a><\/p>","protected":false},"excerpt":{"rendered":"<p>Aida Jueves, 5 de septiembre de 2024 Desde el ST. MARGARETHEN FESTIVAL. Aida El Festival de \u00d3pera de St. Margarethen, les invita a un viaje en el tiempo al Egipto&hellip; <a class=\"more-link\" href=\"https:\/\/cineslys.com\/val\/calendario\/version-digital-aida\/\">Continue reading <span class=\"screen-reader-text\">Versi\u00f3n Digital: Aida<\/span><\/a><\/p>","protected":false},"author":1,"featured_media":5198,"template":"","meta":{"_tribe_events_status":"","_tribe_events_status_reason":"","footnotes":""},"tags":[],"tribe_events_cat":[],"class_list":["post-5197","tribe_events","type-tribe_events","status-publish","has-post-thumbnail","hentry","entry"],"_links":{"self":[{"href":"https:\/\/cineslys.com\/val\/wp-json\/wp\/v2\/tribe_events\/5197","targetHints":{"allow":["GET"]}}],"collection":[{"href":"https:\/\/cineslys.com\/val\/wp-json\/wp\/v2\/tribe_events"}],"about":[{"href":"https:\/\/cineslys.com\/val\/wp-json\/wp\/v2\/types\/tribe_events"}],"author":[{"embeddable":true,"href":"https:\/\/cineslys.com\/val\/wp-json\/wp\/v2\/users\/1"}],"version-history":[{"count":0,"href":"https:\/\/cineslys.com\/val\/wp-json\/wp\/v2\/tribe_events\/5197\/revisions"}],"wp:featuredmedia":[{"embeddable":true,"href":"https:\/\/cineslys.com\/val\/wp-json\/wp\/v2\/media\/5198"}],"wp:attachment":[{"href":"https:\/\/cineslys.com\/val\/wp-json\/wp\/v2\/media?parent=5197"}],"wp:term":[{"taxonomy":"post_tag","embeddable":true,"href":"https:\/\/cineslys.com\/val\/wp-json\/wp\/v2\/tags?post=5197"},{"taxonomy":"tribe_events_cat","embeddable":true,"href":"https:\/\/cineslys.com\/val\/wp-json\/wp\/v2\/tribe_events_cat?post=5197"}],"curies":[{"name":"wp","href":"https:\/\/api.w.org\/{rel}","templated":true}]}}

Versión Digital: Aida

<h3><b>Aida</b></h3>
<h3>Jueves, 5 de septiembre de 2024</h3>
<p><strong>Desde el </strong><strong>ST. MARGARETHEN FESTIVAL. Aida</strong></p>
<p>El Festival de Ópera de St. Margarethen, les invita a un viaje en el tiempo al Egipto de los faraones para sumergirse en la dramática historia de amor entre la sirvienta Aida y el capitán Radamés. Una mirada épica, con efectos especiales de pirotecnia, caballos, elefantes, una escenografía imponente y más de 400 participantes entre solistas, coro, ballet y orquesta. El director Robert Dornhelm logró, con su opulenta puesta en escena mostrar la grandeza de estrellas de la ópera como Kristin Lewis, Martin Muehle y Annunziata Vestri. Una representación única del clásico del maestro italiano Verdi bajo la dirección musical de Alfred Eschwé Entre las montañas Leithagebirge y el lago Neusiedl, se encuentran las impresionantes Rust Hills. La UNESCO declaro la región y la cantera de St. Margarethen Patrimonio de la Humanidad. Desde 1996, la cantera ha sido un punto de encuentro clave para los amantes de la ópera de toda Europa.</p>
<p>Ópera en diferido<br />
Jueves 5 de septiembre, 19:35h</p>
<p><a href="https://www.reservaentradas.com/entrada/valencia/cineslys/aida-st-margarethen-festival/349527/?step=2" rel="nofollow noopener" target="_blank"> <button>Comprar entradas</button> </a></p>

<p>Aida Jueves, 5 de septiembre de 2024 Desde el ST. MARGARETHEN FESTIVAL. Aida El Festival de Ópera de St. Margarethen, les invita a un viaje en el tiempo al Egipto&hellip; <a class="more-link" href="https://cineslys.com/val/calendario/version-digital-aida/">Continue reading <span class="screen-reader-text">Versión Digital: Aida</span></a></p>
