									
{"id":5258,"date":"2024-12-18T08:54:29","date_gmt":"2024-12-18T08:54:29","guid":{"rendered":"https:\/\/cineslys.com\/?post_type=tribe_events&#038;p=5258"},"modified":"2024-12-18T08:54:29","modified_gmt":"2024-12-18T08:54:29","slug":"version-digital-concierto-en-directo-de-fin-de-ano","status":"publish","type":"tribe_events","link":"https:\/\/cineslys.com\/val\/calendario\/version-digital-concierto-en-directo-de-fin-de-ano\/","title":{"rendered":"Versi\u00f3n Digital: Concierto en directo de fin de a\u00f1o"},"content":{"rendered":"<h3><strong>Concierto de fin de a\u00f1o<\/strong><br \/>\nMartes, 31 de diciembre de 2024 &#8211; 17:30h<\/h3>\n<p><strong>En directo desde Filarm\u00f3nica de Berl\u00edn<\/strong><\/p>\n<p>Despide el a\u00f1o con una noche de m\u00fasica cl\u00e1sica excepcional, donde Daniil Trifonov y la Filarm\u00f3nica de Berl\u00edn te llevar\u00e1n a un viaje inolvidable con Brahms y Strauss.<\/p>\n<p>Este Concierto de Nochevieja no es solo una oportunidad para disfrutar de una incre\u00edble actuaci\u00f3n musical, sino tambi\u00e9n una experiencia visual y sensorial que solo el cine puede ofrecer.<\/p>\n<p><a href=\"https:\/\/www.reservaentradas.com\/entrada\/valencia\/cineslys\/concierto-en-directo-de-fin-de-ano-31-12-24\/352848\/?step=2\" rel=\"nofollow noopener\" target=\"_blank\"> <button>Reservar entradas<\/button> <\/a><\/p>\n<p><iframe title=\"CONCIERTO DE NOCHEVIEJA - FILARM\u00d3NICA DE BERL\u00cdN. En Directo en Cines el 31 de Diciembre, 17:30h.\" width=\"750\" height=\"422\" src=\"https:\/\/www.youtube.com\/embed\/llikTEg1uYk?feature=oembed\" frameborder=\"0\" allow=\"accelerometer; autoplay; clipboard-write; encrypted-media; gyroscope; picture-in-picture; web-share\" referrerpolicy=\"strict-origin-when-cross-origin\" allowfullscreen><\/iframe><\/p>","protected":false},"excerpt":{"rendered":"<p>Concierto de fin de a\u00f1o Martes, 31 de diciembre de 2024 &#8211; 17:30h En directo desde Filarm\u00f3nica de Berl\u00edn Despide el a\u00f1o con una noche de m\u00fasica cl\u00e1sica excepcional, donde&hellip; <a class=\"more-link\" href=\"https:\/\/cineslys.com\/val\/calendario\/version-digital-concierto-en-directo-de-fin-de-ano\/\">Continue reading <span class=\"screen-reader-text\">Versi\u00f3n Digital: Concierto en directo de fin de a\u00f1o<\/span><\/a><\/p>","protected":false},"author":1,"featured_media":5259,"template":"","meta":{"_tribe_events_status":"","_tribe_events_status_reason":"","footnotes":""},"tags":[],"tribe_events_cat":[25,24],"class_list":["post-5258","tribe_events","type-tribe_events","status-publish","has-post-thumbnail","hentry","tribe_events_cat-conciertos-en-cine","tribe_events_cat-eventos","cat_conciertos-en-cine","cat_eventos","entry"],"_links":{"self":[{"href":"https:\/\/cineslys.com\/val\/wp-json\/wp\/v2\/tribe_events\/5258","targetHints":{"allow":["GET"]}}],"collection":[{"href":"https:\/\/cineslys.com\/val\/wp-json\/wp\/v2\/tribe_events"}],"about":[{"href":"https:\/\/cineslys.com\/val\/wp-json\/wp\/v2\/types\/tribe_events"}],"author":[{"embeddable":true,"href":"https:\/\/cineslys.com\/val\/wp-json\/wp\/v2\/users\/1"}],"version-history":[{"count":0,"href":"https:\/\/cineslys.com\/val\/wp-json\/wp\/v2\/tribe_events\/5258\/revisions"}],"wp:featuredmedia":[{"embeddable":true,"href":"https:\/\/cineslys.com\/val\/wp-json\/wp\/v2\/media\/5259"}],"wp:attachment":[{"href":"https:\/\/cineslys.com\/val\/wp-json\/wp\/v2\/media?parent=5258"}],"wp:term":[{"taxonomy":"post_tag","embeddable":true,"href":"https:\/\/cineslys.com\/val\/wp-json\/wp\/v2\/tags?post=5258"},{"taxonomy":"tribe_events_cat","embeddable":true,"href":"https:\/\/cineslys.com\/val\/wp-json\/wp\/v2\/tribe_events_cat?post=5258"}],"curies":[{"name":"wp","href":"https:\/\/api.w.org\/{rel}","templated":true}]}}

Versión Digital: Concierto en directo de fin de año

<h3><strong>Concierto de fin de año</strong><br />
Martes, 31 de diciembre de 2024 &#8211; 17:30h</h3>
<p><strong>En directo desde Filarmónica de Berlín</strong></p>
<p>Despide el año con una noche de música clásica excepcional, donde Daniil Trifonov y la Filarmónica de Berlín te llevarán a un viaje inolvidable con Brahms y Strauss.</p>
<p>Este Concierto de Nochevieja no es solo una oportunidad para disfrutar de una increíble actuación musical, sino también una experiencia visual y sensorial que solo el cine puede ofrecer.</p>
<p><a href="https://www.reservaentradas.com/entrada/valencia/cineslys/concierto-en-directo-de-fin-de-ano-31-12-24/352848/?step=2" rel="nofollow noopener" target="_blank"> <button>Reservar entradas</button> </a></p>
<p><iframe title="CONCIERTO DE NOCHEVIEJA - FILARMÓNICA DE BERLÍN. En Directo en Cines el 31 de Diciembre, 17:30h." width="750" height="422" src="https://www.youtube.com/embed/llikTEg1uYk?feature=oembed" frameborder="0" allow="accelerometer; autoplay; clipboard-write; encrypted-media; gyroscope; picture-in-picture; web-share" referrerpolicy="strict-origin-when-cross-origin" allowfullscreen></iframe></p>

<p>Concierto de fin de año Martes, 31 de diciembre de 2024 &#8211; 17:30h En directo desde Filarmónica de Berlín Despide el año con una noche de música clásica excepcional, donde&hellip; <a class="more-link" href="https://cineslys.com/val/calendario/version-digital-concierto-en-directo-de-fin-de-ano/">Continue reading <span class="screen-reader-text">Versión Digital: Concierto en directo de fin de año</span></a></p>
