									
{"id":5262,"date":"2024-08-28T08:10:10","date_gmt":"2024-08-28T08:10:10","guid":{"rendered":"https:\/\/cineslys.com\/?post_type=tribe_events&#038;p=5262"},"modified":"2024-08-28T08:13:02","modified_gmt":"2024-08-28T08:13:02","slug":"version-digital-don-carlo","status":"publish","type":"tribe_events","link":"https:\/\/cineslys.com\/val\/calendario\/version-digital-don-carlo\/","title":{"rendered":"Versi\u00f3n Digital: Don Carlo"},"content":{"rendered":"<h3><strong>Don Carlo<\/strong><br \/>\nJueves, 26 de septiembre de 2024<\/h3>\n<p><strong>Desde la ABAD\u00cdA DE KLOSTERNEUBURG. Don Carlo<\/strong><\/p>\n<p>Una historia \u00e9pica de amor, lealtad y sacrificio donde los conflictos pol\u00edticos y las pasiones humanas se entrelazan en la corte espa\u00f1ola del siglo XVI. Esta obra maestra de Verdi sigue los dramas personales y pol\u00edticos del pr\u00edncipe Don Carlo, su amor prohibido por la princesa Elisabetta y su lucha por la libertad en medio de la opresi\u00f3n.<\/p>\n<p><strong>Jueves, 26 de septiembre de 2024<\/strong><br \/>\n<strong>\u00d3pera en diferido<\/strong><\/p>\n<p><a href=\"https:\/\/www.reservaentradas.com\/entrada\/valencia\/cineslys\/opera-don-carlo-26-09-24\/352837\/?step=2\" rel=\"nofollow noopener\" target=\"_blank\"> <button>Comprar entradas<\/button> <\/a><\/p>","protected":false},"excerpt":{"rendered":"<p>Don Carlo Jueves, 26 de septiembre de 2024 Desde la ABAD\u00cdA DE KLOSTERNEUBURG. Don Carlo Una historia \u00e9pica de amor, lealtad y sacrificio donde los conflictos pol\u00edticos y las pasiones&hellip; <a class=\"more-link\" href=\"https:\/\/cineslys.com\/val\/calendario\/version-digital-don-carlo\/\">Continue reading <span class=\"screen-reader-text\">Versi\u00f3n Digital: Don Carlo<\/span><\/a><\/p>","protected":false},"author":1,"featured_media":5264,"template":"","meta":{"_tribe_events_status":"","_tribe_events_status_reason":"","footnotes":""},"tags":[],"tribe_events_cat":[],"class_list":["post-5262","tribe_events","type-tribe_events","status-publish","has-post-thumbnail","hentry","entry"],"_links":{"self":[{"href":"https:\/\/cineslys.com\/val\/wp-json\/wp\/v2\/tribe_events\/5262","targetHints":{"allow":["GET"]}}],"collection":[{"href":"https:\/\/cineslys.com\/val\/wp-json\/wp\/v2\/tribe_events"}],"about":[{"href":"https:\/\/cineslys.com\/val\/wp-json\/wp\/v2\/types\/tribe_events"}],"author":[{"embeddable":true,"href":"https:\/\/cineslys.com\/val\/wp-json\/wp\/v2\/users\/1"}],"version-history":[{"count":0,"href":"https:\/\/cineslys.com\/val\/wp-json\/wp\/v2\/tribe_events\/5262\/revisions"}],"wp:featuredmedia":[{"embeddable":true,"href":"https:\/\/cineslys.com\/val\/wp-json\/wp\/v2\/media\/5264"}],"wp:attachment":[{"href":"https:\/\/cineslys.com\/val\/wp-json\/wp\/v2\/media?parent=5262"}],"wp:term":[{"taxonomy":"post_tag","embeddable":true,"href":"https:\/\/cineslys.com\/val\/wp-json\/wp\/v2\/tags?post=5262"},{"taxonomy":"tribe_events_cat","embeddable":true,"href":"https:\/\/cineslys.com\/val\/wp-json\/wp\/v2\/tribe_events_cat?post=5262"}],"curies":[{"name":"wp","href":"https:\/\/api.w.org\/{rel}","templated":true}]}}

Versión Digital: Don Carlo

<h3><strong>Don Carlo</strong><br />
Jueves, 26 de septiembre de 2024</h3>
<p><strong>Desde la ABADÍA DE KLOSTERNEUBURG. Don Carlo</strong></p>
<p>Una historia épica de amor, lealtad y sacrificio donde los conflictos políticos y las pasiones humanas se entrelazan en la corte española del siglo XVI. Esta obra maestra de Verdi sigue los dramas personales y políticos del príncipe Don Carlo, su amor prohibido por la princesa Elisabetta y su lucha por la libertad en medio de la opresión.</p>
<p><strong>Jueves, 26 de septiembre de 2024</strong><br />
<strong>Ópera en diferido</strong></p>
<p><a href="https://www.reservaentradas.com/entrada/valencia/cineslys/opera-don-carlo-26-09-24/352837/?step=2" rel="nofollow noopener" target="_blank"> <button>Comprar entradas</button> </a></p>

<p>Don Carlo Jueves, 26 de septiembre de 2024 Desde la ABADÍA DE KLOSTERNEUBURG. Don Carlo Una historia épica de amor, lealtad y sacrificio donde los conflictos políticos y las pasiones&hellip; <a class="more-link" href="https://cineslys.com/val/calendario/version-digital-don-carlo/">Continue reading <span class="screen-reader-text">Versión Digital: Don Carlo</span></a></p>
