									
{"id":5417,"date":"2024-09-10T15:46:16","date_gmt":"2024-09-10T15:46:16","guid":{"rendered":"https:\/\/cineslys.com\/?post_type=tribe_events&#038;p=5417"},"modified":"2024-09-10T15:54:46","modified_gmt":"2024-09-10T15:54:46","slug":"cine-club-lys-el-47-con-marcel-barrena","status":"publish","type":"tribe_events","link":"https:\/\/cineslys.com\/val\/calendario\/cine-club-lys-el-47-con-marcel-barrena\/","title":{"rendered":"Cine Club Lys: \u00abEl 47\u00bb con Marcel Barrena"},"content":{"rendered":"<h3><b>Cine Club Lys: El 47<\/b><\/h3>\n<h3>Lunes 23 de septiembre 16:30h &#8211; 19:30h (VOSE)<\/h3>\n<h6><a href=\"https:\/\/cineclublys.com\/matricula\/\" rel=\"nofollow noopener\" target=\"_blank\"><span style=\"color: #de0000;\">Matr\u00edcula abierta Cine Club Lys 2024-2025<\/span><\/a><\/h6>\n<p><strong>Sinopsis<\/strong>: \u00abEl 47\u00bb cuenta la historia de un acto de disidencia pac\u00edfica y el movimiento vecinal de base que en 1978 transform\u00f3 Barcelona y cambi\u00f3 la imagen de sus suburbios para siempre. Manolo Vital era un conductor de autob\u00fas que se adue\u00f1aba del bus de la l\u00ednea 47 para desmontar una mentira que el Ayuntamiento se empe\u00f1aba en repetir: los autobuses no pod\u00edan subir las cuestas del distrito de Torre Bar\u00f3. Un acto de rebeld\u00eda que demostr\u00f3 ser un catalizador para el cambio, de que las personas se enorgullecen de sus ra\u00edces, de una lucha del vecindario, de la clase trabajadora que ayud\u00f3 a crear la Barcelona moderna de los a\u00f1os 70.<\/p>\n<p><a href=\"https:\/\/www.reservaentradas.com\/sesiones\/valencia\/cineslys\/el-47-marcel-barrena\/6297\/\" rel=\"nofollow noopener\" target=\"_blank\"> <button>Reserva tu entrada<\/button> <\/a><\/p>\n<p><iframe title=\"Cita a ciegas con el cine: El 47. Estreno 6 de septiembre\" width=\"750\" height=\"422\" src=\"https:\/\/www.youtube.com\/embed\/SrwoBKFxsE0?feature=oembed\" frameborder=\"0\" allow=\"accelerometer; autoplay; clipboard-write; encrypted-media; gyroscope; picture-in-picture; web-share\" referrerpolicy=\"strict-origin-when-cross-origin\" allowfullscreen><\/iframe><\/p>","protected":false},"excerpt":{"rendered":"<p>Cine Club Lys: El 47 Lunes 23 de septiembre 16:30h &#8211; 19:30h (VOSE) Matr\u00edcula abierta Cine Club Lys 2024-2025 Sinopsis: \u00abEl 47\u00bb cuenta la historia de un acto de disidencia&hellip; <a class=\"more-link\" href=\"https:\/\/cineslys.com\/val\/calendario\/cine-club-lys-el-47-con-marcel-barrena\/\">Continue reading <span class=\"screen-reader-text\">Cine Club Lys: \u00abEl 47\u00bb con Marcel Barrena<\/span><\/a><\/p>","protected":false},"author":1,"featured_media":5418,"template":"","meta":{"_tribe_events_status":"","_tribe_events_status_reason":"","footnotes":""},"tags":[],"tribe_events_cat":[18,19],"class_list":["post-5417","tribe_events","type-tribe_events","status-publish","has-post-thumbnail","hentry","tribe_events_cat-cine-club","tribe_events_cat-visita-de-directores","cat_cine-club","cat_visita-de-directores","entry"],"_links":{"self":[{"href":"https:\/\/cineslys.com\/val\/wp-json\/wp\/v2\/tribe_events\/5417","targetHints":{"allow":["GET"]}}],"collection":[{"href":"https:\/\/cineslys.com\/val\/wp-json\/wp\/v2\/tribe_events"}],"about":[{"href":"https:\/\/cineslys.com\/val\/wp-json\/wp\/v2\/types\/tribe_events"}],"author":[{"embeddable":true,"href":"https:\/\/cineslys.com\/val\/wp-json\/wp\/v2\/users\/1"}],"version-history":[{"count":0,"href":"https:\/\/cineslys.com\/val\/wp-json\/wp\/v2\/tribe_events\/5417\/revisions"}],"wp:featuredmedia":[{"embeddable":true,"href":"https:\/\/cineslys.com\/val\/wp-json\/wp\/v2\/media\/5418"}],"wp:attachment":[{"href":"https:\/\/cineslys.com\/val\/wp-json\/wp\/v2\/media?parent=5417"}],"wp:term":[{"taxonomy":"post_tag","embeddable":true,"href":"https:\/\/cineslys.com\/val\/wp-json\/wp\/v2\/tags?post=5417"},{"taxonomy":"tribe_events_cat","embeddable":true,"href":"https:\/\/cineslys.com\/val\/wp-json\/wp\/v2\/tribe_events_cat?post=5417"}],"curies":[{"name":"wp","href":"https:\/\/api.w.org\/{rel}","templated":true}]}}

<h3><b>Cine Club Lys: El 47</b></h3>
<h3>Lunes 23 de septiembre 16:30h &#8211; 19:30h (VOSE)</h3>
<h6><a href="https://cineclublys.com/matricula/" rel="nofollow noopener" target="_blank"><span style="color: #de0000;">Matrícula abierta Cine Club Lys 2024-2025</span></a></h6>
<p><strong>Sinopsis</strong>: «El 47» cuenta la historia de un acto de disidencia pacífica y el movimiento vecinal de base que en 1978 transformó Barcelona y cambió la imagen de sus suburbios para siempre. Manolo Vital era un conductor de autobús que se adueñaba del bus de la línea 47 para desmontar una mentira que el Ayuntamiento se empeñaba en repetir: los autobuses no podían subir las cuestas del distrito de Torre Baró. Un acto de rebeldía que demostró ser un catalizador para el cambio, de que las personas se enorgullecen de sus raíces, de una lucha del vecindario, de la clase trabajadora que ayudó a crear la Barcelona moderna de los años 70.</p>
<p><a href="https://www.reservaentradas.com/sesiones/valencia/cineslys/el-47-marcel-barrena/6297/" rel="nofollow noopener" target="_blank"> <button>Reserva tu entrada</button> </a></p>
<p><iframe title="Cita a ciegas con el cine: El 47. Estreno 6 de septiembre" width="750" height="422" src="https://www.youtube.com/embed/SrwoBKFxsE0?feature=oembed" frameborder="0" allow="accelerometer; autoplay; clipboard-write; encrypted-media; gyroscope; picture-in-picture; web-share" referrerpolicy="strict-origin-when-cross-origin" allowfullscreen></iframe></p>

<p>Cine Club Lys: El 47 Lunes 23 de septiembre 16:30h &#8211; 19:30h (VOSE) Matrícula abierta Cine Club Lys 2024-2025 Sinopsis: «El 47» cuenta la historia de un acto de disidencia&hellip; <a class="more-link" href="https://cineslys.com/val/calendario/cine-club-lys-el-47-con-marcel-barrena/">Continue reading <span class="screen-reader-text">Cine Club Lys: «El 47» con Marcel Barrena</span></a></p>
