									
{"id":5419,"date":"2024-09-10T15:51:44","date_gmt":"2024-09-10T15:51:44","guid":{"rendered":"https:\/\/cineslys.com\/?post_type=tribe_events&#038;p=5419"},"modified":"2024-09-20T09:14:33","modified_gmt":"2024-09-20T09:14:33","slug":"proyecto-viridiana-los-destellos-con-coloquio-online-de-pilar-palomero","status":"publish","type":"tribe_events","link":"https:\/\/cineslys.com\/val\/calendario\/proyecto-viridiana-los-destellos-con-coloquio-online-de-pilar-palomero\/","title":{"rendered":"Proyecto Viridiana \u00abLos destellos\u00bb con coloquio online de Pilar Palomero"},"content":{"rendered":"<h3><b>Proyecto Viridiana: \u00abLos destellos\u00bb con Pilar Palomero<\/b><\/h3>\n<h3>Martes, 24 de septiembre 19:30h<\/h3>\n<p>Nuevo pase de \u00abProyecto Viridiana\u00bb para promocionar el cine espa\u00f1ol y europeo independiente. En este caso, contaremos con la directora Pilar Palomero qui\u00e9n har\u00e1 coloquio online desde Renoir Floridablanca (Barcelona). Los espectadores de Cines Lys podr\u00e1n mandar sus preguntas desde una QR que se proyectar\u00e1 antes de comenzar la pel\u00edcula, as\u00ed como durante el coloquio.<\/p>\n<p><strong>Sinopsis<\/strong>: La vida de Isabel da un inesperado giro el d\u00eda en que su hija Madalen le pide que visite regularmente a Ram\u00f3n, que se encuentra enfermo. Tras quince a\u00f1os alejada de su exmarido, un hombre al que ve como a un desconocido pese a que fueron familia durante a\u00f1os, en Isabel comienzan a reavivarse resentimientos que cre\u00eda superados. Sin embargo, al acompa\u00f1ar a Ram\u00f3n en su momento m\u00e1s vulnerable, Isabel conseguir\u00e1 ver con otros ojos el fracaso que vivieron para centrarse en el presente de su propia vida.<\/p>\n<p><a href=\"https:\/\/www.reservaentradas.com\/sesiones\/valencia\/cineslys\/proyecto-viridiana-los-destellos\/6288?proximamente=true&#038;\" rel=\"nofollow noopener\" target=\"_blank\"> <button>Reserva tu entrada<\/button> <\/a><br \/>\n<iframe title=\"Tr\u00e1iler Los destellos de Pilar Palomero \/ Estreno 04 de octubre\" width=\"750\" height=\"422\" src=\"https:\/\/www.youtube.com\/embed\/7x0y7kvdvcI?feature=oembed\" frameborder=\"0\" allow=\"accelerometer; autoplay; clipboard-write; encrypted-media; gyroscope; picture-in-picture; web-share\" referrerpolicy=\"strict-origin-when-cross-origin\" allowfullscreen><\/iframe><\/p>","protected":false},"excerpt":{"rendered":"<p>Proyecto Viridiana: \u00abLos destellos\u00bb con Pilar Palomero Martes, 24 de septiembre 19:30h Nuevo pase de \u00abProyecto Viridiana\u00bb para promocionar el cine espa\u00f1ol y europeo independiente. En este caso, contaremos con&hellip; <a class=\"more-link\" href=\"https:\/\/cineslys.com\/val\/calendario\/proyecto-viridiana-los-destellos-con-coloquio-online-de-pilar-palomero\/\">Continue reading <span class=\"screen-reader-text\">Proyecto Viridiana \u00abLos destellos\u00bb con coloquio online de Pilar Palomero<\/span><\/a><\/p>","protected":false},"author":1,"featured_media":5424,"template":"","meta":{"_tribe_events_status":"","_tribe_events_status_reason":"","footnotes":""},"tags":[],"tribe_events_cat":[32],"class_list":["post-5419","tribe_events","type-tribe_events","status-publish","has-post-thumbnail","hentry","tribe_events_cat-proyecto-viridiana","cat_proyecto-viridiana","entry"],"_links":{"self":[{"href":"https:\/\/cineslys.com\/val\/wp-json\/wp\/v2\/tribe_events\/5419","targetHints":{"allow":["GET"]}}],"collection":[{"href":"https:\/\/cineslys.com\/val\/wp-json\/wp\/v2\/tribe_events"}],"about":[{"href":"https:\/\/cineslys.com\/val\/wp-json\/wp\/v2\/types\/tribe_events"}],"author":[{"embeddable":true,"href":"https:\/\/cineslys.com\/val\/wp-json\/wp\/v2\/users\/1"}],"version-history":[{"count":0,"href":"https:\/\/cineslys.com\/val\/wp-json\/wp\/v2\/tribe_events\/5419\/revisions"}],"wp:featuredmedia":[{"embeddable":true,"href":"https:\/\/cineslys.com\/val\/wp-json\/wp\/v2\/media\/5424"}],"wp:attachment":[{"href":"https:\/\/cineslys.com\/val\/wp-json\/wp\/v2\/media?parent=5419"}],"wp:term":[{"taxonomy":"post_tag","embeddable":true,"href":"https:\/\/cineslys.com\/val\/wp-json\/wp\/v2\/tags?post=5419"},{"taxonomy":"tribe_events_cat","embeddable":true,"href":"https:\/\/cineslys.com\/val\/wp-json\/wp\/v2\/tribe_events_cat?post=5419"}],"curies":[{"name":"wp","href":"https:\/\/api.w.org\/{rel}","templated":true}]}}

<h3><b>Proyecto Viridiana: «Los destellos» con Pilar Palomero</b></h3>
<h3>Martes, 24 de septiembre 19:30h</h3>
<p>Nuevo pase de «Proyecto Viridiana» para promocionar el cine español y europeo independiente. En este caso, contaremos con la directora Pilar Palomero quién hará coloquio online desde Renoir Floridablanca (Barcelona). Los espectadores de Cines Lys podrán mandar sus preguntas desde una QR que se proyectará antes de comenzar la película, así como durante el coloquio.</p>
<p><strong>Sinopsis</strong>: La vida de Isabel da un inesperado giro el día en que su hija Madalen le pide que visite regularmente a Ramón, que se encuentra enfermo. Tras quince años alejada de su exmarido, un hombre al que ve como a un desconocido pese a que fueron familia durante años, en Isabel comienzan a reavivarse resentimientos que creía superados. Sin embargo, al acompañar a Ramón en su momento más vulnerable, Isabel conseguirá ver con otros ojos el fracaso que vivieron para centrarse en el presente de su propia vida.</p>
<p><a href="https://www.reservaentradas.com/sesiones/valencia/cineslys/proyecto-viridiana-los-destellos/6288?proximamente=true&#038;" rel="nofollow noopener" target="_blank"> <button>Reserva tu entrada</button> </a><br />
<iframe title="Tráiler Los destellos de Pilar Palomero / Estreno 04 de octubre" width="750" height="422" src="https://www.youtube.com/embed/7x0y7kvdvcI?feature=oembed" frameborder="0" allow="accelerometer; autoplay; clipboard-write; encrypted-media; gyroscope; picture-in-picture; web-share" referrerpolicy="strict-origin-when-cross-origin" allowfullscreen></iframe></p>

<p>Proyecto Viridiana: «Los destellos» con Pilar Palomero Martes, 24 de septiembre 19:30h Nuevo pase de «Proyecto Viridiana» para promocionar el cine español y europeo independiente. En este caso, contaremos con&hellip; <a class="more-link" href="https://cineslys.com/val/calendario/proyecto-viridiana-los-destellos-con-coloquio-online-de-pilar-palomero/">Continue reading <span class="screen-reader-text">Proyecto Viridiana «Los destellos» con coloquio online de Pilar Palomero</span></a></p>
