									
{"id":5421,"date":"2024-09-10T15:50:05","date_gmt":"2024-09-10T15:50:05","guid":{"rendered":"https:\/\/cineslys.com\/?post_type=tribe_events&#038;p=5421"},"modified":"2024-09-19T10:53:28","modified_gmt":"2024-09-19T10:53:28","slug":"cine-club-lys-los-destellos-con-pilar-palomero","status":"publish","type":"tribe_events","link":"https:\/\/cineslys.com\/val\/calendario\/cine-club-lys-los-destellos-con-pilar-palomero\/","title":{"rendered":"Cine Club Lys: \u00abLos destellos\u00bb con Pilar Palomero"},"content":{"rendered":"<h3><b>Cine Club Lys: Los destellos con Pilar Palomero<\/b><\/h3>\n<h3>Lunes 30 de septiembre 16:30h &#8211; 19:30h<\/h3>\n<h6><a href=\"https:\/\/cineclublys.com\/matricula\/\" rel=\"nofollow noopener\" target=\"_blank\"><span style=\"color: #de0000;\">Matr\u00edcula abierta Cine Club Lys 2024-2025<\/span><\/a><\/h6>\n<p><strong>Sinopsis<\/strong>: La vida de Isabel da un inesperado giro el d\u00eda en que su hija Madalen le pide que visite regularmente a Ram\u00f3n, que se encuentra enfermo. Tras quince a\u00f1os alejada de su exmarido, un hombre al que ve como a un desconocido pese a que fueron familia durante a\u00f1os, en Isabel comienzan a reavivarse resentimientos que cre\u00eda superados. Sin embargo, al acompa\u00f1ar a Ram\u00f3n en su momento m\u00e1s vulnerable, Isabel conseguir\u00e1 ver con otros ojos el fracaso que vivieron para centrarse en el presente de su propia vida.<\/p>\n<p><a href=\"https:\/\/www.reservaentradas.com\/sesiones\/valencia\/cineslys\/cine-club-lys-los-destellos\/6298\" rel=\"nofollow noopener\" target=\"_blank\"> <button>Reserva tu entrada<\/button> <\/a><\/p>","protected":false},"excerpt":{"rendered":"<p>Cine Club Lys: Los destellos con Pilar Palomero Lunes 30 de septiembre 16:30h &#8211; 19:30h Matr\u00edcula abierta Cine Club Lys 2024-2025 Sinopsis: La vida de Isabel da un inesperado giro&hellip; <a class=\"more-link\" href=\"https:\/\/cineslys.com\/val\/calendario\/cine-club-lys-los-destellos-con-pilar-palomero\/\">Continue reading <span class=\"screen-reader-text\">Cine Club Lys: \u00abLos destellos\u00bb con Pilar Palomero<\/span><\/a><\/p>","protected":false},"author":1,"featured_media":5422,"template":"","meta":{"_tribe_events_status":"","_tribe_events_status_reason":"","footnotes":""},"tags":[],"tribe_events_cat":[18,19],"class_list":["post-5421","tribe_events","type-tribe_events","status-publish","has-post-thumbnail","hentry","tribe_events_cat-cine-club","tribe_events_cat-visita-de-directores","cat_cine-club","cat_visita-de-directores","entry"],"_links":{"self":[{"href":"https:\/\/cineslys.com\/val\/wp-json\/wp\/v2\/tribe_events\/5421","targetHints":{"allow":["GET"]}}],"collection":[{"href":"https:\/\/cineslys.com\/val\/wp-json\/wp\/v2\/tribe_events"}],"about":[{"href":"https:\/\/cineslys.com\/val\/wp-json\/wp\/v2\/types\/tribe_events"}],"author":[{"embeddable":true,"href":"https:\/\/cineslys.com\/val\/wp-json\/wp\/v2\/users\/1"}],"version-history":[{"count":0,"href":"https:\/\/cineslys.com\/val\/wp-json\/wp\/v2\/tribe_events\/5421\/revisions"}],"wp:featuredmedia":[{"embeddable":true,"href":"https:\/\/cineslys.com\/val\/wp-json\/wp\/v2\/media\/5422"}],"wp:attachment":[{"href":"https:\/\/cineslys.com\/val\/wp-json\/wp\/v2\/media?parent=5421"}],"wp:term":[{"taxonomy":"post_tag","embeddable":true,"href":"https:\/\/cineslys.com\/val\/wp-json\/wp\/v2\/tags?post=5421"},{"taxonomy":"tribe_events_cat","embeddable":true,"href":"https:\/\/cineslys.com\/val\/wp-json\/wp\/v2\/tribe_events_cat?post=5421"}],"curies":[{"name":"wp","href":"https:\/\/api.w.org\/{rel}","templated":true}]}}

<h3><b>Cine Club Lys: Los destellos con Pilar Palomero</b></h3>
<h3>Lunes 30 de septiembre 16:30h &#8211; 19:30h</h3>
<h6><a href="https://cineclublys.com/matricula/" rel="nofollow noopener" target="_blank"><span style="color: #de0000;">Matrícula abierta Cine Club Lys 2024-2025</span></a></h6>
<p><strong>Sinopsis</strong>: La vida de Isabel da un inesperado giro el día en que su hija Madalen le pide que visite regularmente a Ramón, que se encuentra enfermo. Tras quince años alejada de su exmarido, un hombre al que ve como a un desconocido pese a que fueron familia durante años, en Isabel comienzan a reavivarse resentimientos que creía superados. Sin embargo, al acompañar a Ramón en su momento más vulnerable, Isabel conseguirá ver con otros ojos el fracaso que vivieron para centrarse en el presente de su propia vida.</p>
<p><a href="https://www.reservaentradas.com/sesiones/valencia/cineslys/cine-club-lys-los-destellos/6298" rel="nofollow noopener" target="_blank"> <button>Reserva tu entrada</button> </a></p>

<p>Cine Club Lys: Los destellos con Pilar Palomero Lunes 30 de septiembre 16:30h &#8211; 19:30h Matrícula abierta Cine Club Lys 2024-2025 Sinopsis: La vida de Isabel da un inesperado giro&hellip; <a class="more-link" href="https://cineslys.com/val/calendario/cine-club-lys-los-destellos-con-pilar-palomero/">Continue reading <span class="screen-reader-text">Cine Club Lys: «Los destellos» con Pilar Palomero</span></a></p>
