									
{"id":5502,"date":"2024-09-17T14:32:51","date_gmt":"2024-09-17T14:32:51","guid":{"rendered":"https:\/\/cineslys.com\/?post_type=tribe_events&#038;p=5502"},"modified":"2024-09-17T14:32:52","modified_gmt":"2024-09-17T14:32:52","slug":"jung-kook-i-am-still","status":"publish","type":"tribe_events","link":"https:\/\/cineslys.com\/val\/calendario\/jung-kook-i-am-still\/","title":{"rendered":"Jung Kook &#8211; I Am Still"},"content":{"rendered":"<h3><strong>Jung Kook &#8211; I Am Still<\/strong><br \/>\nMi\u00e9rcoles, 18 de septiembre a las 18:35h<\/h3>\n<p><strong>Combinaci\u00f3n de actuaciones en vivo con entrevistas exclusivas e im\u00e1genes in\u00e9ditas<\/strong><\/p>\n<p><strong>S\u00f3lo sigo mi propio comp\u00e1s<\/strong><\/p>\n<p>Jung Kook, aclamado como el \u00abArtista Pop del Siglo XXI\u00bb, irrumpi\u00f3 en la escena musical mundial con su debut como solista \u00abSeven\u00bb (con Latto) en julio de 2023, logrando un \u00e9xito sin precedentes. Con este sencillo, Jung Kook se convirti\u00f3 en el primer solista asi\u00e1tico en encabezar las prestigiosas listas Billboard HOT 100, Global 200 y Global 200 Excl. US. No solo eso, sino que con sus \u00e9xitos \u00abSeven\u00bb, \u00ab3D\u00bb (junto a Jack Harlow) y \u00abStanding Next to You\u00bb, logr\u00f3 posicionarse en el Top 10 del Billboard HOT 100, convirti\u00e9ndose en el \u00fanico solista de K-pop en alcanzar tal haza\u00f1a. Adem\u00e1s, su \u00e1lbum \u00abGOLDEN\u00bb dej\u00f3 una huella imborrable en la industria musical al mantenerse en el Billboard 200 durante 24 semanas consecutivas. <\/p>\n<p>A trav\u00e9s de entrevistas exclusivas e im\u00e1genes in\u00e9ditas entre bastidores, combinadas con electrizantes actuaciones en vivo, esta nueva pel\u00edcula revela el intenso viaje de ocho meses de Jung Kook, que captura su inquebrantable dedicaci\u00f3n y notable evoluci\u00f3n art\u00edstica.<\/p>\n<p>\u00danete a Jung Kook y descubre su incre\u00edble ascenso a la fama y los momentos m\u00e1s emotivos que ha vivido con ARMY en todo el mundo con \u00abJUNG KOOK: I AM STILL\u00bb.<\/p>\n<p><a href=\"https:\/\/www.reservaentradas.com\/entrada\/valencia\/cineslys\/jung-kook-i-am-still\/353671\/?step=2\" rel=\"nofollow noopener\" target=\"_blank\"> <button>Reservar entradas<\/button> <\/a><\/p>\n<p><iframe title=\"JUNG KOOK I AM STILL en Cines Lys Valencia \/ MI\u00e9rcoles 18 septiembre 18:35h\" width=\"750\" height=\"422\" src=\"https:\/\/www.youtube.com\/embed\/97WY6VPaDZY?feature=oembed\" frameborder=\"0\" allow=\"accelerometer; autoplay; clipboard-write; encrypted-media; gyroscope; picture-in-picture; web-share\" referrerpolicy=\"strict-origin-when-cross-origin\" allowfullscreen><\/iframe><\/p>","protected":false},"excerpt":{"rendered":"<p>Jung Kook &#8211; I Am Still Mi\u00e9rcoles, 18 de septiembre a las 18:35h Combinaci\u00f3n de actuaciones en vivo con entrevistas exclusivas e im\u00e1genes in\u00e9ditas S\u00f3lo sigo mi propio comp\u00e1s Jung&hellip; <a class=\"more-link\" href=\"https:\/\/cineslys.com\/val\/calendario\/jung-kook-i-am-still\/\">Continue reading <span class=\"screen-reader-text\">Jung Kook &#8211; I Am Still<\/span><\/a><\/p>","protected":false},"author":1,"featured_media":5503,"template":"","meta":{"_tribe_events_status":"","_tribe_events_status_reason":"","footnotes":""},"tags":[],"tribe_events_cat":[24],"class_list":["post-5502","tribe_events","type-tribe_events","status-publish","has-post-thumbnail","hentry","tribe_events_cat-eventos","cat_eventos","entry"],"_links":{"self":[{"href":"https:\/\/cineslys.com\/val\/wp-json\/wp\/v2\/tribe_events\/5502","targetHints":{"allow":["GET"]}}],"collection":[{"href":"https:\/\/cineslys.com\/val\/wp-json\/wp\/v2\/tribe_events"}],"about":[{"href":"https:\/\/cineslys.com\/val\/wp-json\/wp\/v2\/types\/tribe_events"}],"author":[{"embeddable":true,"href":"https:\/\/cineslys.com\/val\/wp-json\/wp\/v2\/users\/1"}],"version-history":[{"count":0,"href":"https:\/\/cineslys.com\/val\/wp-json\/wp\/v2\/tribe_events\/5502\/revisions"}],"wp:featuredmedia":[{"embeddable":true,"href":"https:\/\/cineslys.com\/val\/wp-json\/wp\/v2\/media\/5503"}],"wp:attachment":[{"href":"https:\/\/cineslys.com\/val\/wp-json\/wp\/v2\/media?parent=5502"}],"wp:term":[{"taxonomy":"post_tag","embeddable":true,"href":"https:\/\/cineslys.com\/val\/wp-json\/wp\/v2\/tags?post=5502"},{"taxonomy":"tribe_events_cat","embeddable":true,"href":"https:\/\/cineslys.com\/val\/wp-json\/wp\/v2\/tribe_events_cat?post=5502"}],"curies":[{"name":"wp","href":"https:\/\/api.w.org\/{rel}","templated":true}]}}

<h3><strong>Jung Kook &#8211; I Am Still</strong><br />
Miércoles, 18 de septiembre a las 18:35h</h3>
<p><strong>Combinación de actuaciones en vivo con entrevistas exclusivas e imágenes inéditas</strong></p>
<p><strong>Sólo sigo mi propio compás</strong></p>
<p>Jung Kook, aclamado como el «Artista Pop del Siglo XXI», irrumpió en la escena musical mundial con su debut como solista «Seven» (con Latto) en julio de 2023, logrando un éxito sin precedentes. Con este sencillo, Jung Kook se convirtió en el primer solista asiático en encabezar las prestigiosas listas Billboard HOT 100, Global 200 y Global 200 Excl. US. No solo eso, sino que con sus éxitos «Seven», «3D» (junto a Jack Harlow) y «Standing Next to You», logró posicionarse en el Top 10 del Billboard HOT 100, convirtiéndose en el único solista de K-pop en alcanzar tal hazaña. Además, su álbum «GOLDEN» dejó una huella imborrable en la industria musical al mantenerse en el Billboard 200 durante 24 semanas consecutivas. </p>
<p>A través de entrevistas exclusivas e imágenes inéditas entre bastidores, combinadas con electrizantes actuaciones en vivo, esta nueva película revela el intenso viaje de ocho meses de Jung Kook, que captura su inquebrantable dedicación y notable evolución artística.</p>
<p>Únete a Jung Kook y descubre su increíble ascenso a la fama y los momentos más emotivos que ha vivido con ARMY en todo el mundo con «JUNG KOOK: I AM STILL».</p>
<p><a href="https://www.reservaentradas.com/entrada/valencia/cineslys/jung-kook-i-am-still/353671/?step=2" rel="nofollow noopener" target="_blank"> <button>Reservar entradas</button> </a></p>
<p><iframe title="JUNG KOOK I AM STILL en Cines Lys Valencia / MIércoles 18 septiembre 18:35h" width="750" height="422" src="https://www.youtube.com/embed/97WY6VPaDZY?feature=oembed" frameborder="0" allow="accelerometer; autoplay; clipboard-write; encrypted-media; gyroscope; picture-in-picture; web-share" referrerpolicy="strict-origin-when-cross-origin" allowfullscreen></iframe></p>

<p>Jung Kook &#8211; I Am Still Miércoles, 18 de septiembre a las 18:35h Combinación de actuaciones en vivo con entrevistas exclusivas e imágenes inéditas Sólo sigo mi propio compás Jung&hellip; <a class="more-link" href="https://cineslys.com/val/calendario/jung-kook-i-am-still/">Continue reading <span class="screen-reader-text">Jung Kook &#8211; I Am Still</span></a></p>
