									
{"id":5537,"date":"2024-09-19T13:13:53","date_gmt":"2024-09-19T13:13:53","guid":{"rendered":"https:\/\/cineslys.com\/?post_type=tribe_events&#038;p=5537"},"modified":"2024-09-19T13:13:53","modified_gmt":"2024-09-19T13:13:53","slug":"cita-a-ciegas-con-el-cine-24-de-septiembre","status":"publish","type":"tribe_events","link":"https:\/\/cineslys.com\/val\/calendario\/cita-a-ciegas-con-el-cine-24-de-septiembre\/","title":{"rendered":"Cita a Ciegas con el Cine: 24 de septiembre"},"content":{"rendered":"<h3><b>Cita a ciegas: 24 de septiembre<\/b><\/h3>\n<h3>Martes, 24 de septiembre 19:30h<\/h3>\n<h6><a href=\"https:\/\/forms.gle\/CLX2ttBQPB1eZGZ36\" rel=\"nofollow noopener\" target=\"_blank\"><span style=\"color: #de0000;\">\u00danete a nuestra Newsletter de Cita a Ciegas y participa en las porras semanales<\/span><\/a><\/h6>\n<p>El martes pasado pudimos ver en preestreno \u00abPuntos suspensivos\u00bb pel\u00edcula dirigida por David Marqu\u00e9s y protagonizada por Diego Peretti y Jos\u00e9 Coronado. Adem\u00e1s contamos con una sorpresa, la visita del co-guionista de la pel\u00edcula, Rafael Calatayud Cano con quien pudimos charlar en el posterior coloquio.<\/p>\n<p>\u00bfCon cu\u00e1l nos sorprender\u00e1 Silvino el pr\u00f3ximo martes?<\/p>\n<p><strong><a href=\"https:\/\/cineslys.com\/val\/socios\/\">Hazte socio de Cines Lys gratuitamente y acumula puntos comprando a 5\u20ac<\/a><\/strong><\/p>\n<p><a href=\"https:\/\/www.reservaentradas.com\/entrada\/valencia\/cineslys\/cita-a-ciegas-con-el-cine\/353805\/?step=2\" rel=\"nofollow noopener\" target=\"_blank\"> <button>Reserva tu entrada<\/button> <\/a><\/p>\n<p><iframe title=\"Cita a ciegas con el cine: Puntos suspensivos. Estreno 20 de septiembre\" width=\"750\" height=\"422\" src=\"https:\/\/www.youtube.com\/embed\/x6lot_bibNU?feature=oembed\" frameborder=\"0\" allow=\"accelerometer; autoplay; clipboard-write; encrypted-media; gyroscope; picture-in-picture; web-share\" referrerpolicy=\"strict-origin-when-cross-origin\" allowfullscreen><\/iframe><\/p>","protected":false},"excerpt":{"rendered":"<p>Cita a ciegas: 24 de septiembre Martes, 24 de septiembre 19:30h \u00danete a nuestra Newsletter de Cita a Ciegas y participa en las porras semanales El martes pasado pudimos ver&hellip; <a class=\"more-link\" href=\"https:\/\/cineslys.com\/val\/calendario\/cita-a-ciegas-con-el-cine-24-de-septiembre\/\">Continue reading <span class=\"screen-reader-text\">Cita a Ciegas con el Cine: 24 de septiembre<\/span><\/a><\/p>","protected":false},"author":1,"featured_media":5557,"template":"","meta":{"_tribe_events_status":"","_tribe_events_status_reason":"","footnotes":""},"tags":[],"tribe_events_cat":[16],"class_list":["post-5537","tribe_events","type-tribe_events","status-publish","has-post-thumbnail","hentry","tribe_events_cat-cita-a-ciegas","cat_cita-a-ciegas","entry"],"_links":{"self":[{"href":"https:\/\/cineslys.com\/val\/wp-json\/wp\/v2\/tribe_events\/5537","targetHints":{"allow":["GET"]}}],"collection":[{"href":"https:\/\/cineslys.com\/val\/wp-json\/wp\/v2\/tribe_events"}],"about":[{"href":"https:\/\/cineslys.com\/val\/wp-json\/wp\/v2\/types\/tribe_events"}],"author":[{"embeddable":true,"href":"https:\/\/cineslys.com\/val\/wp-json\/wp\/v2\/users\/1"}],"version-history":[{"count":0,"href":"https:\/\/cineslys.com\/val\/wp-json\/wp\/v2\/tribe_events\/5537\/revisions"}],"wp:featuredmedia":[{"embeddable":true,"href":"https:\/\/cineslys.com\/val\/wp-json\/wp\/v2\/media\/5557"}],"wp:attachment":[{"href":"https:\/\/cineslys.com\/val\/wp-json\/wp\/v2\/media?parent=5537"}],"wp:term":[{"taxonomy":"post_tag","embeddable":true,"href":"https:\/\/cineslys.com\/val\/wp-json\/wp\/v2\/tags?post=5537"},{"taxonomy":"tribe_events_cat","embeddable":true,"href":"https:\/\/cineslys.com\/val\/wp-json\/wp\/v2\/tribe_events_cat?post=5537"}],"curies":[{"name":"wp","href":"https:\/\/api.w.org\/{rel}","templated":true}]}}

<h3><b>Cita a ciegas: 24 de septiembre</b></h3>
<h3>Martes, 24 de septiembre 19:30h</h3>
<h6><a href="https://forms.gle/CLX2ttBQPB1eZGZ36" rel="nofollow noopener" target="_blank"><span style="color: #de0000;">Únete a nuestra Newsletter de Cita a Ciegas y participa en las porras semanales</span></a></h6>
<p>El martes pasado pudimos ver en preestreno «Puntos suspensivos» película dirigida por David Marqués y protagonizada por Diego Peretti y José Coronado. Además contamos con una sorpresa, la visita del co-guionista de la película, Rafael Calatayud Cano con quien pudimos charlar en el posterior coloquio.</p>
<p>¿Con cuál nos sorprenderá Silvino el próximo martes?</p>
<p><strong><a href="https://cineslys.com/val/socios/">Hazte socio de Cines Lys gratuitamente y acumula puntos comprando a 5€</a></strong></p>
<p><a href="https://www.reservaentradas.com/entrada/valencia/cineslys/cita-a-ciegas-con-el-cine/353805/?step=2" rel="nofollow noopener" target="_blank"> <button>Reserva tu entrada</button> </a></p>
<p><iframe title="Cita a ciegas con el cine: Puntos suspensivos. Estreno 20 de septiembre" width="750" height="422" src="https://www.youtube.com/embed/x6lot_bibNU?feature=oembed" frameborder="0" allow="accelerometer; autoplay; clipboard-write; encrypted-media; gyroscope; picture-in-picture; web-share" referrerpolicy="strict-origin-when-cross-origin" allowfullscreen></iframe></p>

<p>Cita a ciegas: 24 de septiembre Martes, 24 de septiembre 19:30h Únete a nuestra Newsletter de Cita a Ciegas y participa en las porras semanales El martes pasado pudimos ver&hellip; <a class="more-link" href="https://cineslys.com/val/calendario/cita-a-ciegas-con-el-cine-24-de-septiembre/">Continue reading <span class="screen-reader-text">Cita a Ciegas con el Cine: 24 de septiembre</span></a></p>
