									
{"id":5609,"date":"2024-09-24T13:28:12","date_gmt":"2024-09-24T13:28:12","guid":{"rendered":"https:\/\/cineslys.com\/?post_type=tribe_events&#038;p=5609"},"modified":"2024-10-04T07:22:47","modified_gmt":"2024-10-04T07:22:47","slug":"cine-club-lys-la-virgen-roja-con-paula-ortiz","status":"publish","type":"tribe_events","link":"https:\/\/cineslys.com\/val\/calendario\/cine-club-lys-la-virgen-roja-con-paula-ortiz\/","title":{"rendered":"Cine Club Lys: \u00abLa Virgen Roja\u00bb con Paula Ortiz"},"content":{"rendered":"<h3><b>Cine Club Lys: La virgen roja con Paula Ortiz Cort\u00e9s<\/b><\/h3>\n<h3>Lunes 7 de octubre 16:30h &#8211; 17:35h &#8211; 19:30h<\/h3>\n<h6><a href=\"https:\/\/cineclublys.com\/matricula\/\" rel=\"nofollow noopener\" target=\"_blank\"><span style=\"color: #de0000;\">Matr\u00edcula abierta Cine Club Lys 2024-2025<\/span><\/a><\/h6>\n<p><strong>Sinopsis<\/strong>:Hildegart es concebida y educada por su madre Aurora para ser la mujer del futuro, convirti\u00e9ndose en una de las mentes m\u00e1s brillantes de la Espa\u00f1a de los a\u00f1os 30 y uno de los referentes europeos sobre sexualidad femenina. A sus 18 a\u00f1os, Hildegart comienza a experimentar la libertad y conoce a Abel Vilella, quien le ayuda a explorar un nuevo mundo emocional y a desmarcarse del f\u00e9rreo nido materno. Aurora teme perder el control sobre su hija y hace todo lo posible por impedir que Hildegart se aleje. Las dos mujeres se enfrentar\u00e1n durante una noche de verano de 1933 poniendo fin al \u201cProyecto Hildegart\u201d.<\/p>\n<p><a href=\"https:\/\/www.reservaentradas.com\/sesiones\/valencia\/cineslys\/cine-club-lys-la-virgen-roja\/6313\" rel=\"nofollow noopener\" target=\"_blank\"> <button>Reserva tu entrada<\/button> <\/a><\/p>\n<p><iframe title=\"La virgen roja, de Paula Ortiz | Tr\u00e1iler | Estreno en cines el 27 de septiembre de 2024\" width=\"750\" height=\"422\" src=\"https:\/\/www.youtube.com\/embed\/2QlsIR5FJXE?feature=oembed\" frameborder=\"0\" allow=\"accelerometer; autoplay; clipboard-write; encrypted-media; gyroscope; picture-in-picture; web-share\" referrerpolicy=\"strict-origin-when-cross-origin\" allowfullscreen><\/iframe><\/p>","protected":false},"excerpt":{"rendered":"<p>Cine Club Lys: La virgen roja con Paula Ortiz Cort\u00e9s Lunes 7 de octubre 16:30h &#8211; 17:35h &#8211; 19:30h Matr\u00edcula abierta Cine Club Lys 2024-2025 Sinopsis:Hildegart es concebida y educada&hellip; <a class=\"more-link\" href=\"https:\/\/cineslys.com\/val\/calendario\/cine-club-lys-la-virgen-roja-con-paula-ortiz\/\">Continue reading <span class=\"screen-reader-text\">Cine Club Lys: \u00abLa Virgen Roja\u00bb con Paula Ortiz<\/span><\/a><\/p>","protected":false},"author":1,"featured_media":5880,"template":"","meta":{"_tribe_events_status":"","_tribe_events_status_reason":"","footnotes":""},"tags":[],"tribe_events_cat":[18,19],"class_list":["post-5609","tribe_events","type-tribe_events","status-publish","has-post-thumbnail","hentry","tribe_events_cat-cine-club","tribe_events_cat-visita-de-directores","cat_cine-club","cat_visita-de-directores","entry"],"_links":{"self":[{"href":"https:\/\/cineslys.com\/val\/wp-json\/wp\/v2\/tribe_events\/5609","targetHints":{"allow":["GET"]}}],"collection":[{"href":"https:\/\/cineslys.com\/val\/wp-json\/wp\/v2\/tribe_events"}],"about":[{"href":"https:\/\/cineslys.com\/val\/wp-json\/wp\/v2\/types\/tribe_events"}],"author":[{"embeddable":true,"href":"https:\/\/cineslys.com\/val\/wp-json\/wp\/v2\/users\/1"}],"version-history":[{"count":0,"href":"https:\/\/cineslys.com\/val\/wp-json\/wp\/v2\/tribe_events\/5609\/revisions"}],"wp:featuredmedia":[{"embeddable":true,"href":"https:\/\/cineslys.com\/val\/wp-json\/wp\/v2\/media\/5880"}],"wp:attachment":[{"href":"https:\/\/cineslys.com\/val\/wp-json\/wp\/v2\/media?parent=5609"}],"wp:term":[{"taxonomy":"post_tag","embeddable":true,"href":"https:\/\/cineslys.com\/val\/wp-json\/wp\/v2\/tags?post=5609"},{"taxonomy":"tribe_events_cat","embeddable":true,"href":"https:\/\/cineslys.com\/val\/wp-json\/wp\/v2\/tribe_events_cat?post=5609"}],"curies":[{"name":"wp","href":"https:\/\/api.w.org\/{rel}","templated":true}]}}

<h3><b>Cine Club Lys: La virgen roja con Paula Ortiz Cortés</b></h3>
<h3>Lunes 7 de octubre 16:30h &#8211; 17:35h &#8211; 19:30h</h3>
<h6><a href="https://cineclublys.com/matricula/" rel="nofollow noopener" target="_blank"><span style="color: #de0000;">Matrícula abierta Cine Club Lys 2024-2025</span></a></h6>
<p><strong>Sinopsis</strong>:Hildegart es concebida y educada por su madre Aurora para ser la mujer del futuro, convirtiéndose en una de las mentes más brillantes de la España de los años 30 y uno de los referentes europeos sobre sexualidad femenina. A sus 18 años, Hildegart comienza a experimentar la libertad y conoce a Abel Vilella, quien le ayuda a explorar un nuevo mundo emocional y a desmarcarse del férreo nido materno. Aurora teme perder el control sobre su hija y hace todo lo posible por impedir que Hildegart se aleje. Las dos mujeres se enfrentarán durante una noche de verano de 1933 poniendo fin al “Proyecto Hildegart”.</p>
<p><a href="https://www.reservaentradas.com/sesiones/valencia/cineslys/cine-club-lys-la-virgen-roja/6313" rel="nofollow noopener" target="_blank"> <button>Reserva tu entrada</button> </a></p>
<p><iframe title="La virgen roja, de Paula Ortiz | Tráiler | Estreno en cines el 27 de septiembre de 2024" width="750" height="422" src="https://www.youtube.com/embed/2QlsIR5FJXE?feature=oembed" frameborder="0" allow="accelerometer; autoplay; clipboard-write; encrypted-media; gyroscope; picture-in-picture; web-share" referrerpolicy="strict-origin-when-cross-origin" allowfullscreen></iframe></p>

<p>Cine Club Lys: La virgen roja con Paula Ortiz Cortés Lunes 7 de octubre 16:30h &#8211; 17:35h &#8211; 19:30h Matrícula abierta Cine Club Lys 2024-2025 Sinopsis:Hildegart es concebida y educada&hellip; <a class="more-link" href="https://cineslys.com/val/calendario/cine-club-lys-la-virgen-roja-con-paula-ortiz/">Continue reading <span class="screen-reader-text">Cine Club Lys: «La Virgen Roja» con Paula Ortiz</span></a></p>
