									
{"id":5638,"date":"2024-09-24T14:32:31","date_gmt":"2024-09-24T14:32:31","guid":{"rendered":"https:\/\/cineslys.com\/?post_type=tribe_events&#038;p=5638"},"modified":"2024-09-27T17:38:24","modified_gmt":"2024-09-27T17:38:24","slug":"iciar-bollain-presenta-soy-nevenka","status":"publish","type":"tribe_events","link":"https:\/\/cineslys.com\/val\/calendario\/iciar-bollain-presenta-soy-nevenka\/","title":{"rendered":"Ic\u00edar Bolla\u00edn Presenta: Soy Nevenka"},"content":{"rendered":"<p>Fotograf\u00eda de EFE\/Javier Etxezarreta<\/p>\n<h3><b>Visita de Ic\u00edar Bolla\u00edn a los Cines Lys de Valencia<\/b><\/h3>\n<h3>Domingo 29 septiembre 17:00h, 18:10h &#8211; 19:30h<\/h3>\n<p>Ic\u00edar Bolla\u00edn vuelve a los Cines Lys de Valencia este domingo 29 de septiembre a presentar su nuevo proyecto \u00abSoy Nevenka\u00bb. Contaremos con presentaci\u00f3n y coloquio para la sesi\u00f3n de las 17:00h y solo presentaci\u00f3n a las 18:10h y 19:30h. <\/p>\n<p><strong>Sinopsis<\/strong>: En el a\u00f1o 2000, Nevenka Fern\u00e1ndez, de 24 a\u00f1os, concejala de Hacienda en el Ayuntamiento de Ponferrada, sufre una persecuci\u00f3n implacable, tanto sentimental como profesional, por parte del alcalde, un hombre acostumbrado a hacer su voluntad en lo pol\u00edtico y en lo personal. Nevenka decide denunciar, aunque sabe que deber\u00e1 pagar un precio muy alto: su entorno no la apoya, la sociedad de Ponferrada le da la espalda y los medios la someten a un juicio p\u00fablico. Su caso inicia en Espa\u00f1a el movimiento #metoo mucho antes de que se invente el t\u00e9rmino. Una historia basada en hechos reales que convierte a su protagonista en una pionera al llevar por primera vez a un pol\u00edtico influyente y popular ante los tribunales por acoso sexual y laboral.<\/p>\n<p><a href=\"https:\/\/cineslys.com\/val\/socios\/\">Hazte socio\/a y compra tu entrada por 6,50\u20ac para este domingo<\/a><\/p>\n<p><a href=\"https:\/\/www.reservaentradas.com\/sesiones\/valencia\/cineslys\/iciar-bollain-presenta-soy-nevenka\/6325\" rel=\"nofollow noopener\" target=\"_blank\"> <button>Reserva tu entrada<\/button> <\/a><\/p>\n<p>&nbsp;<\/p>\n<p><iframe title=\"Soy Nevenka | Tr\u00e1iler Oficial | 27 de septiembre solo en cines\" width=\"750\" height=\"422\" src=\"https:\/\/www.youtube.com\/embed\/uQ0QjvpljQc?feature=oembed\" frameborder=\"0\" allow=\"accelerometer; autoplay; clipboard-write; encrypted-media; gyroscope; picture-in-picture; web-share\" referrerpolicy=\"strict-origin-when-cross-origin\" allowfullscreen><\/iframe><\/p>","protected":false},"excerpt":{"rendered":"<p>Fotograf\u00eda de EFE\/Javier Etxezarreta Visita de Ic\u00edar Bolla\u00edn a los Cines Lys de Valencia Domingo 29 septiembre 17:00h, 18:10h &#8211; 19:30h Ic\u00edar Bolla\u00edn vuelve a los Cines Lys de Valencia&hellip; <a class=\"more-link\" href=\"https:\/\/cineslys.com\/val\/calendario\/iciar-bollain-presenta-soy-nevenka\/\">Continue reading <span class=\"screen-reader-text\">Ic\u00edar Bolla\u00edn Presenta: Soy Nevenka<\/span><\/a><\/p>","protected":false},"author":1,"featured_media":5800,"template":"","meta":{"_tribe_events_status":"","_tribe_events_status_reason":"","footnotes":""},"tags":[],"tribe_events_cat":[19],"class_list":["post-5638","tribe_events","type-tribe_events","status-publish","has-post-thumbnail","hentry","tribe_events_cat-visita-de-directores","cat_visita-de-directores","entry"],"_links":{"self":[{"href":"https:\/\/cineslys.com\/val\/wp-json\/wp\/v2\/tribe_events\/5638","targetHints":{"allow":["GET"]}}],"collection":[{"href":"https:\/\/cineslys.com\/val\/wp-json\/wp\/v2\/tribe_events"}],"about":[{"href":"https:\/\/cineslys.com\/val\/wp-json\/wp\/v2\/types\/tribe_events"}],"author":[{"embeddable":true,"href":"https:\/\/cineslys.com\/val\/wp-json\/wp\/v2\/users\/1"}],"version-history":[{"count":0,"href":"https:\/\/cineslys.com\/val\/wp-json\/wp\/v2\/tribe_events\/5638\/revisions"}],"wp:featuredmedia":[{"embeddable":true,"href":"https:\/\/cineslys.com\/val\/wp-json\/wp\/v2\/media\/5800"}],"wp:attachment":[{"href":"https:\/\/cineslys.com\/val\/wp-json\/wp\/v2\/media?parent=5638"}],"wp:term":[{"taxonomy":"post_tag","embeddable":true,"href":"https:\/\/cineslys.com\/val\/wp-json\/wp\/v2\/tags?post=5638"},{"taxonomy":"tribe_events_cat","embeddable":true,"href":"https:\/\/cineslys.com\/val\/wp-json\/wp\/v2\/tribe_events_cat?post=5638"}],"curies":[{"name":"wp","href":"https:\/\/api.w.org\/{rel}","templated":true}]}}

Icíar Bollaín Presenta: Soy Nevenka

<p>Fotografía de EFE/Javier Etxezarreta</p>
<h3><b>Visita de Icíar Bollaín a los Cines Lys de Valencia</b></h3>
<h3>Domingo 29 septiembre 17:00h, 18:10h &#8211; 19:30h</h3>
<p>Icíar Bollaín vuelve a los Cines Lys de Valencia este domingo 29 de septiembre a presentar su nuevo proyecto «Soy Nevenka». Contaremos con presentación y coloquio para la sesión de las 17:00h y solo presentación a las 18:10h y 19:30h. </p>
<p><strong>Sinopsis</strong>: En el año 2000, Nevenka Fernández, de 24 años, concejala de Hacienda en el Ayuntamiento de Ponferrada, sufre una persecución implacable, tanto sentimental como profesional, por parte del alcalde, un hombre acostumbrado a hacer su voluntad en lo político y en lo personal. Nevenka decide denunciar, aunque sabe que deberá pagar un precio muy alto: su entorno no la apoya, la sociedad de Ponferrada le da la espalda y los medios la someten a un juicio público. Su caso inicia en España el movimiento #metoo mucho antes de que se invente el término. Una historia basada en hechos reales que convierte a su protagonista en una pionera al llevar por primera vez a un político influyente y popular ante los tribunales por acoso sexual y laboral.</p>
<p><a href="https://cineslys.com/val/socios/">Hazte socio/a y compra tu entrada por 6,50€ para este domingo</a></p>
<p><a href="https://www.reservaentradas.com/sesiones/valencia/cineslys/iciar-bollain-presenta-soy-nevenka/6325" rel="nofollow noopener" target="_blank"> <button>Reserva tu entrada</button> </a></p>
<p>&nbsp;</p>
<p><iframe title="Soy Nevenka | Tráiler Oficial | 27 de septiembre solo en cines" width="750" height="422" src="https://www.youtube.com/embed/uQ0QjvpljQc?feature=oembed" frameborder="0" allow="accelerometer; autoplay; clipboard-write; encrypted-media; gyroscope; picture-in-picture; web-share" referrerpolicy="strict-origin-when-cross-origin" allowfullscreen></iframe></p>

<p>Fotografía de EFE/Javier Etxezarreta Visita de Icíar Bollaín a los Cines Lys de Valencia Domingo 29 septiembre 17:00h, 18:10h &#8211; 19:30h Icíar Bollaín vuelve a los Cines Lys de Valencia&hellip; <a class="more-link" href="https://cineslys.com/val/calendario/iciar-bollain-presenta-soy-nevenka/">Continue reading <span class="screen-reader-text">Icíar Bollaín Presenta: Soy Nevenka</span></a></p>
