									
{"id":5657,"date":"2024-09-24T16:41:21","date_gmt":"2024-09-24T16:41:21","guid":{"rendered":"https:\/\/cineslys.com\/?post_type=tribe_events&#038;p=5657"},"modified":"2024-09-24T16:41:21","modified_gmt":"2024-09-24T16:41:21","slug":"la-decision-de-joaquina","status":"publish","type":"tribe_events","link":"https:\/\/cineslys.com\/val\/calendario\/la-decision-de-joaquina\/","title":{"rendered":"La decisi\u00f3n de Joaquina"},"content":{"rendered":"<h4>Pase documental: La decisi\u00f3n de Joaquina<br \/>\nJueves 26 de septiembre 19:30h<\/h4>\n<p>Entrada libre, hasta agotar aforo.<\/p>\n<p>Este Jueves 26 de septiembre a las 19:30h tendremos la presentaci\u00f3n de \u00abLa decisi\u00f3n de Joaquina\u00bb, documental de Javier Falc\u00f3.<\/p>\n<p>Sinopsis: LA DECISI\u00d3N DE JOAQUINA es un documental que recoge no solo un caso concreto de solicitud de eutanasia, sino que se trata de un recorrido sobre una vida basada en una trabajo callado y silencioso sobre la lucha por la libertad y la democracia, en un momento hist\u00f3rico de dictadura y posteriormente tambi\u00e9n de democracia de nuestro pa\u00eds.<\/p>","protected":false},"excerpt":{"rendered":"<p>Pase documental: La decisi\u00f3n de Joaquina Jueves 26 de septiembre 19:30h Entrada libre, hasta agotar aforo. Este Jueves 26 de septiembre a las 19:30h tendremos la presentaci\u00f3n de \u00abLa decisi\u00f3n&hellip; <a class=\"more-link\" href=\"https:\/\/cineslys.com\/val\/calendario\/la-decision-de-joaquina\/\">Continue reading <span class=\"screen-reader-text\">La decisi\u00f3n de Joaquina<\/span><\/a><\/p>","protected":false},"author":1,"featured_media":5658,"template":"","meta":{"_tribe_events_status":"","_tribe_events_status_reason":"","footnotes":""},"tags":[],"tribe_events_cat":[30],"class_list":["post-5657","tribe_events","type-tribe_events","status-publish","has-post-thumbnail","hentry","tribe_events_cat-documentales","cat_documentales","entry"],"_links":{"self":[{"href":"https:\/\/cineslys.com\/val\/wp-json\/wp\/v2\/tribe_events\/5657","targetHints":{"allow":["GET"]}}],"collection":[{"href":"https:\/\/cineslys.com\/val\/wp-json\/wp\/v2\/tribe_events"}],"about":[{"href":"https:\/\/cineslys.com\/val\/wp-json\/wp\/v2\/types\/tribe_events"}],"author":[{"embeddable":true,"href":"https:\/\/cineslys.com\/val\/wp-json\/wp\/v2\/users\/1"}],"version-history":[{"count":0,"href":"https:\/\/cineslys.com\/val\/wp-json\/wp\/v2\/tribe_events\/5657\/revisions"}],"wp:featuredmedia":[{"embeddable":true,"href":"https:\/\/cineslys.com\/val\/wp-json\/wp\/v2\/media\/5658"}],"wp:attachment":[{"href":"https:\/\/cineslys.com\/val\/wp-json\/wp\/v2\/media?parent=5657"}],"wp:term":[{"taxonomy":"post_tag","embeddable":true,"href":"https:\/\/cineslys.com\/val\/wp-json\/wp\/v2\/tags?post=5657"},{"taxonomy":"tribe_events_cat","embeddable":true,"href":"https:\/\/cineslys.com\/val\/wp-json\/wp\/v2\/tribe_events_cat?post=5657"}],"curies":[{"name":"wp","href":"https:\/\/api.w.org\/{rel}","templated":true}]}}

La decisión de Joaquina

<h4>Pase documental: La decisión de Joaquina<br />
Jueves 26 de septiembre 19:30h</h4>
<p>Entrada libre, hasta agotar aforo.</p>
<p>Este Jueves 26 de septiembre a las 19:30h tendremos la presentación de «La decisión de Joaquina», documental de Javier Falcó.</p>
<p>Sinopsis: LA DECISIÓN DE JOAQUINA es un documental que recoge no solo un caso concreto de solicitud de eutanasia, sino que se trata de un recorrido sobre una vida basada en una trabajo callado y silencioso sobre la lucha por la libertad y la democracia, en un momento histórico de dictadura y posteriormente también de democracia de nuestro país.</p>

<p>Pase documental: La decisión de Joaquina Jueves 26 de septiembre 19:30h Entrada libre, hasta agotar aforo. Este Jueves 26 de septiembre a las 19:30h tendremos la presentación de «La decisión&hellip; <a class="more-link" href="https://cineslys.com/val/calendario/la-decision-de-joaquina/">Continue reading <span class="screen-reader-text">La decisión de Joaquina</span></a></p>
