									
{"id":5693,"date":"2024-09-26T08:55:30","date_gmt":"2024-09-26T08:55:30","guid":{"rendered":"https:\/\/cineslys.com\/?post_type=tribe_events&#038;p=5693"},"modified":"2024-09-26T09:05:40","modified_gmt":"2024-09-26T09:05:40","slug":"cita-a-ciegas-con-el-cine-1-de-octubre","status":"publish","type":"tribe_events","link":"https:\/\/cineslys.com\/val\/calendario\/cita-a-ciegas-con-el-cine-1-de-octubre\/","title":{"rendered":"Cita a Ciegas con el Cine: 1 de octubre"},"content":{"rendered":"<h3><b>Cita a Ciegas: 1 de octubre<\/b><\/h3>\n<h6><a href=\"https:\/\/forms.gle\/CLX2ttBQPB1eZGZ36\" rel=\"nofollow noopener\" target=\"_blank\"><span style=\"color: #de0000;\">\u00danete a nuestra Newsletter de Cita a Ciegas y participa en las porras semanales<\/span><\/a><\/h6>\n<p>El pasado martes tuvimos la ocasi\u00f3n de ver Soy Nevenka, una pel\u00edcula dura y necesaria, q<span style=\"background-color: var(--global--color-background); color: var(--global--color-primary); font-family: var(--global--font-secondary); font-size: var(--global--font-size-base);\">ue a pesar de ser fuerte, dej\u00f3 a todos muy contentos.<\/span><\/p>\n<p>Estreno este viernes 27 de septiembre.<\/p>\n<p>\u00bf<span style=\"font-weight: 400;\">Qu\u00e9 pel\u00edcula tendr\u00e1 preparada Silvino esta vez? No tengo idea&#8230; pero siempre logra sorprendernos.<\/span><\/p>\n<p><strong><a href=\"https:\/\/cineslys.com\/val\/socios\/\">Hazte socio de Cines Lys gratuitamente y acumula puntos comprando a 5\u20ac<\/a><\/strong><\/p>\n<p><a href=\"https:\/\/www.reservaentradas.com\/entrada\/valencia\/cineslys\/cita-a-ciegas-con-el-cine\/354420\/?step=2\" rel=\"nofollow noopener\" target=\"_blank\"> <button>Reserva tu entrada<\/button> <\/a><\/p>\n<p><iframe title=\"Cita a ciegas con El Cine: Soy Nevenka\" width=\"750\" height=\"422\" src=\"https:\/\/www.youtube.com\/embed\/Iix3IkdLHZg?feature=oembed\" frameborder=\"0\" allow=\"accelerometer; autoplay; clipboard-write; encrypted-media; gyroscope; picture-in-picture; web-share\" referrerpolicy=\"strict-origin-when-cross-origin\" allowfullscreen><\/iframe><\/p>","protected":false},"excerpt":{"rendered":"<p>Cita a Ciegas: 1 de octubre \u00danete a nuestra Newsletter de Cita a Ciegas y participa en las porras semanales El pasado martes tuvimos la ocasi\u00f3n de ver Soy Nevenka,&hellip; <a class=\"more-link\" href=\"https:\/\/cineslys.com\/val\/calendario\/cita-a-ciegas-con-el-cine-1-de-octubre\/\">Continue reading <span class=\"screen-reader-text\">Cita a Ciegas con el Cine: 1 de octubre<\/span><\/a><\/p>","protected":false},"author":1,"featured_media":5701,"template":"","meta":{"_tribe_events_status":"","_tribe_events_status_reason":"","footnotes":""},"tags":[],"tribe_events_cat":[16,24],"class_list":["post-5693","tribe_events","type-tribe_events","status-publish","has-post-thumbnail","hentry","tribe_events_cat-cita-a-ciegas","tribe_events_cat-eventos","cat_cita-a-ciegas","cat_eventos","entry"],"_links":{"self":[{"href":"https:\/\/cineslys.com\/val\/wp-json\/wp\/v2\/tribe_events\/5693","targetHints":{"allow":["GET"]}}],"collection":[{"href":"https:\/\/cineslys.com\/val\/wp-json\/wp\/v2\/tribe_events"}],"about":[{"href":"https:\/\/cineslys.com\/val\/wp-json\/wp\/v2\/types\/tribe_events"}],"author":[{"embeddable":true,"href":"https:\/\/cineslys.com\/val\/wp-json\/wp\/v2\/users\/1"}],"version-history":[{"count":0,"href":"https:\/\/cineslys.com\/val\/wp-json\/wp\/v2\/tribe_events\/5693\/revisions"}],"wp:featuredmedia":[{"embeddable":true,"href":"https:\/\/cineslys.com\/val\/wp-json\/wp\/v2\/media\/5701"}],"wp:attachment":[{"href":"https:\/\/cineslys.com\/val\/wp-json\/wp\/v2\/media?parent=5693"}],"wp:term":[{"taxonomy":"post_tag","embeddable":true,"href":"https:\/\/cineslys.com\/val\/wp-json\/wp\/v2\/tags?post=5693"},{"taxonomy":"tribe_events_cat","embeddable":true,"href":"https:\/\/cineslys.com\/val\/wp-json\/wp\/v2\/tribe_events_cat?post=5693"}],"curies":[{"name":"wp","href":"https:\/\/api.w.org\/{rel}","templated":true}]}}

<h3><b>Cita a Ciegas: 1 de octubre</b></h3>
<h6><a href="https://forms.gle/CLX2ttBQPB1eZGZ36" rel="nofollow noopener" target="_blank"><span style="color: #de0000;">Únete a nuestra Newsletter de Cita a Ciegas y participa en las porras semanales</span></a></h6>
<p>El pasado martes tuvimos la ocasión de ver Soy Nevenka, una película dura y necesaria, q<span style="background-color: var(--global--color-background); color: var(--global--color-primary); font-family: var(--global--font-secondary); font-size: var(--global--font-size-base);">ue a pesar de ser fuerte, dejó a todos muy contentos.</span></p>
<p>Estreno este viernes 27 de septiembre.</p>
<p>¿<span style="font-weight: 400;">Qué película tendrá preparada Silvino esta vez? No tengo idea&#8230; pero siempre logra sorprendernos.</span></p>
<p><strong><a href="https://cineslys.com/val/socios/">Hazte socio de Cines Lys gratuitamente y acumula puntos comprando a 5€</a></strong></p>
<p><a href="https://www.reservaentradas.com/entrada/valencia/cineslys/cita-a-ciegas-con-el-cine/354420/?step=2" rel="nofollow noopener" target="_blank"> <button>Reserva tu entrada</button> </a></p>
<p><iframe title="Cita a ciegas con El Cine: Soy Nevenka" width="750" height="422" src="https://www.youtube.com/embed/Iix3IkdLHZg?feature=oembed" frameborder="0" allow="accelerometer; autoplay; clipboard-write; encrypted-media; gyroscope; picture-in-picture; web-share" referrerpolicy="strict-origin-when-cross-origin" allowfullscreen></iframe></p>

<p>Cita a Ciegas: 1 de octubre Únete a nuestra Newsletter de Cita a Ciegas y participa en las porras semanales El pasado martes tuvimos la ocasión de ver Soy Nevenka,&hellip; <a class="more-link" href="https://cineslys.com/val/calendario/cita-a-ciegas-con-el-cine-1-de-octubre/">Continue reading <span class="screen-reader-text">Cita a Ciegas con el Cine: 1 de octubre</span></a></p>
