									
{"id":5724,"date":"2024-09-26T10:53:50","date_gmt":"2024-09-26T10:53:50","guid":{"rendered":"https:\/\/cineslys.com\/?post_type=tribe_events&#038;p=5724"},"modified":"2024-09-26T10:53:50","modified_gmt":"2024-09-26T10:53:50","slug":"conversaciones-de-cine-con-maria-zamora","status":"publish","type":"tribe_events","link":"https:\/\/cineslys.com\/val\/calendario\/conversaciones-de-cine-con-maria-zamora\/","title":{"rendered":"Conversaciones de Cine con Mar\u00eda Zamora"},"content":{"rendered":"<h3><strong>Conversaciones de Cine con Mar\u00eda Zamora<\/strong><br \/>\nViernes, 04 de octubre a las 19:30h<\/h3>\n<p><strong>Conversaciones de Cine con Mar\u00eda Zamora y Pepa Blanes<\/strong><\/p>\n<p><strong>Premio Nacional de Cinematograf\u00eda 2024<\/strong><\/p>\n<p>El viernes 04 de octubre, a las 19:30h, tendremos un encuentro con Mar\u00eda Zamora en los Cines Lys. Viene tras ganar el Premio Nacional de Cinematograf\u00eda de 2024, y tendremos un momento de charla con ella moderado con Pepa Blanes. Una charla centrada sobre el cine valenciano y su fuerza en el panorama nacional. <\/p>\n<p>Precio de entrada 4\u20ac<\/p>\n<p><a href=\"https:\/\/www.reservaentradas.com\/entrada\/valencia\/cineslys\/conversaciones-de-cine-con-maria-zamora-premio-nacional-de-cinematografia-2024\/353799\/?step=2\" rel=\"nofollow noopener\" target=\"_blank\"> <button>Reservar entradas<\/button> <\/a><\/p>","protected":false},"excerpt":{"rendered":"<p>Conversaciones de Cine con Mar\u00eda Zamora Viernes, 04 de octubre a las 19:30h Conversaciones de Cine con Mar\u00eda Zamora y Pepa Blanes Premio Nacional de Cinematograf\u00eda 2024 El viernes 04&hellip; <a class=\"more-link\" href=\"https:\/\/cineslys.com\/val\/calendario\/conversaciones-de-cine-con-maria-zamora\/\">Continue reading <span class=\"screen-reader-text\">Conversaciones de Cine con Mar\u00eda Zamora<\/span><\/a><\/p>","protected":false},"author":1,"featured_media":5735,"template":"","meta":{"_tribe_events_status":"","_tribe_events_status_reason":"","footnotes":""},"tags":[],"tribe_events_cat":[24,19],"class_list":["post-5724","tribe_events","type-tribe_events","status-publish","has-post-thumbnail","hentry","tribe_events_cat-eventos","tribe_events_cat-visita-de-directores","cat_eventos","cat_visita-de-directores","entry"],"_links":{"self":[{"href":"https:\/\/cineslys.com\/val\/wp-json\/wp\/v2\/tribe_events\/5724","targetHints":{"allow":["GET"]}}],"collection":[{"href":"https:\/\/cineslys.com\/val\/wp-json\/wp\/v2\/tribe_events"}],"about":[{"href":"https:\/\/cineslys.com\/val\/wp-json\/wp\/v2\/types\/tribe_events"}],"author":[{"embeddable":true,"href":"https:\/\/cineslys.com\/val\/wp-json\/wp\/v2\/users\/1"}],"version-history":[{"count":0,"href":"https:\/\/cineslys.com\/val\/wp-json\/wp\/v2\/tribe_events\/5724\/revisions"}],"wp:featuredmedia":[{"embeddable":true,"href":"https:\/\/cineslys.com\/val\/wp-json\/wp\/v2\/media\/5735"}],"wp:attachment":[{"href":"https:\/\/cineslys.com\/val\/wp-json\/wp\/v2\/media?parent=5724"}],"wp:term":[{"taxonomy":"post_tag","embeddable":true,"href":"https:\/\/cineslys.com\/val\/wp-json\/wp\/v2\/tags?post=5724"},{"taxonomy":"tribe_events_cat","embeddable":true,"href":"https:\/\/cineslys.com\/val\/wp-json\/wp\/v2\/tribe_events_cat?post=5724"}],"curies":[{"name":"wp","href":"https:\/\/api.w.org\/{rel}","templated":true}]}}

Conversaciones de Cine con María Zamora

<h3><strong>Conversaciones de Cine con María Zamora</strong><br />
Viernes, 04 de octubre a las 19:30h</h3>
<p><strong>Conversaciones de Cine con María Zamora y Pepa Blanes</strong></p>
<p><strong>Premio Nacional de Cinematografía 2024</strong></p>
<p>El viernes 04 de octubre, a las 19:30h, tendremos un encuentro con María Zamora en los Cines Lys. Viene tras ganar el Premio Nacional de Cinematografía de 2024, y tendremos un momento de charla con ella moderado con Pepa Blanes. Una charla centrada sobre el cine valenciano y su fuerza en el panorama nacional. </p>
<p>Precio de entrada 4€</p>
<p><a href="https://www.reservaentradas.com/entrada/valencia/cineslys/conversaciones-de-cine-con-maria-zamora-premio-nacional-de-cinematografia-2024/353799/?step=2" rel="nofollow noopener" target="_blank"> <button>Reservar entradas</button> </a></p>

<p>Conversaciones de Cine con María Zamora Viernes, 04 de octubre a las 19:30h Conversaciones de Cine con María Zamora y Pepa Blanes Premio Nacional de Cinematografía 2024 El viernes 04&hellip; <a class="more-link" href="https://cineslys.com/val/calendario/conversaciones-de-cine-con-maria-zamora/">Continue reading <span class="screen-reader-text">Conversaciones de Cine con María Zamora</span></a></p>
