									
{"id":5792,"date":"2024-09-27T12:18:32","date_gmt":"2024-09-27T12:18:32","guid":{"rendered":"https:\/\/cineslys.com\/?post_type=tribe_events&#038;p=5792"},"modified":"2024-10-09T16:47:43","modified_gmt":"2024-10-09T16:47:43","slug":"valenica-testime-en-cines-lys","status":"publish","type":"tribe_events","link":"https:\/\/cineslys.com\/val\/calendario\/valenica-testime-en-cines-lys\/","title":{"rendered":"Val\u00e8nica, t&#8217;estime en Cines Lys"},"content":{"rendered":"<h3><strong>Val\u00e8ncia, t&#8217;estime en Cines Lys<\/strong><br \/>\nMi\u00e9rcoles 16 y jueves 17 de octubre 19:30h<\/h3>\n<p><strong>Nuevos pases con visita de Carlos Gim\u00e9nez el mi\u00e9rcoles a las 19:30h<\/strong><\/p>\n<p><strong>Jueves 17 de octubre pase con subtitulos en ingl\u00e9s<\/strong><\/p>\n<p>El pr\u00f3ximo mi\u00e9rcoles 16 de octubre tendremos de vuelta a Carlos Gim\u00e9nez, director del documental \u00abVal\u00e8ncia, t&#8217;estime\u00bb que estrenamos el pasado mes de julio. Un documental que rompe barreras, que nos hace ver el camino que unos pocos h\u00e9roes y hero\u00ednas valencianos\/As llevaron a cabo para tener los derechos que hoy se pueden disfrutar. <\/p>\n<p>Sinopsis: El film cuenta con m\u00e1s de una decena de testimonios que marcaron un antes y un despu\u00e9s en la lucha valenciana donde por primera vez se unen activistas, personajes hist\u00f3ricos, transformistas, empresarios e historiadores, para conformar una historia \u00fanica y todav\u00eda desconocida para el mundo. As\u00ed como un incontable material in\u00e9dito audiovisual que conseguir\u00e1 que podamos adentrarnos en una Val\u00e8ncia que demostr\u00f3 ser abierta y plural. Las primeras manifestaciones, agresiones lgtbif\u00f3bicas, la Brigada 26, el Moviment d\u2019Alliberament Gai del Pais Valenci\u00e0, los inicios de Lambda, locales de ocio nocturno, cabaret, la lucha trans, el SIDA \u2013 VIH, Ploma 2, el \u00faltimo testimonio de Rampova, la primera librer\u00eda gay de la ciudad o el primer colectivo de lesbianas de la Comunitat Valenciana. Son algunos de los temas que se narran para contar una lucha universal: poder ser libre y amar a quien quieras sin miedo.<\/p>\n<p><a href=\"https:\/\/www.reservaentradas.com\/sesiones\/valencia\/cineslys\/valencia-t-estime\/6134\/\" rel=\"nofollow noopener\" target=\"_blank\"> <button>Reservar entradas<\/button> <\/a><\/p>\n<p><iframe title=\"Tr\u00e1iler Valencia T&#039;Estime \/ Estreno 07 de junio\" width=\"750\" height=\"422\" src=\"https:\/\/www.youtube.com\/embed\/obsg7UDfWX0?feature=oembed\" frameborder=\"0\" allow=\"accelerometer; autoplay; clipboard-write; encrypted-media; gyroscope; picture-in-picture; web-share\" referrerpolicy=\"strict-origin-when-cross-origin\" allowfullscreen><\/iframe><\/p>","protected":false},"excerpt":{"rendered":"<p>Val\u00e8ncia, t&#8217;estime en Cines Lys Mi\u00e9rcoles 16 y jueves 17 de octubre 19:30h Nuevos pases con visita de Carlos Gim\u00e9nez el mi\u00e9rcoles a las 19:30h Jueves 17 de octubre pase&hellip; <a class=\"more-link\" href=\"https:\/\/cineslys.com\/val\/calendario\/valenica-testime-en-cines-lys\/\">Continue reading <span class=\"screen-reader-text\">Val\u00e8nica, t&#8217;estime en Cines Lys<\/span><\/a><\/p>","protected":false},"author":1,"featured_media":5955,"template":"","meta":{"_tribe_events_status":"","_tribe_events_status_reason":"","footnotes":""},"tags":[],"tribe_events_cat":[19],"class_list":["post-5792","tribe_events","type-tribe_events","status-publish","has-post-thumbnail","hentry","tribe_events_cat-visita-de-directores","cat_visita-de-directores","entry"],"_links":{"self":[{"href":"https:\/\/cineslys.com\/val\/wp-json\/wp\/v2\/tribe_events\/5792","targetHints":{"allow":["GET"]}}],"collection":[{"href":"https:\/\/cineslys.com\/val\/wp-json\/wp\/v2\/tribe_events"}],"about":[{"href":"https:\/\/cineslys.com\/val\/wp-json\/wp\/v2\/types\/tribe_events"}],"author":[{"embeddable":true,"href":"https:\/\/cineslys.com\/val\/wp-json\/wp\/v2\/users\/1"}],"version-history":[{"count":0,"href":"https:\/\/cineslys.com\/val\/wp-json\/wp\/v2\/tribe_events\/5792\/revisions"}],"wp:featuredmedia":[{"embeddable":true,"href":"https:\/\/cineslys.com\/val\/wp-json\/wp\/v2\/media\/5955"}],"wp:attachment":[{"href":"https:\/\/cineslys.com\/val\/wp-json\/wp\/v2\/media?parent=5792"}],"wp:term":[{"taxonomy":"post_tag","embeddable":true,"href":"https:\/\/cineslys.com\/val\/wp-json\/wp\/v2\/tags?post=5792"},{"taxonomy":"tribe_events_cat","embeddable":true,"href":"https:\/\/cineslys.com\/val\/wp-json\/wp\/v2\/tribe_events_cat?post=5792"}],"curies":[{"name":"wp","href":"https:\/\/api.w.org\/{rel}","templated":true}]}}

Valènica, t&#8217;estime en Cines Lys

<h3><strong>València, t&#8217;estime en Cines Lys</strong><br />
Miércoles 16 y jueves 17 de octubre 19:30h</h3>
<p><strong>Nuevos pases con visita de Carlos Giménez el miércoles a las 19:30h</strong></p>
<p><strong>Jueves 17 de octubre pase con subtitulos en inglés</strong></p>
<p>El próximo miércoles 16 de octubre tendremos de vuelta a Carlos Giménez, director del documental «València, t&#8217;estime» que estrenamos el pasado mes de julio. Un documental que rompe barreras, que nos hace ver el camino que unos pocos héroes y heroínas valencianos/As llevaron a cabo para tener los derechos que hoy se pueden disfrutar. </p>
<p>Sinopsis: El film cuenta con más de una decena de testimonios que marcaron un antes y un después en la lucha valenciana donde por primera vez se unen activistas, personajes históricos, transformistas, empresarios e historiadores, para conformar una historia única y todavía desconocida para el mundo. Así como un incontable material inédito audiovisual que conseguirá que podamos adentrarnos en una València que demostró ser abierta y plural. Las primeras manifestaciones, agresiones lgtbifóbicas, la Brigada 26, el Moviment d’Alliberament Gai del Pais Valencià, los inicios de Lambda, locales de ocio nocturno, cabaret, la lucha trans, el SIDA – VIH, Ploma 2, el último testimonio de Rampova, la primera librería gay de la ciudad o el primer colectivo de lesbianas de la Comunitat Valenciana. Son algunos de los temas que se narran para contar una lucha universal: poder ser libre y amar a quien quieras sin miedo.</p>
<p><a href="https://www.reservaentradas.com/sesiones/valencia/cineslys/valencia-t-estime/6134/" rel="nofollow noopener" target="_blank"> <button>Reservar entradas</button> </a></p>
<p><iframe title="Tráiler Valencia T&#039;Estime / Estreno 07 de junio" width="750" height="422" src="https://www.youtube.com/embed/obsg7UDfWX0?feature=oembed" frameborder="0" allow="accelerometer; autoplay; clipboard-write; encrypted-media; gyroscope; picture-in-picture; web-share" referrerpolicy="strict-origin-when-cross-origin" allowfullscreen></iframe></p>

<p>València, t&#8217;estime en Cines Lys Miércoles 16 y jueves 17 de octubre 19:30h Nuevos pases con visita de Carlos Giménez el miércoles a las 19:30h Jueves 17 de octubre pase&hellip; <a class="more-link" href="https://cineslys.com/val/calendario/valenica-testime-en-cines-lys/">Continue reading <span class="screen-reader-text">Valènica, t&#8217;estime en Cines Lys</span></a></p>
