									
{"id":5949,"date":"2024-10-08T11:53:49","date_gmt":"2024-10-08T11:53:49","guid":{"rendered":"https:\/\/cineslys.com\/?post_type=tribe_events&#038;p=5949"},"modified":"2024-10-16T19:16:47","modified_gmt":"2024-10-16T19:16:47","slug":"estreno-coloquio-valenciana-con-jordi-nunez-y-equipo-artistico","status":"publish","type":"tribe_events","link":"https:\/\/cineslys.com\/val\/calendario\/estreno-coloquio-valenciana-con-jordi-nunez-y-equipo-artistico\/","title":{"rendered":"Estreno + Coloquio: Valenciana con Jordi N\u00fa\u00f1ez y equipo art\u00edstico"},"content":{"rendered":"<h3><b>Estreno: Valenciana con Jordi N\u00fa\u00f1ez<\/b><\/h3>\n<h3>Viernes 18 de octubre 20:35h<\/h3>\n<h3>Con presencia de Jordi N\u00fa\u00f1ez, T\u00e0nia Fortea, Sandra Cervera , Conchi Espejo, Amparo Fern\u00e1ndez , Jaime Linares, Jos\u00e9 Manuel Casany, Laura Beneito. Fernando Guallar\u00a0(por confirmar)<\/h3>\n<p>Con motivo del estreno de Valenciana, contaremos con un pase especial el pr\u00f3ximo viernes 18 de octubre a las 20:35h pase con presentaci\u00f3n y coloquio del equipo art\u00edstico de la pel\u00edcula. Reserva ya tu entrada. <\/p>\n<p><strong>Sinopsis<\/strong>: Tres j\u00f3venes amigas periodistas tratan de encontrar su lugar en una Espa\u00f1a en constante cambio, la Espa\u00f1a del progreso y las Olimpiadas. A pesar de su ilusi\u00f3n por formar parte de la nueva modernidad renovadora, las tres protagonistas descubrir\u00e1n a la fuerza la parte oculta y m\u00e1s oscura del nuevo mundo que el progreso les ofrece. Mientras Val\u00e8ria (\u00c0ngela Cervantes) debe superar su adicci\u00f3n a las nuevas drogas sint\u00e9ticas; Ana (T\u00e0nia Fortea) tendr\u00e1 que aceptar trabajar en programas de nueva y truculenta telerrealidad; mientras que Encarna (Conchi Espejo) entrar\u00e1 a formar parte de un agresivo equipo de comunicaci\u00f3n de partido. Esta nueva situaci\u00f3n pondr\u00e1 a prueba su integridad, su dignidad y sus criterios \u00e9ticos, mientras intentan salvar su amistad.<\/p>\n<p><a href=\"https:\/\/www.reservaentradas.com\/entrada\/valencia\/cineslys\/valenciana\/354824\/?step=2\" rel=\"nofollow noopener\" target=\"_blank\"> <button>Reserva tu entrada<\/button> <\/a><\/p>\n<p><iframe title=\"Tr\u00e1iler Valenciana de Jordi N\u00fa\u00f1ez - Estreno 18 de octubre en Cines\" width=\"750\" height=\"422\" src=\"https:\/\/www.youtube.com\/embed\/5WYcIn28r30?feature=oembed\" frameborder=\"0\" allow=\"accelerometer; autoplay; clipboard-write; encrypted-media; gyroscope; picture-in-picture; web-share\" referrerpolicy=\"strict-origin-when-cross-origin\" allowfullscreen><\/iframe><\/p>","protected":false},"excerpt":{"rendered":"<p>Estreno: Valenciana con Jordi N\u00fa\u00f1ez Viernes 18 de octubre 20:35h Con presencia de Jordi N\u00fa\u00f1ez, T\u00e0nia Fortea, Sandra Cervera , Conchi Espejo, Amparo Fern\u00e1ndez , Jaime Linares, Jos\u00e9 Manuel Casany,&hellip; <a class=\"more-link\" href=\"https:\/\/cineslys.com\/val\/calendario\/estreno-coloquio-valenciana-con-jordi-nunez-y-equipo-artistico\/\">Continue reading <span class=\"screen-reader-text\">Estreno + Coloquio: Valenciana con Jordi N\u00fa\u00f1ez y equipo art\u00edstico<\/span><\/a><\/p>","protected":false},"author":1,"featured_media":6083,"template":"","meta":{"_tribe_events_status":"","_tribe_events_status_reason":"","footnotes":""},"tags":[],"tribe_events_cat":[26,19],"class_list":["post-5949","tribe_events","type-tribe_events","status-publish","has-post-thumbnail","hentry","tribe_events_cat-estrenos","tribe_events_cat-visita-de-directores","cat_estrenos","cat_visita-de-directores","entry"],"_links":{"self":[{"href":"https:\/\/cineslys.com\/val\/wp-json\/wp\/v2\/tribe_events\/5949","targetHints":{"allow":["GET"]}}],"collection":[{"href":"https:\/\/cineslys.com\/val\/wp-json\/wp\/v2\/tribe_events"}],"about":[{"href":"https:\/\/cineslys.com\/val\/wp-json\/wp\/v2\/types\/tribe_events"}],"author":[{"embeddable":true,"href":"https:\/\/cineslys.com\/val\/wp-json\/wp\/v2\/users\/1"}],"version-history":[{"count":0,"href":"https:\/\/cineslys.com\/val\/wp-json\/wp\/v2\/tribe_events\/5949\/revisions"}],"wp:featuredmedia":[{"embeddable":true,"href":"https:\/\/cineslys.com\/val\/wp-json\/wp\/v2\/media\/6083"}],"wp:attachment":[{"href":"https:\/\/cineslys.com\/val\/wp-json\/wp\/v2\/media?parent=5949"}],"wp:term":[{"taxonomy":"post_tag","embeddable":true,"href":"https:\/\/cineslys.com\/val\/wp-json\/wp\/v2\/tags?post=5949"},{"taxonomy":"tribe_events_cat","embeddable":true,"href":"https:\/\/cineslys.com\/val\/wp-json\/wp\/v2\/tribe_events_cat?post=5949"}],"curies":[{"name":"wp","href":"https:\/\/api.w.org\/{rel}","templated":true}]}}

Estreno + Coloquio: Valenciana con Jordi Núñez y equipo artístico

<h3><b>Estreno: Valenciana con Jordi Núñez</b></h3>
<h3>Viernes 18 de octubre 20:35h</h3>
<h3>Con presencia de Jordi Núñez, Tània Fortea, Sandra Cervera , Conchi Espejo, Amparo Fernández , Jaime Linares, José Manuel Casany, Laura Beneito. Fernando Guallar (por confirmar)</h3>
<p>Con motivo del estreno de Valenciana, contaremos con un pase especial el próximo viernes 18 de octubre a las 20:35h pase con presentación y coloquio del equipo artístico de la película. Reserva ya tu entrada. </p>
<p><strong>Sinopsis</strong>: Tres jóvenes amigas periodistas tratan de encontrar su lugar en una España en constante cambio, la España del progreso y las Olimpiadas. A pesar de su ilusión por formar parte de la nueva modernidad renovadora, las tres protagonistas descubrirán a la fuerza la parte oculta y más oscura del nuevo mundo que el progreso les ofrece. Mientras Valèria (Àngela Cervantes) debe superar su adicción a las nuevas drogas sintéticas; Ana (Tània Fortea) tendrá que aceptar trabajar en programas de nueva y truculenta telerrealidad; mientras que Encarna (Conchi Espejo) entrará a formar parte de un agresivo equipo de comunicación de partido. Esta nueva situación pondrá a prueba su integridad, su dignidad y sus criterios éticos, mientras intentan salvar su amistad.</p>
<p><a href="https://www.reservaentradas.com/entrada/valencia/cineslys/valenciana/354824/?step=2" rel="nofollow noopener" target="_blank"> <button>Reserva tu entrada</button> </a></p>
<p><iframe title="Tráiler Valenciana de Jordi Núñez - Estreno 18 de octubre en Cines" width="750" height="422" src="https://www.youtube.com/embed/5WYcIn28r30?feature=oembed" frameborder="0" allow="accelerometer; autoplay; clipboard-write; encrypted-media; gyroscope; picture-in-picture; web-share" referrerpolicy="strict-origin-when-cross-origin" allowfullscreen></iframe></p>

<p>Estreno: Valenciana con Jordi Núñez Viernes 18 de octubre 20:35h Con presencia de Jordi Núñez, Tània Fortea, Sandra Cervera , Conchi Espejo, Amparo Fernández , Jaime Linares, José Manuel Casany,&hellip; <a class="more-link" href="https://cineslys.com/val/calendario/estreno-coloquio-valenciana-con-jordi-nunez-y-equipo-artistico/">Continue reading <span class="screen-reader-text">Estreno + Coloquio: Valenciana con Jordi Núñez y equipo artístico</span></a></p>
