									
{"id":6497,"date":"2024-11-12T16:27:06","date_gmt":"2024-11-12T16:27:06","guid":{"rendered":"https:\/\/cineslys.com\/?post_type=tribe_events&#038;p=6497"},"modified":"2024-11-17T07:58:34","modified_gmt":"2024-11-17T07:58:34","slug":"cine-club-lys-escanyapobres-con-presencia-de-ibai-abad","status":"publish","type":"tribe_events","link":"https:\/\/cineslys.com\/val\/calendario\/cine-club-lys-escanyapobres-con-presencia-de-ibai-abad\/","title":{"rendered":"Cine Club Lys: \u00abEscanyapobres\u00bb con presencia de Ibai Abad, \u00c0lex Brendem\u00fchl y Mireia Vilapuig"},"content":{"rendered":"<h3><b>Cine Club Lys: Escanyapobres con Ibai Abad, \u00c0lex Bredem\u00fchl y Mireia Vilapuig<\/b><\/h3>\n<h3>Lunes 25 de noviembre 16:30h &#8211; 18:00h &#8211; 19:30h<\/h3>\n<h6><a href=\"https:\/\/cineclublys.com\/matricula\/\" rel=\"nofollow noopener\" target=\"_blank\"><span style=\"color: #de0000;\">Matr\u00edcula abierta Cine Club Lys 2024-2025. Precio socio 5,50. No socio a 20\u20ac <\/span><\/a><\/h6>\n<p>El 25 de noviembre contaremos con el joven director Ibai Abad, el actor \u00c0lex Bredem\u00fchl y Mireia Vilapuig, quienes nos presentar\u00e1n su pr\u00f3ximo t\u00edtulo \u00abEscanyapobres\u00bb que est\u00e1 triunfando en los Festivales donde est\u00e1 pasando. Su estreno en Cines es para el viernes 29 de noviembre.<\/p>\n<p><strong>Sinopsis<\/strong>:Finales del siglo XIX. La llegada del tren a un pueblo aislado trae el anhelado progreso, pero tambi\u00e9n a Oleguer, un oscuro usurero con negocios turbios. Cuando expropia y se queda en la mas\u00eda de Cileta y de su familia, la joven campesina har\u00e1 todo lo posible para recuperar su casa. Aunque esto signifique seguir los oscuros pasos del usurero.<\/p>\n<p><a href=\"https:\/\/www.reservaentradas.com\/sesiones\/valencia\/cineslys\/cine-club-lys-escanyapobres\/6388\" rel=\"nofollow noopener\" target=\"_blank\"> <button>Reserva tu entrada<\/button> <\/a><\/p>\n<p><iframe title=\"Escanyapobres Tr\u00e0iler Catal\u00e0 Subtitulat al castell\u00e0 - 29 de novembre als Cinemes\" width=\"750\" height=\"422\" src=\"https:\/\/www.youtube.com\/embed\/j1j2ApeEX9o?feature=oembed\" frameborder=\"0\" allow=\"accelerometer; autoplay; clipboard-write; encrypted-media; gyroscope; picture-in-picture; web-share\" referrerpolicy=\"strict-origin-when-cross-origin\" allowfullscreen><\/iframe><\/p>","protected":false},"excerpt":{"rendered":"<p>Cine Club Lys: Escanyapobres con Ibai Abad, \u00c0lex Bredem\u00fchl y Mireia Vilapuig Lunes 25 de noviembre 16:30h &#8211; 18:00h &#8211; 19:30h Matr\u00edcula abierta Cine Club Lys 2024-2025. Precio socio 5,50.&hellip; <a class=\"more-link\" href=\"https:\/\/cineslys.com\/val\/calendario\/cine-club-lys-escanyapobres-con-presencia-de-ibai-abad\/\">Continue reading <span class=\"screen-reader-text\">Cine Club Lys: \u00abEscanyapobres\u00bb con presencia de Ibai Abad, \u00c0lex Brendem\u00fchl y Mireia Vilapuig<\/span><\/a><\/p>","protected":false},"author":1,"featured_media":6565,"template":"","meta":{"_tribe_events_status":"","_tribe_events_status_reason":"","footnotes":""},"tags":[],"tribe_events_cat":[18,19],"class_list":["post-6497","tribe_events","type-tribe_events","status-publish","has-post-thumbnail","hentry","tribe_events_cat-cine-club","tribe_events_cat-visita-de-directores","cat_cine-club","cat_visita-de-directores","entry"],"_links":{"self":[{"href":"https:\/\/cineslys.com\/val\/wp-json\/wp\/v2\/tribe_events\/6497","targetHints":{"allow":["GET"]}}],"collection":[{"href":"https:\/\/cineslys.com\/val\/wp-json\/wp\/v2\/tribe_events"}],"about":[{"href":"https:\/\/cineslys.com\/val\/wp-json\/wp\/v2\/types\/tribe_events"}],"author":[{"embeddable":true,"href":"https:\/\/cineslys.com\/val\/wp-json\/wp\/v2\/users\/1"}],"version-history":[{"count":0,"href":"https:\/\/cineslys.com\/val\/wp-json\/wp\/v2\/tribe_events\/6497\/revisions"}],"wp:featuredmedia":[{"embeddable":true,"href":"https:\/\/cineslys.com\/val\/wp-json\/wp\/v2\/media\/6565"}],"wp:attachment":[{"href":"https:\/\/cineslys.com\/val\/wp-json\/wp\/v2\/media?parent=6497"}],"wp:term":[{"taxonomy":"post_tag","embeddable":true,"href":"https:\/\/cineslys.com\/val\/wp-json\/wp\/v2\/tags?post=6497"},{"taxonomy":"tribe_events_cat","embeddable":true,"href":"https:\/\/cineslys.com\/val\/wp-json\/wp\/v2\/tribe_events_cat?post=6497"}],"curies":[{"name":"wp","href":"https:\/\/api.w.org\/{rel}","templated":true}]}}

Cine Club Lys: «Escanyapobres» con presencia de Ibai Abad, Àlex Brendemühl y Mireia Vilapuig

<h3><b>Cine Club Lys: Escanyapobres con Ibai Abad, Àlex Bredemühl y Mireia Vilapuig</b></h3>
<h3>Lunes 25 de noviembre 16:30h &#8211; 18:00h &#8211; 19:30h</h3>
<h6><a href="https://cineclublys.com/matricula/" rel="nofollow noopener" target="_blank"><span style="color: #de0000;">Matrícula abierta Cine Club Lys 2024-2025. Precio socio 5,50. No socio a 20€ </span></a></h6>
<p>El 25 de noviembre contaremos con el joven director Ibai Abad, el actor Àlex Bredemühl y Mireia Vilapuig, quienes nos presentarán su próximo título «Escanyapobres» que está triunfando en los Festivales donde está pasando. Su estreno en Cines es para el viernes 29 de noviembre.</p>
<p><strong>Sinopsis</strong>:Finales del siglo XIX. La llegada del tren a un pueblo aislado trae el anhelado progreso, pero también a Oleguer, un oscuro usurero con negocios turbios. Cuando expropia y se queda en la masía de Cileta y de su familia, la joven campesina hará todo lo posible para recuperar su casa. Aunque esto signifique seguir los oscuros pasos del usurero.</p>
<p><a href="https://www.reservaentradas.com/sesiones/valencia/cineslys/cine-club-lys-escanyapobres/6388" rel="nofollow noopener" target="_blank"> <button>Reserva tu entrada</button> </a></p>
<p><iframe title="Escanyapobres Tràiler Català Subtitulat al castellà - 29 de novembre als Cinemes" width="750" height="422" src="https://www.youtube.com/embed/j1j2ApeEX9o?feature=oembed" frameborder="0" allow="accelerometer; autoplay; clipboard-write; encrypted-media; gyroscope; picture-in-picture; web-share" referrerpolicy="strict-origin-when-cross-origin" allowfullscreen></iframe></p>

<p>Cine Club Lys: Escanyapobres con Ibai Abad, Àlex Bredemühl y Mireia Vilapuig Lunes 25 de noviembre 16:30h &#8211; 18:00h &#8211; 19:30h Matrícula abierta Cine Club Lys 2024-2025. Precio socio 5,50.&hellip; <a class="more-link" href="https://cineslys.com/val/calendario/cine-club-lys-escanyapobres-con-presencia-de-ibai-abad/">Continue reading <span class="screen-reader-text">Cine Club Lys: «Escanyapobres» con presencia de Ibai Abad, Àlex Brendemühl y Mireia Vilapuig</span></a></p>
