									
{"id":6806,"date":"2024-12-03T15:22:36","date_gmt":"2024-12-03T15:22:36","guid":{"rendered":"https:\/\/cineslys.com\/?post_type=tribe_events&#038;p=6806"},"modified":"2024-12-03T16:27:55","modified_gmt":"2024-12-03T16:27:55","slug":"recogida-de-fondos-reapertura-mn4","status":"publish","type":"tribe_events","link":"https:\/\/cineslys.com\/val\/calendario\/recogida-de-fondos-reapertura-mn4\/","title":{"rendered":"Recogida de fondos reapertura MN4"},"content":{"rendered":"<p>Hemos lanzado una nueva iniciativa solidaria para apoyar a nuestros amigos de <strong>Cines MN4 de Alfafar<\/strong>. Desde hoy, <strong>3 de diciembre<\/strong>, y hasta su reapertura, podr\u00e1s colaborar con una donaci\u00f3n a trav\u00e9s de nuestra venta online, cajeros autom\u00e1ticos (ATM) o en taquilla, con importes desde tan solo <strong>1\u20ac<\/strong>.<\/p>\n<p>Queremos rendir homenaje al <strong>equipo de los Cines MN4 y al Grupo Mart\u00ed<\/strong>, quienes, la noche del 29 de octubre durante la fat\u00eddica DANA, tomaron la valiente decisi\u00f3n de abrir las puertas de sus cines, <strong>salvando vidas<\/strong> al ofrecer refugio a clientes y trabajadores del centro comercial. Este acto heroico, sumado a la amistad que nos une, nos inspira a apoyarlos en este momento dif\u00edcil para facilitar su pronta reapertura.<\/p>\n<p>Confiamos en que pronto recobremos la normalidad. Mientras tanto, desde Cines Lys continuaremos impulsando iniciativas para ayudar a los afectados por la DANA.<\/p>\n<p><strong>Gracias por ser parte de esta causa. Tu apoyo marca la diferencia.<\/strong><\/p>","protected":false},"excerpt":{"rendered":"<p>Hemos lanzado una nueva iniciativa solidaria para apoyar a nuestros amigos de Cines MN4 de Alfafar. Desde hoy, 3 de diciembre, y hasta su reapertura, podr\u00e1s colaborar con una donaci\u00f3n&hellip; <a class=\"more-link\" href=\"https:\/\/cineslys.com\/val\/calendario\/recogida-de-fondos-reapertura-mn4\/\">Continue reading <span class=\"screen-reader-text\">Recogida de fondos reapertura MN4<\/span><\/a><\/p>","protected":false},"author":1,"featured_media":6808,"template":"","meta":{"_tribe_events_status":"","_tribe_events_status_reason":"","footnotes":""},"tags":[],"tribe_events_cat":[24],"class_list":["post-6806","tribe_events","type-tribe_events","status-publish","has-post-thumbnail","hentry","tribe_events_cat-eventos","cat_eventos","entry"],"_links":{"self":[{"href":"https:\/\/cineslys.com\/val\/wp-json\/wp\/v2\/tribe_events\/6806","targetHints":{"allow":["GET"]}}],"collection":[{"href":"https:\/\/cineslys.com\/val\/wp-json\/wp\/v2\/tribe_events"}],"about":[{"href":"https:\/\/cineslys.com\/val\/wp-json\/wp\/v2\/types\/tribe_events"}],"author":[{"embeddable":true,"href":"https:\/\/cineslys.com\/val\/wp-json\/wp\/v2\/users\/1"}],"version-history":[{"count":0,"href":"https:\/\/cineslys.com\/val\/wp-json\/wp\/v2\/tribe_events\/6806\/revisions"}],"wp:featuredmedia":[{"embeddable":true,"href":"https:\/\/cineslys.com\/val\/wp-json\/wp\/v2\/media\/6808"}],"wp:attachment":[{"href":"https:\/\/cineslys.com\/val\/wp-json\/wp\/v2\/media?parent=6806"}],"wp:term":[{"taxonomy":"post_tag","embeddable":true,"href":"https:\/\/cineslys.com\/val\/wp-json\/wp\/v2\/tags?post=6806"},{"taxonomy":"tribe_events_cat","embeddable":true,"href":"https:\/\/cineslys.com\/val\/wp-json\/wp\/v2\/tribe_events_cat?post=6806"}],"curies":[{"name":"wp","href":"https:\/\/api.w.org\/{rel}","templated":true}]}}

<p>Hemos lanzado una nueva iniciativa solidaria para apoyar a nuestros amigos de <strong>Cines MN4 de Alfafar</strong>. Desde hoy, <strong>3 de diciembre</strong>, y hasta su reapertura, podrás colaborar con una donación a través de nuestra venta online, cajeros automáticos (ATM) o en taquilla, con importes desde tan solo <strong>1€</strong>.</p>
<p>Queremos rendir homenaje al <strong>equipo de los Cines MN4 y al Grupo Martí</strong>, quienes, la noche del 29 de octubre durante la fatídica DANA, tomaron la valiente decisión de abrir las puertas de sus cines, <strong>salvando vidas</strong> al ofrecer refugio a clientes y trabajadores del centro comercial. Este acto heroico, sumado a la amistad que nos une, nos inspira a apoyarlos en este momento difícil para facilitar su pronta reapertura.</p>
<p>Confiamos en que pronto recobremos la normalidad. Mientras tanto, desde Cines Lys continuaremos impulsando iniciativas para ayudar a los afectados por la DANA.</p>
<p><strong>Gracias por ser parte de esta causa. Tu apoyo marca la diferencia.</strong></p>

<p>Hemos lanzado una nueva iniciativa solidaria para apoyar a nuestros amigos de Cines MN4 de Alfafar. Desde hoy, 3 de diciembre, y hasta su reapertura, podrás colaborar con una donación&hellip; <a class="more-link" href="https://cineslys.com/val/calendario/recogida-de-fondos-reapertura-mn4/">Continue reading <span class="screen-reader-text">Recogida de fondos reapertura MN4</span></a></p>
