									
{"id":6936,"date":"2024-12-11T10:34:28","date_gmt":"2024-12-11T10:34:28","guid":{"rendered":"https:\/\/cineslys.com\/?post_type=tribe_events&#038;p=6936"},"modified":"2024-12-11T10:36:41","modified_gmt":"2024-12-11T10:36:41","slug":"tu-no-eres-yo-con-marisa-crespo-y-moises-romera","status":"publish","type":"tribe_events","link":"https:\/\/cineslys.com\/val\/calendario\/tu-no-eres-yo-con-marisa-crespo-y-moises-romera\/","title":{"rendered":"T\u00fa no eres yo: con Marisa Crespo y Mois\u00e9s Romera"},"content":{"rendered":"<h3><strong>T\u00fa no eres yo: coloquio con Marisa Crespo y Mois\u00e9s Romera<\/strong><\/h3>\n<h4><strong>Viernes 13 y S\u00e1bado 14 de diciembre a las 21:35h<\/strong><\/h4>\n<h4>Pel\u00edcula + coloquio de <strong>T\u00fa no eres yo<\/strong> con presencia de los directores<\/h4>\n<p>Este pr\u00f3ximo viernes y s\u00e1bado tendremos <strong>dos pases especiales<\/strong> donde contaremos con la presencia de los directores <strong>Marisa Crespo<\/strong> y <strong>Mois\u00e9s Romera<\/strong>, que estar\u00e1n dando un coloquio al finalizar la sesi\u00f3n de las 21:35h, donde podr\u00e1n hablar sobre la pel\u00edcula con el p\u00fablico.<\/p>\n<p><strong>Sinopsis:<\/strong> Tras una larga ausencia, Aitana vuelve a casa por Navidad y encuentra que sus padres la han sustituido por una desconocida que usa su ropa, duerme en su cuarto y a la que tratan como a una hija.<\/p>\n<p><a href=\"https:\/\/www.reservaentradas.com\/sesiones\/valencia\/cineslys\/tu-no-eres-yo\/6437?proximamente=true&amp;\" rel=\"nofollow noopener\" target=\"_blank\"> <button>Reserva tu entrada<\/button> <\/a><\/p>\n<p><iframe title=\"T\u00fa no eres yo tr\u00e1iler \/ Estreno 13 de diciembre en Cines\" width=\"750\" height=\"422\" src=\"https:\/\/www.youtube.com\/embed\/XM9O-PjDeE0?start=2&#038;feature=oembed\" frameborder=\"0\" allow=\"accelerometer; autoplay; clipboard-write; encrypted-media; gyroscope; picture-in-picture; web-share\" referrerpolicy=\"strict-origin-when-cross-origin\" allowfullscreen><\/iframe><\/p>","protected":false},"excerpt":{"rendered":"<p>T\u00fa no eres yo: coloquio con Marisa Crespo y Mois\u00e9s Romera Viernes 13 y S\u00e1bado 14 de diciembre a las 21:35h Pel\u00edcula + coloquio de T\u00fa no eres yo con&hellip; <a class=\"more-link\" href=\"https:\/\/cineslys.com\/val\/calendario\/tu-no-eres-yo-con-marisa-crespo-y-moises-romera\/\">Continue reading <span class=\"screen-reader-text\">T\u00fa no eres yo: con Marisa Crespo y Mois\u00e9s Romera<\/span><\/a><\/p>","protected":false},"author":1,"featured_media":6943,"template":"","meta":{"_tribe_events_status":"","_tribe_events_status_reason":"","footnotes":""},"tags":[],"tribe_events_cat":[24],"class_list":["post-6936","tribe_events","type-tribe_events","status-publish","has-post-thumbnail","hentry","tribe_events_cat-eventos","cat_eventos","entry"],"_links":{"self":[{"href":"https:\/\/cineslys.com\/val\/wp-json\/wp\/v2\/tribe_events\/6936","targetHints":{"allow":["GET"]}}],"collection":[{"href":"https:\/\/cineslys.com\/val\/wp-json\/wp\/v2\/tribe_events"}],"about":[{"href":"https:\/\/cineslys.com\/val\/wp-json\/wp\/v2\/types\/tribe_events"}],"author":[{"embeddable":true,"href":"https:\/\/cineslys.com\/val\/wp-json\/wp\/v2\/users\/1"}],"version-history":[{"count":0,"href":"https:\/\/cineslys.com\/val\/wp-json\/wp\/v2\/tribe_events\/6936\/revisions"}],"wp:featuredmedia":[{"embeddable":true,"href":"https:\/\/cineslys.com\/val\/wp-json\/wp\/v2\/media\/6943"}],"wp:attachment":[{"href":"https:\/\/cineslys.com\/val\/wp-json\/wp\/v2\/media?parent=6936"}],"wp:term":[{"taxonomy":"post_tag","embeddable":true,"href":"https:\/\/cineslys.com\/val\/wp-json\/wp\/v2\/tags?post=6936"},{"taxonomy":"tribe_events_cat","embeddable":true,"href":"https:\/\/cineslys.com\/val\/wp-json\/wp\/v2\/tribe_events_cat?post=6936"}],"curies":[{"name":"wp","href":"https:\/\/api.w.org\/{rel}","templated":true}]}}

Tú no eres yo: con Marisa Crespo y Moisés Romera

<h3><strong>Tú no eres yo: coloquio con Marisa Crespo y Moisés Romera</strong></h3>
<h4><strong>Viernes 13 y Sábado 14 de diciembre a las 21:35h</strong></h4>
<h4>Película + coloquio de <strong>Tú no eres yo</strong> con presencia de los directores</h4>
<p>Este próximo viernes y sábado tendremos <strong>dos pases especiales</strong> donde contaremos con la presencia de los directores <strong>Marisa Crespo</strong> y <strong>Moisés Romera</strong>, que estarán dando un coloquio al finalizar la sesión de las 21:35h, donde podrán hablar sobre la película con el público.</p>
<p><strong>Sinopsis:</strong> Tras una larga ausencia, Aitana vuelve a casa por Navidad y encuentra que sus padres la han sustituido por una desconocida que usa su ropa, duerme en su cuarto y a la que tratan como a una hija.</p>
<p><a href="https://www.reservaentradas.com/sesiones/valencia/cineslys/tu-no-eres-yo/6437?proximamente=true&amp;" rel="nofollow noopener" target="_blank"> <button>Reserva tu entrada</button> </a></p>
<p><iframe title="Tú no eres yo tráiler / Estreno 13 de diciembre en Cines" width="750" height="422" src="https://www.youtube.com/embed/XM9O-PjDeE0?start=2&#038;feature=oembed" frameborder="0" allow="accelerometer; autoplay; clipboard-write; encrypted-media; gyroscope; picture-in-picture; web-share" referrerpolicy="strict-origin-when-cross-origin" allowfullscreen></iframe></p>

<p>Tú no eres yo: coloquio con Marisa Crespo y Moisés Romera Viernes 13 y Sábado 14 de diciembre a las 21:35h Película + coloquio de Tú no eres yo con&hellip; <a class="more-link" href="https://cineslys.com/val/calendario/tu-no-eres-yo-con-marisa-crespo-y-moises-romera/">Continue reading <span class="screen-reader-text">Tú no eres yo: con Marisa Crespo y Moisés Romera</span></a></p>
