									
{"id":7048,"date":"2024-12-19T18:32:44","date_gmt":"2024-12-19T18:32:44","guid":{"rendered":"https:\/\/cineslys.com\/?post_type=tribe_events&#038;p=7048"},"modified":"2025-01-21T09:32:08","modified_gmt":"2025-01-21T09:32:08","slug":"cartel-solidario-de-cines-lys","status":"publish","type":"tribe_events","link":"https:\/\/cineslys.com\/val\/calendario\/cartel-solidario-de-cines-lys\/","title":{"rendered":"Cartel Solidario de Cines Lys"},"content":{"rendered":"<h3><strong>Nueva Acci\u00f3n Solidaria<br \/>\nCartel Solidario<\/strong><\/h3>\n<p>Disponemos de varios carteles de pel\u00edculas que ya han pasado por cartelera este 2024. Lo habitual es tirarlos tras usarlos pero creemos que podemos darle un uso mucho mejor <a href=\"https:\/\/cineslys.com\/val\/calendario\/recogida-de-fondos-reapertura-mn4\/\">para ayudar a nuestros amigos de Cines MN4 con la recogida de fondos<\/a>.<\/p>\n<p>Si donas desde 5\u20ac podr\u00e1s <a href=\"https:\/\/docs.google.com\/document\/d\/1yO7eg1aJ1aG5W5nnM-YNgGQ31f0UBfaNOzuSu8CAqk4\/edit?tab=t.0\" rel=\"nofollow noopener\" target=\"_blank\">solicitar uno de los carteles disponibles que tenemos en este listado<\/a>.<\/p>\n<p><b>Condiciones a tener en cuenta:<br \/>\n<\/b>&#8211; Se deber\u00e1 donar desde 5\u20ac a la recogida de fondos que estamos llevando a cabo para Cines MN4. Si ya lo has hecho anteriormente a este anuncio, puedes participar igualmente.<br \/>\nDisponible al <a href=\"https:\/\/www.reservaentradas.com\/cine\/valencia\/cineslys\" rel=\"nofollow noopener\" target=\"_blank\">reservar entradas online<\/a>, en atm o taquilla, tendr\u00e1s la opci\u00f3n de participar en la recogida de fondos. Si lo quieres abonar en taquilla, sin ir al cine a ver una pel\u00edcula, rellena el formulario y espera a que te confirmemos que est\u00e1 preparado.<br \/>\n&#8211; E<a href=\"https:\/\/forms.gle\/zhoaSWuRieH5H37Q6\" rel=\"nofollow noopener\" target=\"_blank\">nv\u00edanos por este formulario tu localizador<\/a> o confirma que vas a pasar por taquilla.<br \/>\n&#8211; Env\u00edanos tu petici\u00f3n en base a<a href=\"https:\/\/docs.google.com\/document\/d\/1yO7eg1aJ1aG5W5nnM-YNgGQ31f0UBfaNOzuSu8CAqk4\/edit?tab=t.0\" rel=\"nofollow noopener\" target=\"_blank\">\u00a0ESTE LISTADO DE CARTELES<\/a><br \/>\n&#8211; Se entregar\u00e1n en orden de petici\u00f3n. En caso de no disponer del que pides podr\u00e1s pedir otro.<br \/>\n&#8211; Hasta agotar existencias<br \/>\n&#8211; Algunos carteles pueden tener peque\u00f1os desperfectos. Se han retirado los que est\u00e9n rotos por el uso normal que hace el cine.<\/p>\n<p><b>Esta acci\u00f3n solidaria estar\u00e1 vigente hasta el 28 de febrero de 2025 o hasta que el Cine MN4 pueda abrir sus puertas.<\/b><\/p>\n<p><a href=\"https:\/\/www.reservaentradas.com\/cine\/valencia\/cineslys\" rel=\"nofollow noopener\" target=\"_blank\"> <button>Quiero donar<\/button> <\/a><\/p>","protected":false},"excerpt":{"rendered":"<p>Nueva Acci\u00f3n Solidaria Cartel Solidario Disponemos de varios carteles de pel\u00edculas que ya han pasado por cartelera este 2024. Lo habitual es tirarlos tras usarlos pero creemos que podemos darle&hellip; <a class=\"more-link\" href=\"https:\/\/cineslys.com\/val\/calendario\/cartel-solidario-de-cines-lys\/\">Continue reading <span class=\"screen-reader-text\">Cartel Solidario de Cines Lys<\/span><\/a><\/p>","protected":false},"author":1,"featured_media":7049,"template":"","meta":{"_tribe_events_status":"","_tribe_events_status_reason":"","footnotes":""},"tags":[],"tribe_events_cat":[24],"class_list":["post-7048","tribe_events","type-tribe_events","status-publish","has-post-thumbnail","hentry","tribe_events_cat-eventos","cat_eventos","entry"],"_links":{"self":[{"href":"https:\/\/cineslys.com\/val\/wp-json\/wp\/v2\/tribe_events\/7048","targetHints":{"allow":["GET"]}}],"collection":[{"href":"https:\/\/cineslys.com\/val\/wp-json\/wp\/v2\/tribe_events"}],"about":[{"href":"https:\/\/cineslys.com\/val\/wp-json\/wp\/v2\/types\/tribe_events"}],"author":[{"embeddable":true,"href":"https:\/\/cineslys.com\/val\/wp-json\/wp\/v2\/users\/1"}],"version-history":[{"count":0,"href":"https:\/\/cineslys.com\/val\/wp-json\/wp\/v2\/tribe_events\/7048\/revisions"}],"wp:featuredmedia":[{"embeddable":true,"href":"https:\/\/cineslys.com\/val\/wp-json\/wp\/v2\/media\/7049"}],"wp:attachment":[{"href":"https:\/\/cineslys.com\/val\/wp-json\/wp\/v2\/media?parent=7048"}],"wp:term":[{"taxonomy":"post_tag","embeddable":true,"href":"https:\/\/cineslys.com\/val\/wp-json\/wp\/v2\/tags?post=7048"},{"taxonomy":"tribe_events_cat","embeddable":true,"href":"https:\/\/cineslys.com\/val\/wp-json\/wp\/v2\/tribe_events_cat?post=7048"}],"curies":[{"name":"wp","href":"https:\/\/api.w.org\/{rel}","templated":true}]}}

<h3><strong>Nueva Acción Solidaria<br />
Cartel Solidario</strong></h3>
<p>Disponemos de varios carteles de películas que ya han pasado por cartelera este 2024. Lo habitual es tirarlos tras usarlos pero creemos que podemos darle un uso mucho mejor <a href="https://cineslys.com/val/calendario/recogida-de-fondos-reapertura-mn4/">para ayudar a nuestros amigos de Cines MN4 con la recogida de fondos</a>.</p>
<p>Si donas desde 5€ podrás <a href="https://docs.google.com/document/d/1yO7eg1aJ1aG5W5nnM-YNgGQ31f0UBfaNOzuSu8CAqk4/edit?tab=t.0" rel="nofollow noopener" target="_blank">solicitar uno de los carteles disponibles que tenemos en este listado</a>.</p>
<p><b>Condiciones a tener en cuenta:<br />
</b>&#8211; Se deberá donar desde 5€ a la recogida de fondos que estamos llevando a cabo para Cines MN4. Si ya lo has hecho anteriormente a este anuncio, puedes participar igualmente.<br />
Disponible al <a href="https://www.reservaentradas.com/cine/valencia/cineslys" rel="nofollow noopener" target="_blank">reservar entradas online</a>, en atm o taquilla, tendrás la opción de participar en la recogida de fondos. Si lo quieres abonar en taquilla, sin ir al cine a ver una película, rellena el formulario y espera a que te confirmemos que está preparado.<br />
&#8211; E<a href="https://forms.gle/zhoaSWuRieH5H37Q6" rel="nofollow noopener" target="_blank">nvíanos por este formulario tu localizador</a> o confirma que vas a pasar por taquilla.<br />
&#8211; Envíanos tu petición en base a<a href="https://docs.google.com/document/d/1yO7eg1aJ1aG5W5nnM-YNgGQ31f0UBfaNOzuSu8CAqk4/edit?tab=t.0" rel="nofollow noopener" target="_blank"> ESTE LISTADO DE CARTELES</a><br />
&#8211; Se entregarán en orden de petición. En caso de no disponer del que pides podrás pedir otro.<br />
&#8211; Hasta agotar existencias<br />
&#8211; Algunos carteles pueden tener pequeños desperfectos. Se han retirado los que estén rotos por el uso normal que hace el cine.</p>
<p><b>Esta acción solidaria estará vigente hasta el 28 de febrero de 2025 o hasta que el Cine MN4 pueda abrir sus puertas.</b></p>
<p><a href="https://www.reservaentradas.com/cine/valencia/cineslys" rel="nofollow noopener" target="_blank"> <button>Quiero donar</button> </a></p>

<p>Nueva Acción Solidaria Cartel Solidario Disponemos de varios carteles de películas que ya han pasado por cartelera este 2024. Lo habitual es tirarlos tras usarlos pero creemos que podemos darle&hellip; <a class="more-link" href="https://cineslys.com/val/calendario/cartel-solidario-de-cines-lys/">Continue reading <span class="screen-reader-text">Cartel Solidario de Cines Lys</span></a></p>
