									
{"id":7129,"date":"2025-01-03T09:27:59","date_gmt":"2025-01-03T09:27:59","guid":{"rendered":"https:\/\/cineslys.com\/?post_type=tribe_events&#038;p=7129"},"modified":"2025-01-03T10:12:47","modified_gmt":"2025-01-03T10:12:47","slug":"cita-a-ciegas-con-el-cine-14-de-enero","status":"publish","type":"tribe_events","link":"https:\/\/cineslys.com\/val\/calendario\/cita-a-ciegas-con-el-cine-14-de-enero\/","title":{"rendered":"Cita a Ciegas con el Cine: 14 de enero"},"content":{"rendered":"<h3><b>Cita a Ciegas con el Cine: 14 de enero<\/b><\/h3>\n<h6><a href=\"https:\/\/forms.gle\/CLX2ttBQPB1eZGZ36\" rel=\"nofollow noopener\" target=\"_blank\"><span style=\"color: #de0000;\">\u00danete a nuestra Newsletter de Cita a Ciegas y participa en las porras semanales<\/span><\/a><\/h6>\n<p>Vuelve Cita a Ciegas!<\/p>\n<p>En el \u00faltimo del a\u00f1o, tuvimos la ocasi\u00f3n de ver en preestreno \u00ab<strong>Parthenope<\/strong>\u00bb, dirigida por Paolo Sorrentino y protagonizada por Celeste Dalla Porta, Gary Oldman, Stefania Sandrelli, entre otros.<\/p>\n<p>Ya en cines.<\/p>\n<p>\u00bfCu\u00e1l ser\u00e1 la pel\u00edcula del primer Cita a Ciegas del a\u00f1o? Ven y desc\u00fabrelo.<\/p>\n<p><strong><a href=\"https:\/\/cineslys.com\/val\/socios\/\">Hazte socio de Cines Lys gratuitamente y acumula puntos comprando a 5\u20ac<\/a><\/strong><\/p>\n<p><a href=\"https:\/\/reservaentradas.com\/entrada\/valencia\/cineslys\/cita-a-ciegas-con-el-cine\/359080\/?step=2\" rel=\"nofollow noopener\" target=\"_blank\"> <button>Reserva tu entrada<\/button> <\/a><\/p>\n<p><iframe title=\"Cita a Ciegas con el Cine: Parthenope\" width=\"750\" height=\"422\" src=\"https:\/\/www.youtube.com\/embed\/oC2sENly-dM?start=9&#038;feature=oembed\" frameborder=\"0\" allow=\"accelerometer; autoplay; clipboard-write; encrypted-media; gyroscope; picture-in-picture; web-share\" referrerpolicy=\"strict-origin-when-cross-origin\" allowfullscreen><\/iframe><\/p>","protected":false},"excerpt":{"rendered":"<p>Cita a Ciegas con el Cine: 14 de enero \u00danete a nuestra Newsletter de Cita a Ciegas y participa en las porras semanales Vuelve Cita a Ciegas! En el \u00faltimo&hellip; <a class=\"more-link\" href=\"https:\/\/cineslys.com\/val\/calendario\/cita-a-ciegas-con-el-cine-14-de-enero\/\">Continue reading <span class=\"screen-reader-text\">Cita a Ciegas con el Cine: 14 de enero<\/span><\/a><\/p>","protected":false},"author":1,"featured_media":7161,"template":"","meta":{"_tribe_events_status":"","_tribe_events_status_reason":"","footnotes":""},"tags":[],"tribe_events_cat":[16],"class_list":["post-7129","tribe_events","type-tribe_events","status-publish","has-post-thumbnail","hentry","tribe_events_cat-cita-a-ciegas","cat_cita-a-ciegas","entry"],"_links":{"self":[{"href":"https:\/\/cineslys.com\/val\/wp-json\/wp\/v2\/tribe_events\/7129","targetHints":{"allow":["GET"]}}],"collection":[{"href":"https:\/\/cineslys.com\/val\/wp-json\/wp\/v2\/tribe_events"}],"about":[{"href":"https:\/\/cineslys.com\/val\/wp-json\/wp\/v2\/types\/tribe_events"}],"author":[{"embeddable":true,"href":"https:\/\/cineslys.com\/val\/wp-json\/wp\/v2\/users\/1"}],"version-history":[{"count":0,"href":"https:\/\/cineslys.com\/val\/wp-json\/wp\/v2\/tribe_events\/7129\/revisions"}],"wp:featuredmedia":[{"embeddable":true,"href":"https:\/\/cineslys.com\/val\/wp-json\/wp\/v2\/media\/7161"}],"wp:attachment":[{"href":"https:\/\/cineslys.com\/val\/wp-json\/wp\/v2\/media?parent=7129"}],"wp:term":[{"taxonomy":"post_tag","embeddable":true,"href":"https:\/\/cineslys.com\/val\/wp-json\/wp\/v2\/tags?post=7129"},{"taxonomy":"tribe_events_cat","embeddable":true,"href":"https:\/\/cineslys.com\/val\/wp-json\/wp\/v2\/tribe_events_cat?post=7129"}],"curies":[{"name":"wp","href":"https:\/\/api.w.org\/{rel}","templated":true}]}}

<h3><b>Cita a Ciegas con el Cine: 14 de enero</b></h3>
<h6><a href="https://forms.gle/CLX2ttBQPB1eZGZ36" rel="nofollow noopener" target="_blank"><span style="color: #de0000;">Únete a nuestra Newsletter de Cita a Ciegas y participa en las porras semanales</span></a></h6>
<p>Vuelve Cita a Ciegas!</p>
<p>En el último del año, tuvimos la ocasión de ver en preestreno «<strong>Parthenope</strong>», dirigida por Paolo Sorrentino y protagonizada por Celeste Dalla Porta, Gary Oldman, Stefania Sandrelli, entre otros.</p>
<p>Ya en cines.</p>
<p>¿Cuál será la película del primer Cita a Ciegas del año? Ven y descúbrelo.</p>
<p><strong><a href="https://cineslys.com/val/socios/">Hazte socio de Cines Lys gratuitamente y acumula puntos comprando a 5€</a></strong></p>
<p><a href="https://reservaentradas.com/entrada/valencia/cineslys/cita-a-ciegas-con-el-cine/359080/?step=2" rel="nofollow noopener" target="_blank"> <button>Reserva tu entrada</button> </a></p>
<p><iframe title="Cita a Ciegas con el Cine: Parthenope" width="750" height="422" src="https://www.youtube.com/embed/oC2sENly-dM?start=9&#038;feature=oembed" frameborder="0" allow="accelerometer; autoplay; clipboard-write; encrypted-media; gyroscope; picture-in-picture; web-share" referrerpolicy="strict-origin-when-cross-origin" allowfullscreen></iframe></p>

<p>Cita a Ciegas con el Cine: 14 de enero Únete a nuestra Newsletter de Cita a Ciegas y participa en las porras semanales Vuelve Cita a Ciegas! En el último&hellip; <a class="more-link" href="https://cineslys.com/val/calendario/cita-a-ciegas-con-el-cine-14-de-enero/">Continue reading <span class="screen-reader-text">Cita a Ciegas con el Cine: 14 de enero</span></a></p>
