									
{"id":7134,"date":"2025-01-02T09:03:47","date_gmt":"2025-01-02T09:03:47","guid":{"rendered":"https:\/\/cineslys.com\/?post_type=tribe_events&#038;p=7134"},"modified":"2025-01-02T09:03:47","modified_gmt":"2025-01-02T09:03:47","slug":"proyecto-viridiana-la-mitad-de-ana-con-marta-nieto","status":"publish","type":"tribe_events","link":"https:\/\/cineslys.com\/val\/calendario\/proyecto-viridiana-la-mitad-de-ana-con-marta-nieto\/","title":{"rendered":"Proyecto Viridiana: \u00abLa Mitad de Ana\u00bb con Marta Nieto"},"content":{"rendered":"<h3><strong>Proyecto Viridiana: \u00abLa Mitad de Ana\u00bb con Marta Nieto<\/strong><\/h3>\n<h3>Jueves, 9 de enero 19:30h<\/h3>\n<p>Vuelve \u00abProyecto Viridiana\u00bb con un nuevo pase. En este caso, contaremos con la presencia de la directora Marta Nieto.<\/p>\n<p>Los espectadores podr\u00e1n mandar sus preguntas desde un QR que se proyectar\u00e1 antes de comenzar la pel\u00edcula, as\u00ed como durante el coloquio.<\/p>\n<p><strong>Sinopsis:<\/strong> Ana compagina su trabajo de vigilante de sala en un museo con el cuidado de Son, su hija de ocho a\u00f1os. Separada desde hace tiempo, su rutina se rompe con el inicio del curso escolar cuando Son inicia una exploraci\u00f3n de identidad. Desorientada, Ana empezar\u00e1 a ver las cosas de otra manera y poco a poco tendr\u00e1 que reencontrarse con la mujer que fue antes de ser madre. Para poder acompa\u00f1ar a su hija, Ana tendr\u00e1 que volver a ser Ana.<\/p>\n<p><a href=\"https:\/\/www.reservaentradas.com\/sesiones\/valencia\/cineslys\/proyecto-viridiana-la-mitad-de-ana\/6453?proximamente=true&amp;\" rel=\"nofollow noopener\" target=\"_blank\"> <button>Reserva tu entrada<\/button> <\/a><\/p>\n<p><iframe title=\"La mitad de Ana, de Marta Nieto | Tr\u00e1iler | Estreno en cines el 10 de enero de 2025\" width=\"750\" height=\"422\" src=\"https:\/\/www.youtube.com\/embed\/yweYQzPSYJk?feature=oembed\" frameborder=\"0\" allow=\"accelerometer; autoplay; clipboard-write; encrypted-media; gyroscope; picture-in-picture; web-share\" referrerpolicy=\"strict-origin-when-cross-origin\" allowfullscreen><\/iframe><\/p>","protected":false},"excerpt":{"rendered":"<p>Proyecto Viridiana: \u00abLa Mitad de Ana\u00bb con Marta Nieto Jueves, 9 de enero 19:30h Vuelve \u00abProyecto Viridiana\u00bb con un nuevo pase. En este caso, contaremos con la presencia de la&hellip; <a class=\"more-link\" href=\"https:\/\/cineslys.com\/val\/calendario\/proyecto-viridiana-la-mitad-de-ana-con-marta-nieto\/\">Continue reading <span class=\"screen-reader-text\">Proyecto Viridiana: \u00abLa Mitad de Ana\u00bb con Marta Nieto<\/span><\/a><\/p>","protected":false},"author":1,"featured_media":7135,"template":"","meta":{"_tribe_events_status":"","_tribe_events_status_reason":"","footnotes":""},"tags":[],"tribe_events_cat":[32],"class_list":["post-7134","tribe_events","type-tribe_events","status-publish","has-post-thumbnail","hentry","tribe_events_cat-proyecto-viridiana","cat_proyecto-viridiana","entry"],"_links":{"self":[{"href":"https:\/\/cineslys.com\/val\/wp-json\/wp\/v2\/tribe_events\/7134","targetHints":{"allow":["GET"]}}],"collection":[{"href":"https:\/\/cineslys.com\/val\/wp-json\/wp\/v2\/tribe_events"}],"about":[{"href":"https:\/\/cineslys.com\/val\/wp-json\/wp\/v2\/types\/tribe_events"}],"author":[{"embeddable":true,"href":"https:\/\/cineslys.com\/val\/wp-json\/wp\/v2\/users\/1"}],"version-history":[{"count":0,"href":"https:\/\/cineslys.com\/val\/wp-json\/wp\/v2\/tribe_events\/7134\/revisions"}],"wp:featuredmedia":[{"embeddable":true,"href":"https:\/\/cineslys.com\/val\/wp-json\/wp\/v2\/media\/7135"}],"wp:attachment":[{"href":"https:\/\/cineslys.com\/val\/wp-json\/wp\/v2\/media?parent=7134"}],"wp:term":[{"taxonomy":"post_tag","embeddable":true,"href":"https:\/\/cineslys.com\/val\/wp-json\/wp\/v2\/tags?post=7134"},{"taxonomy":"tribe_events_cat","embeddable":true,"href":"https:\/\/cineslys.com\/val\/wp-json\/wp\/v2\/tribe_events_cat?post=7134"}],"curies":[{"name":"wp","href":"https:\/\/api.w.org\/{rel}","templated":true}]}}

<h3><strong>Proyecto Viridiana: «La Mitad de Ana» con Marta Nieto</strong></h3>
<h3>Jueves, 9 de enero 19:30h</h3>
<p>Vuelve «Proyecto Viridiana» con un nuevo pase. En este caso, contaremos con la presencia de la directora Marta Nieto.</p>
<p>Los espectadores podrán mandar sus preguntas desde un QR que se proyectará antes de comenzar la película, así como durante el coloquio.</p>
<p><strong>Sinopsis:</strong> Ana compagina su trabajo de vigilante de sala en un museo con el cuidado de Son, su hija de ocho años. Separada desde hace tiempo, su rutina se rompe con el inicio del curso escolar cuando Son inicia una exploración de identidad. Desorientada, Ana empezará a ver las cosas de otra manera y poco a poco tendrá que reencontrarse con la mujer que fue antes de ser madre. Para poder acompañar a su hija, Ana tendrá que volver a ser Ana.</p>
<p><a href="https://www.reservaentradas.com/sesiones/valencia/cineslys/proyecto-viridiana-la-mitad-de-ana/6453?proximamente=true&amp;" rel="nofollow noopener" target="_blank"> <button>Reserva tu entrada</button> </a></p>
<p><iframe title="La mitad de Ana, de Marta Nieto | Tráiler | Estreno en cines el 10 de enero de 2025" width="750" height="422" src="https://www.youtube.com/embed/yweYQzPSYJk?feature=oembed" frameborder="0" allow="accelerometer; autoplay; clipboard-write; encrypted-media; gyroscope; picture-in-picture; web-share" referrerpolicy="strict-origin-when-cross-origin" allowfullscreen></iframe></p>
