									
{"id":7169,"date":"2025-01-03T10:34:11","date_gmt":"2025-01-03T10:34:11","guid":{"rendered":"https:\/\/cineslys.com\/?post_type=tribe_events&#038;p=7169"},"modified":"2025-01-03T10:36:20","modified_gmt":"2025-01-03T10:36:20","slug":"mi-hermano-ali-con-paula-palacios-2","status":"publish","type":"tribe_events","link":"https:\/\/cineslys.com\/val\/calendario\/mi-hermano-ali-con-paula-palacios-2\/","title":{"rendered":"Mi Hermano Ali con Paula Palacios"},"content":{"rendered":"<h3><b>Mi hermano Ali con Paula Palacios<\/b><\/h3>\n<h3>Jueves, 16 de enero 19:30h<\/h3>\n<p>Una nueva visita de la directora Paula Palacios, qui\u00e9n dar\u00e1 un <strong>coloquio<\/strong> con el p\u00fablico del documental \u00abMi hermano Ali\u00bb, nominada recientemente a <strong>Mejor Documental<\/strong> en <strong>Premios Forqu\u00e9<\/strong> y en <strong>Premios Goya<\/strong>.<\/p>\n<p><strong>Sinopsis:<\/strong> Es una incre\u00edble historia de amistad que ha sobrevivido a piratas, tribus y sobre todo, a la diferencia cultural. Durante los \u00faltimos 11 a\u00f1os, la cineasta espa\u00f1ola Paula Palacios ha estado siguiendo a Ali, un joven que huy\u00f3 de la guerra en Somalia a la edad de 14 a\u00f1os. Su encuentro en una c\u00e1rcel de Ucrania en 2012 da un giro en la vida de Ali, pero en la de Paula tambi\u00e9n. Rodada a lo largo de m\u00e1s de 10 a\u00f1os en Ucrania, Estados Unidos, Catar y Arabia Saud\u00ed, a menudo por el propio Ali, esta pel\u00edcula es a la vez una historia sobre la mayor\u00eda de edad en un mundo incierto y la exploraci\u00f3n de una amistad poco habitual.<\/p>\n<p><a href=\"https:\/\/www.reservaentradas.com\/entrada\/valencia\/cineslys\/mi-hermano-ali\/359081\/?step=2\" rel=\"nofollow noopener\" target=\"_blank\"> <button>Reserva tu entrada<\/button> <\/a><\/p>\n<p><iframe title=\"Trailer - Documental &quot;Mi hermano Ali&quot;\" width=\"750\" height=\"422\" src=\"https:\/\/www.youtube.com\/embed\/2RvFFTXFL8E?feature=oembed\" frameborder=\"0\" allow=\"accelerometer; autoplay; clipboard-write; encrypted-media; gyroscope; picture-in-picture; web-share\" referrerpolicy=\"strict-origin-when-cross-origin\" allowfullscreen><\/iframe><\/p>","protected":false},"excerpt":{"rendered":"<p>Mi hermano Ali con Paula Palacios Jueves, 16 de enero 19:30h Una nueva visita de la directora Paula Palacios, qui\u00e9n dar\u00e1 un coloquio con el p\u00fablico del documental \u00abMi hermano&hellip; <a class=\"more-link\" href=\"https:\/\/cineslys.com\/val\/calendario\/mi-hermano-ali-con-paula-palacios-2\/\">Continue reading <span class=\"screen-reader-text\">Mi Hermano Ali con Paula Palacios<\/span><\/a><\/p>","protected":false},"author":1,"featured_media":7170,"template":"","meta":{"_tribe_events_status":"","_tribe_events_status_reason":"","footnotes":""},"tags":[],"tribe_events_cat":[24],"class_list":["post-7169","tribe_events","type-tribe_events","status-publish","has-post-thumbnail","hentry","tribe_events_cat-eventos","cat_eventos","entry"],"_links":{"self":[{"href":"https:\/\/cineslys.com\/val\/wp-json\/wp\/v2\/tribe_events\/7169","targetHints":{"allow":["GET"]}}],"collection":[{"href":"https:\/\/cineslys.com\/val\/wp-json\/wp\/v2\/tribe_events"}],"about":[{"href":"https:\/\/cineslys.com\/val\/wp-json\/wp\/v2\/types\/tribe_events"}],"author":[{"embeddable":true,"href":"https:\/\/cineslys.com\/val\/wp-json\/wp\/v2\/users\/1"}],"version-history":[{"count":0,"href":"https:\/\/cineslys.com\/val\/wp-json\/wp\/v2\/tribe_events\/7169\/revisions"}],"wp:featuredmedia":[{"embeddable":true,"href":"https:\/\/cineslys.com\/val\/wp-json\/wp\/v2\/media\/7170"}],"wp:attachment":[{"href":"https:\/\/cineslys.com\/val\/wp-json\/wp\/v2\/media?parent=7169"}],"wp:term":[{"taxonomy":"post_tag","embeddable":true,"href":"https:\/\/cineslys.com\/val\/wp-json\/wp\/v2\/tags?post=7169"},{"taxonomy":"tribe_events_cat","embeddable":true,"href":"https:\/\/cineslys.com\/val\/wp-json\/wp\/v2\/tribe_events_cat?post=7169"}],"curies":[{"name":"wp","href":"https:\/\/api.w.org\/{rel}","templated":true}]}}

<h3><b>Mi hermano Ali con Paula Palacios</b></h3>
<h3>Jueves, 16 de enero 19:30h</h3>
<p>Una nueva visita de la directora Paula Palacios, quién dará un <strong>coloquio</strong> con el público del documental «Mi hermano Ali», nominada recientemente a <strong>Mejor Documental</strong> en <strong>Premios Forqué</strong> y en <strong>Premios Goya</strong>.</p>
<p><strong>Sinopsis:</strong> Es una increíble historia de amistad que ha sobrevivido a piratas, tribus y sobre todo, a la diferencia cultural. Durante los últimos 11 años, la cineasta española Paula Palacios ha estado siguiendo a Ali, un joven que huyó de la guerra en Somalia a la edad de 14 años. Su encuentro en una cárcel de Ucrania en 2012 da un giro en la vida de Ali, pero en la de Paula también. Rodada a lo largo de más de 10 años en Ucrania, Estados Unidos, Catar y Arabia Saudí, a menudo por el propio Ali, esta película es a la vez una historia sobre la mayoría de edad en un mundo incierto y la exploración de una amistad poco habitual.</p>
<p><a href="https://www.reservaentradas.com/entrada/valencia/cineslys/mi-hermano-ali/359081/?step=2" rel="nofollow noopener" target="_blank"> <button>Reserva tu entrada</button> </a></p>
<p><iframe title="Trailer - Documental &quot;Mi hermano Ali&quot;" width="750" height="422" src="https://www.youtube.com/embed/2RvFFTXFL8E?feature=oembed" frameborder="0" allow="accelerometer; autoplay; clipboard-write; encrypted-media; gyroscope; picture-in-picture; web-share" referrerpolicy="strict-origin-when-cross-origin" allowfullscreen></iframe></p>

<p>Mi hermano Ali con Paula Palacios Jueves, 16 de enero 19:30h Una nueva visita de la directora Paula Palacios, quién dará un coloquio con el público del documental «Mi hermano&hellip; <a class="more-link" href="https://cineslys.com/val/calendario/mi-hermano-ali-con-paula-palacios-2/">Continue reading <span class="screen-reader-text">Mi Hermano Ali con Paula Palacios</span></a></p>
