									
{"id":7181,"date":"2025-01-05T10:27:45","date_gmt":"2025-01-05T10:27:45","guid":{"rendered":"https:\/\/cineslys.com\/?post_type=tribe_events&#038;p=7181"},"modified":"2025-01-05T10:28:47","modified_gmt":"2025-01-05T10:28:47","slug":"las-novias-del-sur-con-elena-lopez-riera","status":"publish","type":"tribe_events","link":"https:\/\/cineslys.com\/val\/calendario\/las-novias-del-sur-con-elena-lopez-riera\/","title":{"rendered":"Las novias del sur con Elena L\u00f3pez Riera"},"content":{"rendered":"<h3><b>Las novias del sur con Elena L\u00f3pez Riera<\/b><\/h3>\n<h3>Jueves, 09 de enero 20:30h<\/h3>\n<p>Empezamos el a\u00f1o con varas visitas. Una de ellas es el jueves 09 de enero a las 20:35h con Elena L\u00f3pez Riera y Las entendidas para presentar el corto documental \u00abLas novias del sur\u00bb. Nominada a mejor Corto Documental en los Premios Goya y Lola Gaos.<br \/>\n<strong>Sinopsis:<\/strong>Mujeres maduras hablan de su matrimonio, de su primera vez, de su relaci\u00f3n \u00edntima con la sexualidad. En la repetici\u00f3n de estos ritos ancestrales, la directora cuestiona su propia ausencia de matrimonio, de hijos, y con ello, una cadena de relaciones madre-hija que se extingue.<\/p>\n<p><a href=\"https:\/\/www.reservaentradas.com\/entrada\/valencia\/cineslys\/las-novias-del-sur\/359053\/?step=2\" rel=\"nofollow noopener\" target=\"_blank\"> <button>Reserva tu entrada<\/button> <\/a><\/p>\n<p><iframe title=\"Las Novias del Sur (2025), dir. Elena L\u00f3pez Riera - Teaser Oficial\" width=\"750\" height=\"422\" src=\"https:\/\/www.youtube.com\/embed\/Tf2mKyoGzMU?feature=oembed\" frameborder=\"0\" allow=\"accelerometer; autoplay; clipboard-write; encrypted-media; gyroscope; picture-in-picture; web-share\" referrerpolicy=\"strict-origin-when-cross-origin\" allowfullscreen><\/iframe><\/p>","protected":false},"excerpt":{"rendered":"<p>Las novias del sur con Elena L\u00f3pez Riera Jueves, 09 de enero 20:30h Empezamos el a\u00f1o con varas visitas. Una de ellas es el jueves 09 de enero a las&hellip; <a class=\"more-link\" href=\"https:\/\/cineslys.com\/val\/calendario\/las-novias-del-sur-con-elena-lopez-riera\/\">Continue reading <span class=\"screen-reader-text\">Las novias del sur con Elena L\u00f3pez Riera<\/span><\/a><\/p>","protected":false},"author":1,"featured_media":7183,"template":"","meta":{"_tribe_events_status":"","_tribe_events_status_reason":"","footnotes":""},"tags":[],"tribe_events_cat":[19],"class_list":["post-7181","tribe_events","type-tribe_events","status-publish","has-post-thumbnail","hentry","tribe_events_cat-visita-de-directores","cat_visita-de-directores","entry"],"_links":{"self":[{"href":"https:\/\/cineslys.com\/val\/wp-json\/wp\/v2\/tribe_events\/7181","targetHints":{"allow":["GET"]}}],"collection":[{"href":"https:\/\/cineslys.com\/val\/wp-json\/wp\/v2\/tribe_events"}],"about":[{"href":"https:\/\/cineslys.com\/val\/wp-json\/wp\/v2\/types\/tribe_events"}],"author":[{"embeddable":true,"href":"https:\/\/cineslys.com\/val\/wp-json\/wp\/v2\/users\/1"}],"version-history":[{"count":0,"href":"https:\/\/cineslys.com\/val\/wp-json\/wp\/v2\/tribe_events\/7181\/revisions"}],"wp:featuredmedia":[{"embeddable":true,"href":"https:\/\/cineslys.com\/val\/wp-json\/wp\/v2\/media\/7183"}],"wp:attachment":[{"href":"https:\/\/cineslys.com\/val\/wp-json\/wp\/v2\/media?parent=7181"}],"wp:term":[{"taxonomy":"post_tag","embeddable":true,"href":"https:\/\/cineslys.com\/val\/wp-json\/wp\/v2\/tags?post=7181"},{"taxonomy":"tribe_events_cat","embeddable":true,"href":"https:\/\/cineslys.com\/val\/wp-json\/wp\/v2\/tribe_events_cat?post=7181"}],"curies":[{"name":"wp","href":"https:\/\/api.w.org\/{rel}","templated":true}]}}

Las novias del sur con Elena López Riera

<h3><b>Las novias del sur con Elena López Riera</b></h3>
<h3>Jueves, 09 de enero 20:30h</h3>
<p>Empezamos el año con varas visitas. Una de ellas es el jueves 09 de enero a las 20:35h con Elena López Riera y Las entendidas para presentar el corto documental «Las novias del sur». Nominada a mejor Corto Documental en los Premios Goya y Lola Gaos.<br />
<strong>Sinopsis:</strong>Mujeres maduras hablan de su matrimonio, de su primera vez, de su relación íntima con la sexualidad. En la repetición de estos ritos ancestrales, la directora cuestiona su propia ausencia de matrimonio, de hijos, y con ello, una cadena de relaciones madre-hija que se extingue.</p>
<p><a href="https://www.reservaentradas.com/entrada/valencia/cineslys/las-novias-del-sur/359053/?step=2" rel="nofollow noopener" target="_blank"> <button>Reserva tu entrada</button> </a></p>
<p><iframe title="Las Novias del Sur (2025), dir. Elena López Riera - Teaser Oficial" width="750" height="422" src="https://www.youtube.com/embed/Tf2mKyoGzMU?feature=oembed" frameborder="0" allow="accelerometer; autoplay; clipboard-write; encrypted-media; gyroscope; picture-in-picture; web-share" referrerpolicy="strict-origin-when-cross-origin" allowfullscreen></iframe></p>

<p>Las novias del sur con Elena López Riera Jueves, 09 de enero 20:30h Empezamos el año con varas visitas. Una de ellas es el jueves 09 de enero a las&hellip; <a class="more-link" href="https://cineslys.com/val/calendario/las-novias-del-sur-con-elena-lopez-riera/">Continue reading <span class="screen-reader-text">Las novias del sur con Elena López Riera</span></a></p>
