									
{"id":7211,"date":"2025-01-09T15:58:14","date_gmt":"2025-01-09T15:58:14","guid":{"rendered":"https:\/\/cineslys.com\/?post_type=tribe_events&#038;p=7211"},"modified":"2025-01-09T16:19:27","modified_gmt":"2025-01-09T16:19:27","slug":"terrorificamente-lys-faces-companion","status":"publish","type":"tribe_events","link":"https:\/\/cineslys.com\/val\/calendario\/terrorificamente-lys-faces-companion\/","title":{"rendered":"Terror\u00edficamente Lys: Faces + Companion"},"content":{"rendered":"<h3><b>Terror\u00edficamente Lys: Faces (Corto) + Preestreno de Companion (VOSE)<\/b><\/h3>\n<h3>Jueves, 23 de enero 20:30h<\/h3>\n<h6><a href=\"https:\/\/forms.gle\/6Sz5cVRwQZDMKpfJ7\" rel=\"nofollow noopener\" target=\"_blank\"><span style=\"color: #de0000;\">\u00danete a nuestra Newsletter de Terror donde podr\u00e1s votar los cortos, elegir pel\u00edculas, y ganar entradas<\/span><\/a><\/h6>\n<p>El 23 de enero presentamos dos proyectos que, aunque se alejan un poco del terror cl\u00e1sico, exploran futuros dist\u00f3picos capaces de dejarte con mal cuerpo.<\/p>\n<p>Por un lado, <em>Faces<\/em>, un cortometraje de solo 9 minutos, llega de la mano de la productora valenciana \u00abCosabona Films\u00bb. Por otro, <em>Companion<\/em>, del estudio detr\u00e1s de <em>El diario de Noa<\/em> y los creadores de <em>Barbarian<\/em>. Con semejante combinaci\u00f3n, \u00bfc\u00f3mo no incluirla en este ciclo?<\/p>\n<p><strong>Sinopsis Faces<\/strong>: <span style=\"background-color: var(--global--color-background); color: var(--global--color-primary); font-family: var(--global--font-secondary); font-size: var(--global--font-size-base);\">Una historia de amor en los tiempos de la obsolescencia programada.<\/span><\/p>\n<p><strong>Sinopsis Companion<\/strong>: <span style=\"background-color: var(--global--color-background); color: var(--global--color-primary); font-family: var(--global--font-secondary); font-size: var(--global--font-size-base);\">\u00abHola. \u00bfCansado de pasar? \u00bfCansado de que te ignoren? \u00bfSientes que te falta una parte de ti? FindYourCompanion.com te garantiza encontrar un Compa\u00f1ero hecho para ti\u00bb Thriller de ciencia-ficci\u00f3n y debut de Drew Hancock.<\/span><\/p>\n<p><strong><a href=\"https:\/\/cineslys.com\/val\/socios\/\">Hazte socio de Cines Lys gratuitamente y compra tu entrada por 5,50\u20ac.<\/a><\/strong><\/p>\n<p><a href=\"https:\/\/www.reservaentradas.com\/entrada\/valencia\/cineslys\/terrorificamente-lys-companion\/359382\/?step=2\" rel=\"nofollow noopener\" target=\"_blank\"> <button>Reserva tu entrada<\/button> <\/a><\/p>\n<p><iframe title=\"Companion | Teaser Trailer\" width=\"750\" height=\"422\" src=\"https:\/\/www.youtube.com\/embed\/PhcLjiVtgco?feature=oembed\" frameborder=\"0\" allow=\"accelerometer; autoplay; clipboard-write; encrypted-media; gyroscope; picture-in-picture; web-share\" referrerpolicy=\"strict-origin-when-cross-origin\" allowfullscreen><\/iframe><\/p>","protected":false},"excerpt":{"rendered":"<p>Terror\u00edficamente Lys: Faces (Corto) + Preestreno de Companion (VOSE) Jueves, 23 de enero 20:30h \u00danete a nuestra Newsletter de Terror donde podr\u00e1s votar los cortos, elegir pel\u00edculas, y ganar entradas&hellip; <a class=\"more-link\" href=\"https:\/\/cineslys.com\/val\/calendario\/terrorificamente-lys-faces-companion\/\">Continue reading <span class=\"screen-reader-text\">Terror\u00edficamente Lys: Faces + Companion<\/span><\/a><\/p>","protected":false},"author":1,"featured_media":7217,"template":"","meta":{"_tribe_events_status":"","_tribe_events_status_reason":"","footnotes":""},"tags":[],"tribe_events_cat":[73],"class_list":["post-7211","tribe_events","type-tribe_events","status-publish","has-post-thumbnail","hentry","tribe_events_cat-terrorificamente-lys","cat_terrorificamente-lys","entry"],"_links":{"self":[{"href":"https:\/\/cineslys.com\/val\/wp-json\/wp\/v2\/tribe_events\/7211","targetHints":{"allow":["GET"]}}],"collection":[{"href":"https:\/\/cineslys.com\/val\/wp-json\/wp\/v2\/tribe_events"}],"about":[{"href":"https:\/\/cineslys.com\/val\/wp-json\/wp\/v2\/types\/tribe_events"}],"author":[{"embeddable":true,"href":"https:\/\/cineslys.com\/val\/wp-json\/wp\/v2\/users\/1"}],"version-history":[{"count":0,"href":"https:\/\/cineslys.com\/val\/wp-json\/wp\/v2\/tribe_events\/7211\/revisions"}],"wp:featuredmedia":[{"embeddable":true,"href":"https:\/\/cineslys.com\/val\/wp-json\/wp\/v2\/media\/7217"}],"wp:attachment":[{"href":"https:\/\/cineslys.com\/val\/wp-json\/wp\/v2\/media?parent=7211"}],"wp:term":[{"taxonomy":"post_tag","embeddable":true,"href":"https:\/\/cineslys.com\/val\/wp-json\/wp\/v2\/tags?post=7211"},{"taxonomy":"tribe_events_cat","embeddable":true,"href":"https:\/\/cineslys.com\/val\/wp-json\/wp\/v2\/tribe_events_cat?post=7211"}],"curies":[{"name":"wp","href":"https:\/\/api.w.org\/{rel}","templated":true}]}}

Terroríficamente Lys: Faces + Companion

<h3><b>Terroríficamente Lys: Faces (Corto) + Preestreno de Companion (VOSE)</b></h3>
<h3>Jueves, 23 de enero 20:30h</h3>
<h6><a href="https://forms.gle/6Sz5cVRwQZDMKpfJ7" rel="nofollow noopener" target="_blank"><span style="color: #de0000;">Únete a nuestra Newsletter de Terror donde podrás votar los cortos, elegir películas, y ganar entradas</span></a></h6>
<p>El 23 de enero presentamos dos proyectos que, aunque se alejan un poco del terror clásico, exploran futuros distópicos capaces de dejarte con mal cuerpo.</p>
<p>Por un lado, <em>Faces</em>, un cortometraje de solo 9 minutos, llega de la mano de la productora valenciana «Cosabona Films». Por otro, <em>Companion</em>, del estudio detrás de <em>El diario de Noa</em> y los creadores de <em>Barbarian</em>. Con semejante combinación, ¿cómo no incluirla en este ciclo?</p>
<p><strong>Sinopsis Faces</strong>: <span style="background-color: var(--global--color-background); color: var(--global--color-primary); font-family: var(--global--font-secondary); font-size: var(--global--font-size-base);">Una historia de amor en los tiempos de la obsolescencia programada.</span></p>
<p><strong>Sinopsis Companion</strong>: <span style="background-color: var(--global--color-background); color: var(--global--color-primary); font-family: var(--global--font-secondary); font-size: var(--global--font-size-base);">«Hola. ¿Cansado de pasar? ¿Cansado de que te ignoren? ¿Sientes que te falta una parte de ti? FindYourCompanion.com te garantiza encontrar un Compañero hecho para ti» Thriller de ciencia-ficción y debut de Drew Hancock.</span></p>
<p><strong><a href="https://cineslys.com/val/socios/">Hazte socio de Cines Lys gratuitamente y compra tu entrada por 5,50€.</a></strong></p>
<p><a href="https://www.reservaentradas.com/entrada/valencia/cineslys/terrorificamente-lys-companion/359382/?step=2" rel="nofollow noopener" target="_blank"> <button>Reserva tu entrada</button> </a></p>
<p><iframe title="Companion | Teaser Trailer" width="750" height="422" src="https://www.youtube.com/embed/PhcLjiVtgco?feature=oembed" frameborder="0" allow="accelerometer; autoplay; clipboard-write; encrypted-media; gyroscope; picture-in-picture; web-share" referrerpolicy="strict-origin-when-cross-origin" allowfullscreen></iframe></p>

<p>Terroríficamente Lys: Faces (Corto) + Preestreno de Companion (VOSE) Jueves, 23 de enero 20:30h Únete a nuestra Newsletter de Terror donde podrás votar los cortos, elegir películas, y ganar entradas&hellip; <a class="more-link" href="https://cineslys.com/val/calendario/terrorificamente-lys-faces-companion/">Continue reading <span class="screen-reader-text">Terroríficamente Lys: Faces + Companion</span></a></p>
