									
{"id":7424,"date":"2025-01-22T18:09:29","date_gmt":"2025-01-22T18:09:29","guid":{"rendered":"https:\/\/cineslys.com\/?post_type=tribe_events&#038;p=7424"},"modified":"2025-02-13T12:47:35","modified_gmt":"2025-02-13T12:47:35","slug":"homenaje-david-lynch-el-hombre-elefante","status":"publish","type":"tribe_events","link":"https:\/\/cineslys.com\/val\/calendario\/homenaje-david-lynch-el-hombre-elefante\/","title":{"rendered":"Homenaje David Lynch: El hombre elefante"},"content":{"rendered":"<h3><strong>Homenaje David Lynch: El Hombre Elefante<\/strong><br \/>\nJueves 06 de marzo a las 19:30h (VOSE)<\/h3>\n<p><strong>Con presentaci\u00f3n y corto de David Lynch<\/strong><\/p>\n<p>Sin duda, el trabajo mejor valorado de David Lynch. Un proyecto de 10 que nota el poder actoral de dos grandes actores como John Hurt y Anthony Hopkins. Basada en la vida de Joseph Merrick.<\/p>\n<p>Como es habitual contamos con dos visionados. El primero, <strong>Lumi\u00e8re (1995)<\/strong> que cuenta con una primera presentaci\u00f3n del director David Lynch.<\/p>\n<p>Sinopsis: Cuarenta directores internacionales aceptaron la idea de hacer un cortometraje utilizando el cinemat\u00f3grafo original inventado por los hermanos Lumi\u00e8re y trabajando en condiciones similares a las de 1895. Adem\u00e1s, deb\u00edan cumplir tres condiciones: la pel\u00edcula no deb\u00eda superar los 52 segundos, no pod\u00eda tener m\u00e1s de tres tomas, y la sincronizaci\u00f3n del sonido no estaba permitida.<\/p>\n<p>El segundo, <strong>la pel\u00edcula El Hombre Elefante<\/strong>.<\/p>\n<p>Sinopsis: A finales del siglo XIX, el doctor Frederick Treves descubre en un circo a un hombre llamado John Merrick. Se trata de un ciudadano brit\u00e1nico con la cabeza monstruosamente deformada, que vive en una situaci\u00f3n de constante humillaci\u00f3n y sufrimiento al ser exhibido diariamente como una atracci\u00f3n de feria.<\/p>\n<p><a href=\"https:\/\/www.reservaentradas.com\/entrada\/valencia\/cineslys\/homenaje-a-david-lynch-el-hombre-elefante\/359757\/?step=2\" rel=\"nofollow noopener\" target=\"_blank\"> <button>Reservar entradas<\/button> <\/a><\/p>","protected":false},"excerpt":{"rendered":"<p>Homenaje David Lynch: El Hombre Elefante Jueves 06 de marzo a las 19:30h (VOSE) Con presentaci\u00f3n y corto de David Lynch Sin duda, el trabajo mejor valorado de David Lynch.&hellip; <a class=\"more-link\" href=\"https:\/\/cineslys.com\/val\/calendario\/homenaje-david-lynch-el-hombre-elefante\/\">Continue reading <span class=\"screen-reader-text\">Homenaje David Lynch: El hombre elefante<\/span><\/a><\/p>","protected":false},"author":1,"featured_media":7741,"template":"","meta":{"_tribe_events_status":"","_tribe_events_status_reason":"","footnotes":""},"tags":[],"tribe_events_cat":[78],"class_list":["post-7424","tribe_events","type-tribe_events","status-publish","has-post-thumbnail","hentry","tribe_events_cat-homenaje-david-lynch","cat_homenaje-david-lynch","entry"],"_links":{"self":[{"href":"https:\/\/cineslys.com\/val\/wp-json\/wp\/v2\/tribe_events\/7424","targetHints":{"allow":["GET"]}}],"collection":[{"href":"https:\/\/cineslys.com\/val\/wp-json\/wp\/v2\/tribe_events"}],"about":[{"href":"https:\/\/cineslys.com\/val\/wp-json\/wp\/v2\/types\/tribe_events"}],"author":[{"embeddable":true,"href":"https:\/\/cineslys.com\/val\/wp-json\/wp\/v2\/users\/1"}],"version-history":[{"count":0,"href":"https:\/\/cineslys.com\/val\/wp-json\/wp\/v2\/tribe_events\/7424\/revisions"}],"wp:featuredmedia":[{"embeddable":true,"href":"https:\/\/cineslys.com\/val\/wp-json\/wp\/v2\/media\/7741"}],"wp:attachment":[{"href":"https:\/\/cineslys.com\/val\/wp-json\/wp\/v2\/media?parent=7424"}],"wp:term":[{"taxonomy":"post_tag","embeddable":true,"href":"https:\/\/cineslys.com\/val\/wp-json\/wp\/v2\/tags?post=7424"},{"taxonomy":"tribe_events_cat","embeddable":true,"href":"https:\/\/cineslys.com\/val\/wp-json\/wp\/v2\/tribe_events_cat?post=7424"}],"curies":[{"name":"wp","href":"https:\/\/api.w.org\/{rel}","templated":true}]}}

<h3><strong>Homenaje David Lynch: El Hombre Elefante</strong><br />
Jueves 06 de marzo a las 19:30h (VOSE)</h3>
<p><strong>Con presentación y corto de David Lynch</strong></p>
<p>Sin duda, el trabajo mejor valorado de David Lynch. Un proyecto de 10 que nota el poder actoral de dos grandes actores como John Hurt y Anthony Hopkins. Basada en la vida de Joseph Merrick.</p>
<p>Como es habitual contamos con dos visionados. El primero, <strong>Lumière (1995)</strong> que cuenta con una primera presentación del director David Lynch.</p>
<p>Sinopsis: Cuarenta directores internacionales aceptaron la idea de hacer un cortometraje utilizando el cinematógrafo original inventado por los hermanos Lumière y trabajando en condiciones similares a las de 1895. Además, debían cumplir tres condiciones: la película no debía superar los 52 segundos, no podía tener más de tres tomas, y la sincronización del sonido no estaba permitida.</p>
<p>El segundo, <strong>la película El Hombre Elefante</strong>.</p>
<p>Sinopsis: A finales del siglo XIX, el doctor Frederick Treves descubre en un circo a un hombre llamado John Merrick. Se trata de un ciudadano británico con la cabeza monstruosamente deformada, que vive en una situación de constante humillación y sufrimiento al ser exhibido diariamente como una atracción de feria.</p>
<p><a href="https://www.reservaentradas.com/entrada/valencia/cineslys/homenaje-a-david-lynch-el-hombre-elefante/359757/?step=2" rel="nofollow noopener" target="_blank"> <button>Reservar entradas</button> </a></p>

<p>Homenaje David Lynch: El Hombre Elefante Jueves 06 de marzo a las 19:30h (VOSE) Con presentación y corto de David Lynch Sin duda, el trabajo mejor valorado de David Lynch.&hellip; <a class="more-link" href="https://cineslys.com/val/calendario/homenaje-david-lynch-el-hombre-elefante/">Continue reading <span class="screen-reader-text">Homenaje David Lynch: El hombre elefante</span></a></p>
