									
{"id":7528,"date":"2025-01-28T11:12:08","date_gmt":"2025-01-28T11:12:08","guid":{"rendered":"https:\/\/cineslys.com\/?post_type=tribe_events&#038;p=7528"},"modified":"2025-01-28T11:17:24","modified_gmt":"2025-01-28T11:17:24","slug":"cine-club-lys-maria-callas","status":"publish","type":"tribe_events","link":"https:\/\/cineslys.com\/val\/calendario\/cine-club-lys-maria-callas\/","title":{"rendered":"Cine Club Lys: Mar\u00eda Callas"},"content":{"rendered":"<h3><b>Cine Club Lys: Mar\u00eda Callas<\/b><\/h3>\n<h3>Lunes 10 de enero 16:30h &#8211; 18:00h &#8211; 19:30h<\/h3>\n<h6><a href=\"https:\/\/cineclublys.com\/matricula\/\" rel=\"nofollow noopener\" target=\"_blank\"><span style=\"color: #de0000;\">Matr\u00edcula abierta Cine Club Lys 2024-2025. Precio socio 5,50. No socio a 20\u20ac<\/span><\/a><\/h6>\n<p>Mar\u00eda Callas con Coloquio moderado.<\/p>\n<p><strong>Sinopsis<\/strong>: La tumultuosa, bella y tr\u00e1gica historia de la vida de la cantante de \u00f3pera m\u00e1s importante del mundo, revivida y reimaginada durante sus \u00faltimos d\u00edas en el Par\u00eds de los a\u00f1os setenta.<\/p>\n<p><a href=\"https:\/\/www.reservaentradas.com\/sesiones\/valencia\/cineslys\/cine-club-lys-maria-callas\/6511?proximamente=true&amp;\" rel=\"nofollow noopener\" target=\"_blank\"> <button>Reserva tu entrada<\/button> <\/a><\/p>\n<p><iframe title=\"Mar\u00eda Callas - Tr\u00e1iler Oficial en Espa\u00f1ol\" width=\"750\" height=\"422\" src=\"https:\/\/www.youtube.com\/embed\/pTj2Myhfxgw?feature=oembed\" frameborder=\"0\" allow=\"accelerometer; autoplay; clipboard-write; encrypted-media; gyroscope; picture-in-picture; web-share\" referrerpolicy=\"strict-origin-when-cross-origin\" allowfullscreen><\/iframe><\/p>","protected":false},"excerpt":{"rendered":"<p>Cine Club Lys: Mar\u00eda Callas Lunes 10 de enero 16:30h &#8211; 18:00h &#8211; 19:30h Matr\u00edcula abierta Cine Club Lys 2024-2025. Precio socio 5,50. No socio a 20\u20ac Mar\u00eda Callas con&hellip; <a class=\"more-link\" href=\"https:\/\/cineslys.com\/val\/calendario\/cine-club-lys-maria-callas\/\">Continue reading <span class=\"screen-reader-text\">Cine Club Lys: Mar\u00eda Callas<\/span><\/a><\/p>","protected":false},"author":1,"featured_media":7529,"template":"","meta":{"_tribe_events_status":"","_tribe_events_status_reason":"","footnotes":""},"tags":[],"tribe_events_cat":[18],"class_list":["post-7528","tribe_events","type-tribe_events","status-publish","has-post-thumbnail","hentry","tribe_events_cat-cine-club","cat_cine-club","entry"],"_links":{"self":[{"href":"https:\/\/cineslys.com\/val\/wp-json\/wp\/v2\/tribe_events\/7528","targetHints":{"allow":["GET"]}}],"collection":[{"href":"https:\/\/cineslys.com\/val\/wp-json\/wp\/v2\/tribe_events"}],"about":[{"href":"https:\/\/cineslys.com\/val\/wp-json\/wp\/v2\/types\/tribe_events"}],"author":[{"embeddable":true,"href":"https:\/\/cineslys.com\/val\/wp-json\/wp\/v2\/users\/1"}],"version-history":[{"count":0,"href":"https:\/\/cineslys.com\/val\/wp-json\/wp\/v2\/tribe_events\/7528\/revisions"}],"wp:featuredmedia":[{"embeddable":true,"href":"https:\/\/cineslys.com\/val\/wp-json\/wp\/v2\/media\/7529"}],"wp:attachment":[{"href":"https:\/\/cineslys.com\/val\/wp-json\/wp\/v2\/media?parent=7528"}],"wp:term":[{"taxonomy":"post_tag","embeddable":true,"href":"https:\/\/cineslys.com\/val\/wp-json\/wp\/v2\/tags?post=7528"},{"taxonomy":"tribe_events_cat","embeddable":true,"href":"https:\/\/cineslys.com\/val\/wp-json\/wp\/v2\/tribe_events_cat?post=7528"}],"curies":[{"name":"wp","href":"https:\/\/api.w.org\/{rel}","templated":true}]}}

Cine Club Lys: María Callas

<h3><b>Cine Club Lys: María Callas</b></h3>
<h3>Lunes 10 de enero 16:30h &#8211; 18:00h &#8211; 19:30h</h3>
<h6><a href="https://cineclublys.com/matricula/" rel="nofollow noopener" target="_blank"><span style="color: #de0000;">Matrícula abierta Cine Club Lys 2024-2025. Precio socio 5,50. No socio a 20€</span></a></h6>
<p>María Callas con Coloquio moderado.</p>
<p><strong>Sinopsis</strong>: La tumultuosa, bella y trágica historia de la vida de la cantante de ópera más importante del mundo, revivida y reimaginada durante sus últimos días en el París de los años setenta.</p>
<p><a href="https://www.reservaentradas.com/sesiones/valencia/cineslys/cine-club-lys-maria-callas/6511?proximamente=true&amp;" rel="nofollow noopener" target="_blank"> <button>Reserva tu entrada</button> </a></p>
<p><iframe title="María Callas - Tráiler Oficial en Español" width="750" height="422" src="https://www.youtube.com/embed/pTj2Myhfxgw?feature=oembed" frameborder="0" allow="accelerometer; autoplay; clipboard-write; encrypted-media; gyroscope; picture-in-picture; web-share" referrerpolicy="strict-origin-when-cross-origin" allowfullscreen></iframe></p>

<p>Cine Club Lys: María Callas Lunes 10 de enero 16:30h &#8211; 18:00h &#8211; 19:30h Matrícula abierta Cine Club Lys 2024-2025. Precio socio 5,50. No socio a 20€ María Callas con&hellip; <a class="more-link" href="https://cineslys.com/val/calendario/cine-club-lys-maria-callas/">Continue reading <span class="screen-reader-text">Cine Club Lys: María Callas</span></a></p>
