									
{"id":7533,"date":"2025-01-28T11:16:53","date_gmt":"2025-01-28T11:16:53","guid":{"rendered":"https:\/\/cineslys.com\/?post_type=tribe_events&#038;p=7533"},"modified":"2025-01-28T11:18:42","modified_gmt":"2025-01-28T11:18:42","slug":"cine-club-lys-vermiglio","status":"publish","type":"tribe_events","link":"https:\/\/cineslys.com\/val\/calendario\/cine-club-lys-vermiglio\/","title":{"rendered":"Cine Club Lys: Vermiglio"},"content":{"rendered":"<h3><b>Cine Club Lys: Vermiglio<\/b><\/h3>\n<h3>Lunes 17 de febrero 16:30h &#8211; 18:00h &#8211; 19:30h<\/h3>\n<h6><a href=\"https:\/\/cineclublys.com\/matricula\/\" rel=\"nofollow noopener\" target=\"_blank\"><span style=\"color: #de0000;\">Matr\u00edcula abierta Cine Club Lys 2024-2025. Precio socio 5,50. No socio a 20\u20ac<\/span><\/a><\/h6>\n<p>Vermiglio con Coloquio moderado.<\/p>\n<p><strong>Sinopsis<\/strong>: Drama de \u00e9poca ambientado en un remoto pueblo de monta\u00f1a de los Alpes italianos a finales de la Segunda Guerra Mundial. La historia nos adentra en la familia del maestro local y nos muestra c\u00f3mo la llegada de un soldado desertor alterar\u00e1 su vida y conducir\u00e1 a todos sus miembros a un destino inesperado.<\/p>\n<p><a href=\"https:\/\/www.reservaentradas.com\/sesiones\/valencia\/cineslys\/cine-club-lys-vermiglio\/6512?proximamente=true&amp;\" rel=\"nofollow noopener\" target=\"_blank\"> <button>Reserva tu entrada<\/button> <\/a><\/p>\n<p><iframe title=\"VERMIGLIO | TR\u00c1ILER ESPA\u00d1OL | 14 DE FEBRERO ESTRENO SOLO EN CINES\" width=\"750\" height=\"422\" src=\"https:\/\/www.youtube.com\/embed\/Tek66snTT4o?feature=oembed\" frameborder=\"0\" allow=\"accelerometer; autoplay; clipboard-write; encrypted-media; gyroscope; picture-in-picture; web-share\" referrerpolicy=\"strict-origin-when-cross-origin\" allowfullscreen><\/iframe><\/p>","protected":false},"excerpt":{"rendered":"<p>Cine Club Lys: Vermiglio Lunes 17 de febrero 16:30h &#8211; 18:00h &#8211; 19:30h Matr\u00edcula abierta Cine Club Lys 2024-2025. Precio socio 5,50. No socio a 20\u20ac Vermiglio con Coloquio moderado.&hellip; <a class=\"more-link\" href=\"https:\/\/cineslys.com\/val\/calendario\/cine-club-lys-vermiglio\/\">Continue reading <span class=\"screen-reader-text\">Cine Club Lys: Vermiglio<\/span><\/a><\/p>","protected":false},"author":1,"featured_media":7538,"template":"","meta":{"_tribe_events_status":"","_tribe_events_status_reason":"","footnotes":""},"tags":[],"tribe_events_cat":[18],"class_list":["post-7533","tribe_events","type-tribe_events","status-publish","has-post-thumbnail","hentry","tribe_events_cat-cine-club","cat_cine-club","entry"],"_links":{"self":[{"href":"https:\/\/cineslys.com\/val\/wp-json\/wp\/v2\/tribe_events\/7533","targetHints":{"allow":["GET"]}}],"collection":[{"href":"https:\/\/cineslys.com\/val\/wp-json\/wp\/v2\/tribe_events"}],"about":[{"href":"https:\/\/cineslys.com\/val\/wp-json\/wp\/v2\/types\/tribe_events"}],"author":[{"embeddable":true,"href":"https:\/\/cineslys.com\/val\/wp-json\/wp\/v2\/users\/1"}],"version-history":[{"count":0,"href":"https:\/\/cineslys.com\/val\/wp-json\/wp\/v2\/tribe_events\/7533\/revisions"}],"wp:featuredmedia":[{"embeddable":true,"href":"https:\/\/cineslys.com\/val\/wp-json\/wp\/v2\/media\/7538"}],"wp:attachment":[{"href":"https:\/\/cineslys.com\/val\/wp-json\/wp\/v2\/media?parent=7533"}],"wp:term":[{"taxonomy":"post_tag","embeddable":true,"href":"https:\/\/cineslys.com\/val\/wp-json\/wp\/v2\/tags?post=7533"},{"taxonomy":"tribe_events_cat","embeddable":true,"href":"https:\/\/cineslys.com\/val\/wp-json\/wp\/v2\/tribe_events_cat?post=7533"}],"curies":[{"name":"wp","href":"https:\/\/api.w.org\/{rel}","templated":true}]}}

<h3><b>Cine Club Lys: Vermiglio</b></h3>
<h3>Lunes 17 de febrero 16:30h &#8211; 18:00h &#8211; 19:30h</h3>
<h6><a href="https://cineclublys.com/matricula/" rel="nofollow noopener" target="_blank"><span style="color: #de0000;">Matrícula abierta Cine Club Lys 2024-2025. Precio socio 5,50. No socio a 20€</span></a></h6>
<p>Vermiglio con Coloquio moderado.</p>
<p><strong>Sinopsis</strong>: Drama de época ambientado en un remoto pueblo de montaña de los Alpes italianos a finales de la Segunda Guerra Mundial. La historia nos adentra en la familia del maestro local y nos muestra cómo la llegada de un soldado desertor alterará su vida y conducirá a todos sus miembros a un destino inesperado.</p>
<p><a href="https://www.reservaentradas.com/sesiones/valencia/cineslys/cine-club-lys-vermiglio/6512?proximamente=true&amp;" rel="nofollow noopener" target="_blank"> <button>Reserva tu entrada</button> </a></p>
<p><iframe title="VERMIGLIO | TRÁILER ESPAÑOL | 14 DE FEBRERO ESTRENO SOLO EN CINES" width="750" height="422" src="https://www.youtube.com/embed/Tek66snTT4o?feature=oembed" frameborder="0" allow="accelerometer; autoplay; clipboard-write; encrypted-media; gyroscope; picture-in-picture; web-share" referrerpolicy="strict-origin-when-cross-origin" allowfullscreen></iframe></p>

<p>Cine Club Lys: Vermiglio Lunes 17 de febrero 16:30h &#8211; 18:00h &#8211; 19:30h Matrícula abierta Cine Club Lys 2024-2025. Precio socio 5,50. No socio a 20€ Vermiglio con Coloquio moderado.&hellip; <a class="more-link" href="https://cineslys.com/val/calendario/cine-club-lys-vermiglio/">Continue reading <span class="screen-reader-text">Cine Club Lys: Vermiglio</span></a></p>
