									
{"id":7685,"date":"2025-02-10T16:17:57","date_gmt":"2025-02-10T16:17:57","guid":{"rendered":"https:\/\/cineslys.com\/?post_type=tribe_events&#038;p=7685"},"modified":"2025-02-11T17:10:57","modified_gmt":"2025-02-11T17:10:57","slug":"objeto-de-estudio-con-raul-alaejos-y-tomas-aragay","status":"publish","type":"tribe_events","link":"https:\/\/cineslys.com\/val\/calendario\/objeto-de-estudio-con-raul-alaejos-y-tomas-aragay\/","title":{"rendered":"Objeto de estudio con Ra\u00fal Alaejos"},"content":{"rendered":"<h3><strong>Objeto de Estudio con Ra\u00fal Alaejos<\/strong><br \/>\nJueves 13 de febrero 20.35h<\/h3>\n<p>Tendremos el jueves otro documental con la visita de Ra\u00fal Alaejos, director, qui\u00e9n presentar\u00e1 y har\u00e1 coloquio al finalizar la pel\u00edcula.<\/p>\n<p>Sinopsis: La sombra del objetivismo antropol\u00f3gico persigue a un torpe director que experimenta metodol\u00f3gica y formalmente alrededor del acto obsceno de rodar poblaciones nativas en el pueblo m\u00e1s septentrional. All\u00ed, Robert Peary, explorador norteamericano, pens\u00f3 hace m\u00e1s de 100 a\u00f1os que la \u00fanica manera de que un ser humano alcanzara el Polo Norte ser\u00eda tener hijos con inuits para crear una super-raza que aunara la fortaleza esquimal y la clarividencia del occidental. Tras los pasos de esta extravagante teor\u00eda camina este ensayo f\u00edlmico.<\/p>\n<p><a href=\"https:\/\/www.reservaentradas.com\/entrada\/valencia\/cineslys\/objeto-de-estudio\/360655\/?step=2\" rel=\"nofollow noopener\" target=\"_blank\"> <button>Reservar entradas<\/button> <\/a><\/p>\n<p><iframe title=\"Trailer de Objeto de estudio subtitulado en espa\u00f1ol (HD)\" width=\"750\" height=\"422\" src=\"https:\/\/www.youtube.com\/embed\/CsNPtjayh4I?feature=oembed\" frameborder=\"0\" allow=\"accelerometer; autoplay; clipboard-write; encrypted-media; gyroscope; picture-in-picture; web-share\" referrerpolicy=\"strict-origin-when-cross-origin\" allowfullscreen><\/iframe><\/p>","protected":false},"excerpt":{"rendered":"<p>Objeto de Estudio con Ra\u00fal Alaejos Jueves 13 de febrero 20.35h Tendremos el jueves otro documental con la visita de Ra\u00fal Alaejos, director, qui\u00e9n presentar\u00e1 y har\u00e1 coloquio al finalizar&hellip; <a class=\"more-link\" href=\"https:\/\/cineslys.com\/val\/calendario\/objeto-de-estudio-con-raul-alaejos-y-tomas-aragay\/\">Continue reading <span class=\"screen-reader-text\">Objeto de estudio con Ra\u00fal Alaejos<\/span><\/a><\/p>","protected":false},"author":1,"featured_media":0,"template":"","meta":{"_tribe_events_status":"","_tribe_events_status_reason":"","footnotes":""},"tags":[],"tribe_events_cat":[30,24,19],"class_list":["post-7685","tribe_events","type-tribe_events","status-publish","hentry","tribe_events_cat-documentales","tribe_events_cat-eventos","tribe_events_cat-visita-de-directores","cat_documentales","cat_eventos","cat_visita-de-directores","entry"],"_links":{"self":[{"href":"https:\/\/cineslys.com\/val\/wp-json\/wp\/v2\/tribe_events\/7685","targetHints":{"allow":["GET"]}}],"collection":[{"href":"https:\/\/cineslys.com\/val\/wp-json\/wp\/v2\/tribe_events"}],"about":[{"href":"https:\/\/cineslys.com\/val\/wp-json\/wp\/v2\/types\/tribe_events"}],"author":[{"embeddable":true,"href":"https:\/\/cineslys.com\/val\/wp-json\/wp\/v2\/users\/1"}],"version-history":[{"count":0,"href":"https:\/\/cineslys.com\/val\/wp-json\/wp\/v2\/tribe_events\/7685\/revisions"}],"wp:attachment":[{"href":"https:\/\/cineslys.com\/val\/wp-json\/wp\/v2\/media?parent=7685"}],"wp:term":[{"taxonomy":"post_tag","embeddable":true,"href":"https:\/\/cineslys.com\/val\/wp-json\/wp\/v2\/tags?post=7685"},{"taxonomy":"tribe_events_cat","embeddable":true,"href":"https:\/\/cineslys.com\/val\/wp-json\/wp\/v2\/tribe_events_cat?post=7685"}],"curies":[{"name":"wp","href":"https:\/\/api.w.org\/{rel}","templated":true}]}}

Objeto de estudio con Raúl Alaejos

<h3><strong>Objeto de Estudio con Raúl Alaejos</strong><br />
Jueves 13 de febrero 20.35h</h3>
<p>Tendremos el jueves otro documental con la visita de Raúl Alaejos, director, quién presentará y hará coloquio al finalizar la película.</p>
<p>Sinopsis: La sombra del objetivismo antropológico persigue a un torpe director que experimenta metodológica y formalmente alrededor del acto obsceno de rodar poblaciones nativas en el pueblo más septentrional. Allí, Robert Peary, explorador norteamericano, pensó hace más de 100 años que la única manera de que un ser humano alcanzara el Polo Norte sería tener hijos con inuits para crear una super-raza que aunara la fortaleza esquimal y la clarividencia del occidental. Tras los pasos de esta extravagante teoría camina este ensayo fílmico.</p>
<p><a href="https://www.reservaentradas.com/entrada/valencia/cineslys/objeto-de-estudio/360655/?step=2" rel="nofollow noopener" target="_blank"> <button>Reservar entradas</button> </a></p>
<p><iframe title="Trailer de Objeto de estudio subtitulado en español (HD)" width="750" height="422" src="https://www.youtube.com/embed/CsNPtjayh4I?feature=oembed" frameborder="0" allow="accelerometer; autoplay; clipboard-write; encrypted-media; gyroscope; picture-in-picture; web-share" referrerpolicy="strict-origin-when-cross-origin" allowfullscreen></iframe></p>

<p>Objeto de Estudio con Raúl Alaejos Jueves 13 de febrero 20.35h Tendremos el jueves otro documental con la visita de Raúl Alaejos, director, quién presentará y hará coloquio al finalizar&hellip; <a class="more-link" href="https://cineslys.com/val/calendario/objeto-de-estudio-con-raul-alaejos-y-tomas-aragay/">Continue reading <span class="screen-reader-text">Objeto de estudio con Raúl Alaejos</span></a></p>
