									
{"id":7734,"date":"2025-02-13T11:21:24","date_gmt":"2025-02-13T11:21:24","guid":{"rendered":"https:\/\/cineslys.com\/?post_type=tribe_events&#038;p=7734"},"modified":"2025-02-13T11:22:23","modified_gmt":"2025-02-13T11:22:23","slug":"proyecto-viridiana-lee-miller-con-antony-penrose-y-ami-bouhassane","status":"publish","type":"tribe_events","link":"https:\/\/cineslys.com\/val\/calendario\/proyecto-viridiana-lee-miller-con-antony-penrose-y-ami-bouhassane\/","title":{"rendered":"Proyecto Viridiana: \u00abLee Miller\u00bb con Antony Penrose y Ami Bouhassane"},"content":{"rendered":"<h3><strong>Proyecto Viridiana: \u00abLee Miller\u00bb con Antony Penrose y Ami Bouhassane<\/strong><\/h3>\n<h3>Lunes, 24 de febrero 19:30h<\/h3>\n<p>Vuelve \u00ab<strong>Proyecto Viridiana<\/strong>\u00bb con un nuevo pase. En esta ocasi\u00f3n, contaremos con la presencia de <strong>Antony Penrose<\/strong>, <strong>hijo de Lee Miller<\/strong> y director de &#8216;Farleys House &amp; Gallery Ltd&#8217;, adem\u00e1s de ser el encargado de gestionar los Archivos de Lee Miller, la Colecci\u00f3n Penrose y la Galer\u00eda Farleys.<\/p>\n<p>Tambi\u00e9n estar\u00e1 <strong>Ami Bouhassane,<\/strong>\u00a0directora de Farleys House &amp; Gallery Ltd, la organizaci\u00f3n que gestiona los Archivos Lee Miller y Farleys House, hogar de sus abuelos Lee Miller y Roland Penrose.<\/p>\n<p>Los espectadores podr\u00e1n mandar sus preguntas desde un QR que se proyectar\u00e1 antes de comenzar la pel\u00edcula, as\u00ed como durante el coloquio.<\/p>\n<p><strong>Sinopsis:<\/strong> La historia de la fot\u00f3grafa Elizabeth &#8216;Lee&#8217; Miller, una modelo de moda que se convirti\u00f3 en una aclamada corresponsal de guerra para la revista Vogue durante la Segunda Guerra Mundial.<\/p>\n<p><a href=\"https:\/\/www.reservaentradas.com\/entrada\/valencia\/cineslys\/proyecto-viridiana-lee-miller\/360982\/?step=2\" rel=\"nofollow noopener\" target=\"_blank\"> <button>Reserva tu entrada<\/button> <\/a><\/p>\n<p><iframe title=\"LEE MILLER - Tr\u00e1iler Oficial\" width=\"750\" height=\"422\" src=\"https:\/\/www.youtube.com\/embed\/RKWITkHKIkI?feature=oembed\" frameborder=\"0\" allow=\"accelerometer; autoplay; clipboard-write; encrypted-media; gyroscope; picture-in-picture; web-share\" referrerpolicy=\"strict-origin-when-cross-origin\" allowfullscreen><\/iframe><\/p>","protected":false},"excerpt":{"rendered":"<p>Proyecto Viridiana: \u00abLee Miller\u00bb con Antony Penrose y Ami Bouhassane Lunes, 24 de febrero 19:30h Vuelve \u00abProyecto Viridiana\u00bb con un nuevo pase. En esta ocasi\u00f3n, contaremos con la presencia de&hellip; <a class=\"more-link\" href=\"https:\/\/cineslys.com\/val\/calendario\/proyecto-viridiana-lee-miller-con-antony-penrose-y-ami-bouhassane\/\">Continue reading <span class=\"screen-reader-text\">Proyecto Viridiana: \u00abLee Miller\u00bb con Antony Penrose y Ami Bouhassane<\/span><\/a><\/p>","protected":false},"author":1,"featured_media":7737,"template":"","meta":{"_tribe_events_status":"","_tribe_events_status_reason":"","footnotes":""},"tags":[],"tribe_events_cat":[32],"class_list":["post-7734","tribe_events","type-tribe_events","status-publish","has-post-thumbnail","hentry","tribe_events_cat-proyecto-viridiana","cat_proyecto-viridiana","entry"],"_links":{"self":[{"href":"https:\/\/cineslys.com\/val\/wp-json\/wp\/v2\/tribe_events\/7734","targetHints":{"allow":["GET"]}}],"collection":[{"href":"https:\/\/cineslys.com\/val\/wp-json\/wp\/v2\/tribe_events"}],"about":[{"href":"https:\/\/cineslys.com\/val\/wp-json\/wp\/v2\/types\/tribe_events"}],"author":[{"embeddable":true,"href":"https:\/\/cineslys.com\/val\/wp-json\/wp\/v2\/users\/1"}],"version-history":[{"count":0,"href":"https:\/\/cineslys.com\/val\/wp-json\/wp\/v2\/tribe_events\/7734\/revisions"}],"wp:featuredmedia":[{"embeddable":true,"href":"https:\/\/cineslys.com\/val\/wp-json\/wp\/v2\/media\/7737"}],"wp:attachment":[{"href":"https:\/\/cineslys.com\/val\/wp-json\/wp\/v2\/media?parent=7734"}],"wp:term":[{"taxonomy":"post_tag","embeddable":true,"href":"https:\/\/cineslys.com\/val\/wp-json\/wp\/v2\/tags?post=7734"},{"taxonomy":"tribe_events_cat","embeddable":true,"href":"https:\/\/cineslys.com\/val\/wp-json\/wp\/v2\/tribe_events_cat?post=7734"}],"curies":[{"name":"wp","href":"https:\/\/api.w.org\/{rel}","templated":true}]}}

<h3><strong>Proyecto Viridiana: «Lee Miller» con Antony Penrose y Ami Bouhassane</strong></h3>
<h3>Lunes, 24 de febrero 19:30h</h3>
<p>Vuelve «<strong>Proyecto Viridiana</strong>» con un nuevo pase. En esta ocasión, contaremos con la presencia de <strong>Antony Penrose</strong>, <strong>hijo de Lee Miller</strong> y director de &#8216;Farleys House &amp; Gallery Ltd&#8217;, además de ser el encargado de gestionar los Archivos de Lee Miller, la Colección Penrose y la Galería Farleys.</p>
<p>También estará <strong>Ami Bouhassane,</strong> directora de Farleys House &amp; Gallery Ltd, la organización que gestiona los Archivos Lee Miller y Farleys House, hogar de sus abuelos Lee Miller y Roland Penrose.</p>
<p>Los espectadores podrán mandar sus preguntas desde un QR que se proyectará antes de comenzar la película, así como durante el coloquio.</p>
<p><strong>Sinopsis:</strong> La historia de la fotógrafa Elizabeth &#8216;Lee&#8217; Miller, una modelo de moda que se convirtió en una aclamada corresponsal de guerra para la revista Vogue durante la Segunda Guerra Mundial.</p>
<p><a href="https://www.reservaentradas.com/entrada/valencia/cineslys/proyecto-viridiana-lee-miller/360982/?step=2" rel="nofollow noopener" target="_blank"> <button>Reserva tu entrada</button> </a></p>
<p><iframe title="LEE MILLER - Tráiler Oficial" width="750" height="422" src="https://www.youtube.com/embed/RKWITkHKIkI?feature=oembed" frameborder="0" allow="accelerometer; autoplay; clipboard-write; encrypted-media; gyroscope; picture-in-picture; web-share" referrerpolicy="strict-origin-when-cross-origin" allowfullscreen></iframe></p>

<p>Proyecto Viridiana: «Lee Miller» con Antony Penrose y Ami Bouhassane Lunes, 24 de febrero 19:30h Vuelve «Proyecto Viridiana» con un nuevo pase. En esta ocasión, contaremos con la presencia de&hellip; <a class="more-link" href="https://cineslys.com/val/calendario/proyecto-viridiana-lee-miller-con-antony-penrose-y-ami-bouhassane/">Continue reading <span class="screen-reader-text">Proyecto Viridiana: «Lee Miller» con Antony Penrose y Ami Bouhassane</span></a></p>
