									
{"id":7743,"date":"2025-02-13T12:52:54","date_gmt":"2025-02-13T12:52:54","guid":{"rendered":"https:\/\/cineslys.com\/?post_type=tribe_events&#038;p=7743"},"modified":"2025-02-17T14:48:59","modified_gmt":"2025-02-17T14:48:59","slug":"homenaje-david-lynch-terciopelo-azul","status":"publish","type":"tribe_events","link":"https:\/\/cineslys.com\/val\/calendario\/homenaje-david-lynch-terciopelo-azul\/","title":{"rendered":"Homenaje David Lynch: Terciopelo Azul"},"content":{"rendered":"<h3><strong>Homenaje David Lynch: Terciopelo Azul<\/strong><br \/>\nJueves 20 de marzo a las 19:30h (VOSE)<\/h3>\n<p><strong>No habr\u00e1 corto en esta ocasi\u00f3n.<\/strong><\/p>\n<p>No pod\u00edamos cerrar un Homenaje a David Lynch sin poner \u00abTerciopelo Azul\u00bb pel\u00edcula de 1986 con la que consigui\u00f3 una nominaci\u00f3n a los Oscar como Mejor Director. Protagonizada por el grand\u00edsimo Kyle MacLachlan y la incre\u00edble actri Isabella Rossellini.<\/p>\n<p>Sinopsis: Una ma\u00f1ana, Jeffrey Beaumont (Kyle MacLachlan), despu\u00e9s de visitar a su padre en el hospital, encuentra entre unos arbustos una oreja humana. La guarda en una bolsa de papel y la lleva a la comisar\u00eda de polic\u00eda, donde le atiende el detective Williams (George Dickerson), que es vecino suyo. Comienza as\u00ed una misteriosa intriga que desvelar\u00e1 extra\u00f1os sucesos acontecidos en una peque\u00f1a localidad de Carolina del Norte.<\/p>\n<p><a href=\"https:\/\/www.reservaentradas.com\/entrada\/valencia\/cineslys\/homenaje-a-david-lynch-terciopelo-azul\/360997\/?step=2\" rel=\"nofollow noopener\" target=\"_blank\"> <button>Reservar entradas<\/button> <\/a><\/p>","protected":false},"excerpt":{"rendered":"<p>Homenaje David Lynch: Terciopelo Azul Jueves 20 de marzo a las 19:30h (VOSE) No habr\u00e1 corto en esta ocasi\u00f3n. No pod\u00edamos cerrar un Homenaje a David Lynch sin poner \u00abTerciopelo&hellip; <a class=\"more-link\" href=\"https:\/\/cineslys.com\/val\/calendario\/homenaje-david-lynch-terciopelo-azul\/\">Continue reading <span class=\"screen-reader-text\">Homenaje David Lynch: Terciopelo Azul<\/span><\/a><\/p>","protected":false},"author":1,"featured_media":7741,"template":"","meta":{"_tribe_events_status":"","_tribe_events_status_reason":"","footnotes":""},"tags":[],"tribe_events_cat":[78],"class_list":["post-7743","tribe_events","type-tribe_events","status-publish","has-post-thumbnail","hentry","tribe_events_cat-homenaje-david-lynch","cat_homenaje-david-lynch","entry"],"_links":{"self":[{"href":"https:\/\/cineslys.com\/val\/wp-json\/wp\/v2\/tribe_events\/7743","targetHints":{"allow":["GET"]}}],"collection":[{"href":"https:\/\/cineslys.com\/val\/wp-json\/wp\/v2\/tribe_events"}],"about":[{"href":"https:\/\/cineslys.com\/val\/wp-json\/wp\/v2\/types\/tribe_events"}],"author":[{"embeddable":true,"href":"https:\/\/cineslys.com\/val\/wp-json\/wp\/v2\/users\/1"}],"version-history":[{"count":0,"href":"https:\/\/cineslys.com\/val\/wp-json\/wp\/v2\/tribe_events\/7743\/revisions"}],"wp:featuredmedia":[{"embeddable":true,"href":"https:\/\/cineslys.com\/val\/wp-json\/wp\/v2\/media\/7741"}],"wp:attachment":[{"href":"https:\/\/cineslys.com\/val\/wp-json\/wp\/v2\/media?parent=7743"}],"wp:term":[{"taxonomy":"post_tag","embeddable":true,"href":"https:\/\/cineslys.com\/val\/wp-json\/wp\/v2\/tags?post=7743"},{"taxonomy":"tribe_events_cat","embeddable":true,"href":"https:\/\/cineslys.com\/val\/wp-json\/wp\/v2\/tribe_events_cat?post=7743"}],"curies":[{"name":"wp","href":"https:\/\/api.w.org\/{rel}","templated":true}]}}

<h3><strong>Homenaje David Lynch: Terciopelo Azul</strong><br />
Jueves 20 de marzo a las 19:30h (VOSE)</h3>
<p><strong>No habrá corto en esta ocasión.</strong></p>
<p>No podíamos cerrar un Homenaje a David Lynch sin poner «Terciopelo Azul» película de 1986 con la que consiguió una nominación a los Oscar como Mejor Director. Protagonizada por el grandísimo Kyle MacLachlan y la increíble actri Isabella Rossellini.</p>
<p>Sinopsis: Una mañana, Jeffrey Beaumont (Kyle MacLachlan), después de visitar a su padre en el hospital, encuentra entre unos arbustos una oreja humana. La guarda en una bolsa de papel y la lleva a la comisaría de policía, donde le atiende el detective Williams (George Dickerson), que es vecino suyo. Comienza así una misteriosa intriga que desvelará extraños sucesos acontecidos en una pequeña localidad de Carolina del Norte.</p>
<p><a href="https://www.reservaentradas.com/entrada/valencia/cineslys/homenaje-a-david-lynch-terciopelo-azul/360997/?step=2" rel="nofollow noopener" target="_blank"> <button>Reservar entradas</button> </a></p>

<p>Homenaje David Lynch: Terciopelo Azul Jueves 20 de marzo a las 19:30h (VOSE) No habrá corto en esta ocasión. No podíamos cerrar un Homenaje a David Lynch sin poner «Terciopelo&hellip; <a class="more-link" href="https://cineslys.com/val/calendario/homenaje-david-lynch-terciopelo-azul/">Continue reading <span class="screen-reader-text">Homenaje David Lynch: Terciopelo Azul</span></a></p>
