									
{"id":7776,"date":"2025-02-17T09:46:02","date_gmt":"2025-02-17T09:46:02","guid":{"rendered":"https:\/\/cineslys.com\/?post_type=tribe_events&#038;p=7776"},"modified":"2025-02-17T14:23:12","modified_gmt":"2025-02-17T14:23:12","slug":"proyecto-viridiana-tardes-de-soledad-con-albert-serra","status":"publish","type":"tribe_events","link":"https:\/\/cineslys.com\/val\/calendario\/proyecto-viridiana-tardes-de-soledad-con-albert-serra\/","title":{"rendered":"Proyecto Viridiana: \u00abTardes de soledad\u00bb con Albert Serra y J.A. Bayona"},"content":{"rendered":"<h3><strong>Proyecto Viridiana: \u00abTardes de soledad\u00bb con Albert Serra<\/strong><\/h3>\n<h3>Jueves, 6 de marzo 20:15h<\/h3>\n<p>Vuelve Proyecto Viridiana con <strong>Tardes de Soledad<\/strong>, con un coloquio online del director<strong> Albert Serra<\/strong> y moderado por <strong>J.A. Bayona.<\/strong><\/p>\n<p>Los espectadores podr\u00e1n mandar sus preguntas desde un QR que se proyectar\u00e1 antes de comenzar la pel\u00edcula, as\u00ed como durante el coloquio.<\/p>\n<p><strong>Sinopsis:<\/strong> Retrato de una estrella del toreo en activo, Andr\u00e9s Roca Rey, que permite reflexionar sobre la experiencia \u00edntima del torero que asume el riesgo de enfrentarse al toro como un deber personal por respeto a la tradici\u00f3n y como un desaf\u00edo est\u00e9tico. Este desaf\u00edo crea una forma de belleza ef\u00edmera a trav\u00e9s de la confrontaci\u00f3n material y violenta entre la racionalidad humana y la brutalidad del animal salvaje.<\/p>\n<p><a href=\"https:\/\/www.reservaentradas.com\/entrada\/valencia\/cineslys\/proyecto-viridiana-tardes-de-soledad\/360999\/?step=2\" rel=\"nofollow noopener\" target=\"_blank\"> <button>Reserva tu entrada<\/button> <\/a><\/p>\n<p><iframe title=\"TARDES DE SOLEDAD - Tr\u00e1iler Oficial - 7 de marzo en cines\" width=\"750\" height=\"422\" src=\"https:\/\/www.youtube.com\/embed\/MH3DHcAHy54?feature=oembed\" frameborder=\"0\" allow=\"accelerometer; autoplay; clipboard-write; encrypted-media; gyroscope; picture-in-picture; web-share\" referrerpolicy=\"strict-origin-when-cross-origin\" allowfullscreen><\/iframe><\/p>","protected":false},"excerpt":{"rendered":"<p>Proyecto Viridiana: \u00abTardes de soledad\u00bb con Albert Serra Jueves, 6 de marzo 20:15h Vuelve Proyecto Viridiana con Tardes de Soledad, con un coloquio online del director Albert Serra y moderado&hellip; <a class=\"more-link\" href=\"https:\/\/cineslys.com\/val\/calendario\/proyecto-viridiana-tardes-de-soledad-con-albert-serra\/\">Continue reading <span class=\"screen-reader-text\">Proyecto Viridiana: \u00abTardes de soledad\u00bb con Albert Serra y J.A. Bayona<\/span><\/a><\/p>","protected":false},"author":1,"featured_media":7777,"template":"","meta":{"_tribe_events_status":"","_tribe_events_status_reason":"","footnotes":""},"tags":[],"tribe_events_cat":[32],"class_list":["post-7776","tribe_events","type-tribe_events","status-publish","has-post-thumbnail","hentry","tribe_events_cat-proyecto-viridiana","cat_proyecto-viridiana","entry"],"_links":{"self":[{"href":"https:\/\/cineslys.com\/val\/wp-json\/wp\/v2\/tribe_events\/7776","targetHints":{"allow":["GET"]}}],"collection":[{"href":"https:\/\/cineslys.com\/val\/wp-json\/wp\/v2\/tribe_events"}],"about":[{"href":"https:\/\/cineslys.com\/val\/wp-json\/wp\/v2\/types\/tribe_events"}],"author":[{"embeddable":true,"href":"https:\/\/cineslys.com\/val\/wp-json\/wp\/v2\/users\/1"}],"version-history":[{"count":0,"href":"https:\/\/cineslys.com\/val\/wp-json\/wp\/v2\/tribe_events\/7776\/revisions"}],"wp:featuredmedia":[{"embeddable":true,"href":"https:\/\/cineslys.com\/val\/wp-json\/wp\/v2\/media\/7777"}],"wp:attachment":[{"href":"https:\/\/cineslys.com\/val\/wp-json\/wp\/v2\/media?parent=7776"}],"wp:term":[{"taxonomy":"post_tag","embeddable":true,"href":"https:\/\/cineslys.com\/val\/wp-json\/wp\/v2\/tags?post=7776"},{"taxonomy":"tribe_events_cat","embeddable":true,"href":"https:\/\/cineslys.com\/val\/wp-json\/wp\/v2\/tribe_events_cat?post=7776"}],"curies":[{"name":"wp","href":"https:\/\/api.w.org\/{rel}","templated":true}]}}

<h3><strong>Proyecto Viridiana: «Tardes de soledad» con Albert Serra</strong></h3>
<h3>Jueves, 6 de marzo 20:15h</h3>
<p>Vuelve Proyecto Viridiana con <strong>Tardes de Soledad</strong>, con un coloquio online del director<strong> Albert Serra</strong> y moderado por <strong>J.A. Bayona.</strong></p>
<p>Los espectadores podrán mandar sus preguntas desde un QR que se proyectará antes de comenzar la película, así como durante el coloquio.</p>
<p><strong>Sinopsis:</strong> Retrato de una estrella del toreo en activo, Andrés Roca Rey, que permite reflexionar sobre la experiencia íntima del torero que asume el riesgo de enfrentarse al toro como un deber personal por respeto a la tradición y como un desafío estético. Este desafío crea una forma de belleza efímera a través de la confrontación material y violenta entre la racionalidad humana y la brutalidad del animal salvaje.</p>
<p><a href="https://www.reservaentradas.com/entrada/valencia/cineslys/proyecto-viridiana-tardes-de-soledad/360999/?step=2" rel="nofollow noopener" target="_blank"> <button>Reserva tu entrada</button> </a></p>
<p><iframe title="TARDES DE SOLEDAD - Tráiler Oficial - 7 de marzo en cines" width="750" height="422" src="https://www.youtube.com/embed/MH3DHcAHy54?feature=oembed" frameborder="0" allow="accelerometer; autoplay; clipboard-write; encrypted-media; gyroscope; picture-in-picture; web-share" referrerpolicy="strict-origin-when-cross-origin" allowfullscreen></iframe></p>
