									
{"id":7805,"date":"2025-02-19T08:37:01","date_gmt":"2025-02-19T08:37:01","guid":{"rendered":"https:\/\/cineslys.com\/?post_type=tribe_events&#038;p=7805"},"modified":"2025-02-19T08:37:02","modified_gmt":"2025-02-19T08:37:02","slug":"cita-a-ciegas-25-de-febrero","status":"publish","type":"tribe_events","link":"https:\/\/cineslys.com\/val\/calendario\/cita-a-ciegas-25-de-febrero\/","title":{"rendered":"Cita a Ciegas: 25 de febrero"},"content":{"rendered":"<h3><b>Cita a Ciegas: 25 de febrero<\/b><\/h3>\n<h6><a href=\"https:\/\/forms.gle\/CLX2ttBQPB1eZGZ36\" rel=\"nofollow noopener\" target=\"_blank\"><span style=\"color: #de0000;\">\u00danete a nuestra Newsletter de Cita a Ciegas y participa en las porras semanales<\/span><\/a><\/h6>\n<p>El martes nuestros espectadores tuvieron la ocasi\u00f3n de ver \u00ab<strong>A\u00fan Estoy Aqu\u00ed<\/strong>\u00bb, pel\u00edcula dirigida por Walter Salles y protagonizada por Fernanda Torres, Selton Mello, Fernanda Montenegro, y m\u00e1s.<\/p>\n<p>Estreno este viernes 21 de febrero.<\/p>\n<p>\u00bfQu\u00e9 pel\u00edcula ser\u00e1 la del martes que viene?<\/p>\n<p><strong><a href=\"https:\/\/cineslys.com\/val\/socios\/\">Hazte socio de Cines Lys gratuitamente y acumula puntos comprando a 5\u20ac<\/a><\/strong><\/p>\n<p><a href=\"https:\/\/www.reservaentradas.com\/entrada\/valencia\/cineslys\/cita-a-ciegas-con-el-cine\/361012\/?step=2\" rel=\"nofollow noopener\" target=\"_blank\"> <button>Reserva tu entrada<\/button> <\/a><\/p>","protected":false},"excerpt":{"rendered":"<p>Cita a Ciegas: 25 de febrero \u00danete a nuestra Newsletter de Cita a Ciegas y participa en las porras semanales El martes nuestros espectadores tuvieron la ocasi\u00f3n de ver \u00abA\u00fan&hellip; <a class=\"more-link\" href=\"https:\/\/cineslys.com\/val\/calendario\/cita-a-ciegas-25-de-febrero\/\">Continue reading <span class=\"screen-reader-text\">Cita a Ciegas: 25 de febrero<\/span><\/a><\/p>","protected":false},"author":1,"featured_media":7806,"template":"","meta":{"_tribe_events_status":"","_tribe_events_status_reason":"","footnotes":""},"tags":[],"tribe_events_cat":[16],"class_list":["post-7805","tribe_events","type-tribe_events","status-publish","has-post-thumbnail","hentry","tribe_events_cat-cita-a-ciegas","cat_cita-a-ciegas","entry"],"_links":{"self":[{"href":"https:\/\/cineslys.com\/val\/wp-json\/wp\/v2\/tribe_events\/7805","targetHints":{"allow":["GET"]}}],"collection":[{"href":"https:\/\/cineslys.com\/val\/wp-json\/wp\/v2\/tribe_events"}],"about":[{"href":"https:\/\/cineslys.com\/val\/wp-json\/wp\/v2\/types\/tribe_events"}],"author":[{"embeddable":true,"href":"https:\/\/cineslys.com\/val\/wp-json\/wp\/v2\/users\/1"}],"version-history":[{"count":0,"href":"https:\/\/cineslys.com\/val\/wp-json\/wp\/v2\/tribe_events\/7805\/revisions"}],"wp:featuredmedia":[{"embeddable":true,"href":"https:\/\/cineslys.com\/val\/wp-json\/wp\/v2\/media\/7806"}],"wp:attachment":[{"href":"https:\/\/cineslys.com\/val\/wp-json\/wp\/v2\/media?parent=7805"}],"wp:term":[{"taxonomy":"post_tag","embeddable":true,"href":"https:\/\/cineslys.com\/val\/wp-json\/wp\/v2\/tags?post=7805"},{"taxonomy":"tribe_events_cat","embeddable":true,"href":"https:\/\/cineslys.com\/val\/wp-json\/wp\/v2\/tribe_events_cat?post=7805"}],"curies":[{"name":"wp","href":"https:\/\/api.w.org\/{rel}","templated":true}]}}

<h3><b>Cita a Ciegas: 25 de febrero</b></h3>
<h6><a href="https://forms.gle/CLX2ttBQPB1eZGZ36" rel="nofollow noopener" target="_blank"><span style="color: #de0000;">Únete a nuestra Newsletter de Cita a Ciegas y participa en las porras semanales</span></a></h6>
<p>El martes nuestros espectadores tuvieron la ocasión de ver «<strong>Aún Estoy Aquí</strong>», película dirigida por Walter Salles y protagonizada por Fernanda Torres, Selton Mello, Fernanda Montenegro, y más.</p>
<p>Estreno este viernes 21 de febrero.</p>
<p>¿Qué película será la del martes que viene?</p>
<p><strong><a href="https://cineslys.com/val/socios/">Hazte socio de Cines Lys gratuitamente y acumula puntos comprando a 5€</a></strong></p>
<p><a href="https://www.reservaentradas.com/entrada/valencia/cineslys/cita-a-ciegas-con-el-cine/361012/?step=2" rel="nofollow noopener" target="_blank"> <button>Reserva tu entrada</button> </a></p>

<p>Cita a Ciegas: 25 de febrero Únete a nuestra Newsletter de Cita a Ciegas y participa en las porras semanales El martes nuestros espectadores tuvieron la ocasión de ver «Aún&hellip; <a class="more-link" href="https://cineslys.com/val/calendario/cita-a-ciegas-25-de-febrero/">Continue reading <span class="screen-reader-text">Cita a Ciegas: 25 de febrero</span></a></p>
