									
{"id":7856,"date":"2025-02-25T09:25:24","date_gmt":"2025-02-25T09:25:24","guid":{"rendered":"https:\/\/cineslys.com\/?post_type=tribe_events&#038;p=7856"},"modified":"2025-02-25T09:26:52","modified_gmt":"2025-02-25T09:26:52","slug":"cine-club-lys-aun-estoy-aqui","status":"publish","type":"tribe_events","link":"https:\/\/cineslys.com\/val\/calendario\/cine-club-lys-aun-estoy-aqui\/","title":{"rendered":"Cine Club Lys: A\u00fan estoy aqu\u00ed"},"content":{"rendered":"<h3><b>Cine Club Lys: A\u00fan estoy aqu\u00ed<\/b><\/h3>\n<h3>Lunes 10 de marzo 16:30h &#8211; 18:00h &#8211; 19:30h<\/h3>\n<h6><a href=\"https:\/\/cineclublys.com\/matricula\/\" rel=\"nofollow noopener\" target=\"_blank\"><span style=\"color: #de0000;\">Matr\u00edcula abierta Cine Club Lys 2024-2025. Precio socio 5,50. No socio a 20\u20ac<\/span><\/a><\/h6>\n<p>A\u00fan estoy aqu\u00ed con Coloquio moderado.<\/p>\n<p><strong>Sinopsis<\/strong>: Basada en las memorias de Marcelo Rubens Paiva, en las que narra<br \/>\nc\u00f3mo su madre se vio obligada al activismo pol\u00edtico cuando su marido, el diputado izquierdista Rubens Paiva, fue capturado por el gobierno durante la dictadura militar de Brasil, en 1971.<\/p>\n<p><a href=\"https:\/\/www.reservaentradas.com\/sesiones\/valencia\/cineslys\/cine-club-lys-aun-estoy-aqui\/6542?proximamente=true&amp;\" rel=\"nofollow noopener\" target=\"_blank\"> <button>Reserva tu entrada<\/button> <\/a><\/p>\n<p><iframe title=\"A\u00daN ESTOY AQU\u00cd - Tr\u00e1iler HD Doblado | 21 de febrero en cines\" width=\"750\" height=\"422\" src=\"https:\/\/www.youtube.com\/embed\/uAWZn8c68mE?feature=oembed\" frameborder=\"0\" allow=\"accelerometer; autoplay; clipboard-write; encrypted-media; gyroscope; picture-in-picture; web-share\" referrerpolicy=\"strict-origin-when-cross-origin\" allowfullscreen><\/iframe><\/p>","protected":false},"excerpt":{"rendered":"<p>Cine Club Lys: A\u00fan estoy aqu\u00ed Lunes 10 de marzo 16:30h &#8211; 18:00h &#8211; 19:30h Matr\u00edcula abierta Cine Club Lys 2024-2025. Precio socio 5,50. No socio a 20\u20ac A\u00fan estoy&hellip; <a class=\"more-link\" href=\"https:\/\/cineslys.com\/val\/calendario\/cine-club-lys-aun-estoy-aqui\/\">Continue reading <span class=\"screen-reader-text\">Cine Club Lys: A\u00fan estoy aqu\u00ed<\/span><\/a><\/p>","protected":false},"author":1,"featured_media":7860,"template":"","meta":{"_tribe_events_status":"","_tribe_events_status_reason":"","footnotes":""},"tags":[],"tribe_events_cat":[18],"class_list":["post-7856","tribe_events","type-tribe_events","status-publish","has-post-thumbnail","hentry","tribe_events_cat-cine-club","cat_cine-club","entry"],"_links":{"self":[{"href":"https:\/\/cineslys.com\/val\/wp-json\/wp\/v2\/tribe_events\/7856","targetHints":{"allow":["GET"]}}],"collection":[{"href":"https:\/\/cineslys.com\/val\/wp-json\/wp\/v2\/tribe_events"}],"about":[{"href":"https:\/\/cineslys.com\/val\/wp-json\/wp\/v2\/types\/tribe_events"}],"author":[{"embeddable":true,"href":"https:\/\/cineslys.com\/val\/wp-json\/wp\/v2\/users\/1"}],"version-history":[{"count":0,"href":"https:\/\/cineslys.com\/val\/wp-json\/wp\/v2\/tribe_events\/7856\/revisions"}],"wp:featuredmedia":[{"embeddable":true,"href":"https:\/\/cineslys.com\/val\/wp-json\/wp\/v2\/media\/7860"}],"wp:attachment":[{"href":"https:\/\/cineslys.com\/val\/wp-json\/wp\/v2\/media?parent=7856"}],"wp:term":[{"taxonomy":"post_tag","embeddable":true,"href":"https:\/\/cineslys.com\/val\/wp-json\/wp\/v2\/tags?post=7856"},{"taxonomy":"tribe_events_cat","embeddable":true,"href":"https:\/\/cineslys.com\/val\/wp-json\/wp\/v2\/tribe_events_cat?post=7856"}],"curies":[{"name":"wp","href":"https:\/\/api.w.org\/{rel}","templated":true}]}}

Cine Club Lys: Aún estoy aquí

<h3><b>Cine Club Lys: Aún estoy aquí</b></h3>
<h3>Lunes 10 de marzo 16:30h &#8211; 18:00h &#8211; 19:30h</h3>
<h6><a href="https://cineclublys.com/matricula/" rel="nofollow noopener" target="_blank"><span style="color: #de0000;">Matrícula abierta Cine Club Lys 2024-2025. Precio socio 5,50. No socio a 20€</span></a></h6>
<p>Aún estoy aquí con Coloquio moderado.</p>
<p><strong>Sinopsis</strong>: Basada en las memorias de Marcelo Rubens Paiva, en las que narra<br />
cómo su madre se vio obligada al activismo político cuando su marido, el diputado izquierdista Rubens Paiva, fue capturado por el gobierno durante la dictadura militar de Brasil, en 1971.</p>
<p><a href="https://www.reservaentradas.com/sesiones/valencia/cineslys/cine-club-lys-aun-estoy-aqui/6542?proximamente=true&amp;" rel="nofollow noopener" target="_blank"> <button>Reserva tu entrada</button> </a></p>
<p><iframe title="AÚN ESTOY AQUÍ - Tráiler HD Doblado | 21 de febrero en cines" width="750" height="422" src="https://www.youtube.com/embed/uAWZn8c68mE?feature=oembed" frameborder="0" allow="accelerometer; autoplay; clipboard-write; encrypted-media; gyroscope; picture-in-picture; web-share" referrerpolicy="strict-origin-when-cross-origin" allowfullscreen></iframe></p>

<p>Cine Club Lys: Aún estoy aquí Lunes 10 de marzo 16:30h &#8211; 18:00h &#8211; 19:30h Matrícula abierta Cine Club Lys 2024-2025. Precio socio 5,50. No socio a 20€ Aún estoy&hellip; <a class="more-link" href="https://cineslys.com/val/calendario/cine-club-lys-aun-estoy-aqui/">Continue reading <span class="screen-reader-text">Cine Club Lys: Aún estoy aquí</span></a></p>
