									
{"id":7930,"date":"2025-03-05T09:28:56","date_gmt":"2025-03-05T09:28:56","guid":{"rendered":"https:\/\/cineslys.com\/?post_type=tribe_events&#038;p=7930"},"modified":"2025-03-05T09:28:57","modified_gmt":"2025-03-05T09:28:57","slug":"cita-a-ciegas-11-de-marzo","status":"publish","type":"tribe_events","link":"https:\/\/cineslys.com\/val\/calendario\/cita-a-ciegas-11-de-marzo\/","title":{"rendered":"Cita a Ciegas: 11 de marzo"},"content":{"rendered":"<h3><b>Cita a Ciegas: 11 de marzo<\/b><\/h3>\n<h6><a href=\"https:\/\/forms.gle\/CLX2ttBQPB1eZGZ36\" rel=\"nofollow noopener\" target=\"_blank\"><span style=\"color: #de0000;\">\u00danete a nuestra Newsletter de Cita a Ciegas y participa en las porras semanales<\/span><\/a><\/h6>\n<p>El martes pasado, nuestros espectadores tuvieron la oportunidad de decidir entre una pel\u00edcula desconocida y <strong>Anora<\/strong>, donde optaron por esta \u00faltima. La gran triunfadora de <strong>cinco Oscars<\/strong> a Mejor pel\u00edcula, Mejor direcci\u00f3n (Sean Baker), Mejor actriz protagonista (Mikey Madison), Mejor guion original (Sean Baker) y Mejor montaje (Sean Baker).<\/p>\n<p>Ya disponible en Cines Lys<\/p>\n<p>\u00bfQu\u00e9 pel\u00edcula ser\u00e1 la del martes que viene? Te queda esperar!<\/p>\n<p><strong><a href=\"https:\/\/cineslys.com\/val\/socios\/\">Hazte socio de Cines Lys gratuitamente y acumula puntos comprando a 5\u20ac<\/a><\/strong><\/p>\n<p><a href=\"https:\/\/www.reservaentradas.com\/entrada\/valencia\/cineslys\/cita-a-ciegas-con-el-cine\/361615\/?step=2\" rel=\"nofollow noopener\" target=\"_blank\"> <button>Reserva tu entrada<\/button> <\/a><\/p>","protected":false},"excerpt":{"rendered":"<p>Cita a Ciegas: 11 de marzo \u00danete a nuestra Newsletter de Cita a Ciegas y participa en las porras semanales El martes pasado, nuestros espectadores tuvieron la oportunidad de decidir&hellip; <a class=\"more-link\" href=\"https:\/\/cineslys.com\/val\/calendario\/cita-a-ciegas-11-de-marzo\/\">Continue reading <span class=\"screen-reader-text\">Cita a Ciegas: 11 de marzo<\/span><\/a><\/p>","protected":false},"author":1,"featured_media":7931,"template":"","meta":{"_tribe_events_status":"","_tribe_events_status_reason":"","footnotes":""},"tags":[],"tribe_events_cat":[16],"class_list":["post-7930","tribe_events","type-tribe_events","status-publish","has-post-thumbnail","hentry","tribe_events_cat-cita-a-ciegas","cat_cita-a-ciegas","entry"],"_links":{"self":[{"href":"https:\/\/cineslys.com\/val\/wp-json\/wp\/v2\/tribe_events\/7930","targetHints":{"allow":["GET"]}}],"collection":[{"href":"https:\/\/cineslys.com\/val\/wp-json\/wp\/v2\/tribe_events"}],"about":[{"href":"https:\/\/cineslys.com\/val\/wp-json\/wp\/v2\/types\/tribe_events"}],"author":[{"embeddable":true,"href":"https:\/\/cineslys.com\/val\/wp-json\/wp\/v2\/users\/1"}],"version-history":[{"count":0,"href":"https:\/\/cineslys.com\/val\/wp-json\/wp\/v2\/tribe_events\/7930\/revisions"}],"wp:featuredmedia":[{"embeddable":true,"href":"https:\/\/cineslys.com\/val\/wp-json\/wp\/v2\/media\/7931"}],"wp:attachment":[{"href":"https:\/\/cineslys.com\/val\/wp-json\/wp\/v2\/media?parent=7930"}],"wp:term":[{"taxonomy":"post_tag","embeddable":true,"href":"https:\/\/cineslys.com\/val\/wp-json\/wp\/v2\/tags?post=7930"},{"taxonomy":"tribe_events_cat","embeddable":true,"href":"https:\/\/cineslys.com\/val\/wp-json\/wp\/v2\/tribe_events_cat?post=7930"}],"curies":[{"name":"wp","href":"https:\/\/api.w.org\/{rel}","templated":true}]}}

<h3><b>Cita a Ciegas: 11 de marzo</b></h3>
<h6><a href="https://forms.gle/CLX2ttBQPB1eZGZ36" rel="nofollow noopener" target="_blank"><span style="color: #de0000;">Únete a nuestra Newsletter de Cita a Ciegas y participa en las porras semanales</span></a></h6>
<p>El martes pasado, nuestros espectadores tuvieron la oportunidad de decidir entre una película desconocida y <strong>Anora</strong>, donde optaron por esta última. La gran triunfadora de <strong>cinco Oscars</strong> a Mejor película, Mejor dirección (Sean Baker), Mejor actriz protagonista (Mikey Madison), Mejor guion original (Sean Baker) y Mejor montaje (Sean Baker).</p>
<p>Ya disponible en Cines Lys</p>
<p>¿Qué película será la del martes que viene? Te queda esperar!</p>
<p><strong><a href="https://cineslys.com/val/socios/">Hazte socio de Cines Lys gratuitamente y acumula puntos comprando a 5€</a></strong></p>
<p><a href="https://www.reservaentradas.com/entrada/valencia/cineslys/cita-a-ciegas-con-el-cine/361615/?step=2" rel="nofollow noopener" target="_blank"> <button>Reserva tu entrada</button> </a></p>

<p>Cita a Ciegas: 11 de marzo Únete a nuestra Newsletter de Cita a Ciegas y participa en las porras semanales El martes pasado, nuestros espectadores tuvieron la oportunidad de decidir&hellip; <a class="more-link" href="https://cineslys.com/val/calendario/cita-a-ciegas-11-de-marzo/">Continue reading <span class="screen-reader-text">Cita a Ciegas: 11 de marzo</span></a></p>
