									
{"id":7951,"date":"2025-03-06T10:26:17","date_gmt":"2025-03-06T10:26:17","guid":{"rendered":"https:\/\/cineslys.com\/?post_type=tribe_events&#038;p=7951"},"modified":"2025-03-06T10:26:17","modified_gmt":"2025-03-06T10:26:17","slug":"proyecto-viridiana-los-aitas-con-borja-cobeaga","status":"publish","type":"tribe_events","link":"https:\/\/cineslys.com\/val\/calendario\/proyecto-viridiana-los-aitas-con-borja-cobeaga\/","title":{"rendered":"Proyecto Viridiana: \u00abLos aitas\u00bb con Borja Cobeaga"},"content":{"rendered":"<h3><strong>Proyecto Viridiana: \u00abLos aitas\u00bb con Borja Cobeaga<\/strong><\/h3>\n<h3>Jueves,20 de marzo 19:30h<\/h3>\n<p>Vuelve Proyecto Viridiana con <strong>Los aitas<\/strong>, con un coloquio online del director<strong> Borja Cobeaga.<\/strong><\/p>\n<p>Los espectadores podr\u00e1n mandar sus preguntas desde un QR que se proyectar\u00e1 antes de comenzar la pel\u00edcula, as\u00ed como durante el coloquio.<\/p>\n<p><strong>Sinopsis:<\/strong> En la periferia obrera del Bilbao de finales de los 80, un equipo infantil de gimnasia ri tmica tiene la oportunidad de participar en una campeonato en Berli n. Ante la imposibilidad de que las madres acompan en a sus hijas, la tarea recaera en los padres, que no parecen muy interesados en el viaje, ni en ese deporte, ni incluso en sus propias hijas.<\/p>\n<p><a href=\"https:\/\/www.reservaentradas.com\/sesiones\/valencia\/cineslys\/cine-club-lys-los-aitas\/6548?proximamente=true&amp;\" rel=\"nofollow noopener\" target=\"_blank\"> <button>Reserva tu entrada<\/button> <\/a><\/p>\n<p><iframe title=\"LOS AITAS - 21 de marzo en cines\" width=\"750\" height=\"422\" src=\"https:\/\/www.youtube.com\/embed\/X2tc7Z_Rf6Q?feature=oembed\" frameborder=\"0\" allow=\"accelerometer; autoplay; clipboard-write; encrypted-media; gyroscope; picture-in-picture; web-share\" referrerpolicy=\"strict-origin-when-cross-origin\" allowfullscreen><\/iframe><\/p>","protected":false},"excerpt":{"rendered":"<p>Proyecto Viridiana: \u00abLos aitas\u00bb con Borja Cobeaga Jueves,20 de marzo 19:30h Vuelve Proyecto Viridiana con Los aitas, con un coloquio online del director Borja Cobeaga. Los espectadores podr\u00e1n mandar sus&hellip; <a class=\"more-link\" href=\"https:\/\/cineslys.com\/val\/calendario\/proyecto-viridiana-los-aitas-con-borja-cobeaga\/\">Continue reading <span class=\"screen-reader-text\">Proyecto Viridiana: \u00abLos aitas\u00bb con Borja Cobeaga<\/span><\/a><\/p>","protected":false},"author":1,"featured_media":7952,"template":"","meta":{"_tribe_events_status":"","_tribe_events_status_reason":"","footnotes":""},"tags":[],"tribe_events_cat":[32],"class_list":["post-7951","tribe_events","type-tribe_events","status-publish","has-post-thumbnail","hentry","tribe_events_cat-proyecto-viridiana","cat_proyecto-viridiana","entry"],"_links":{"self":[{"href":"https:\/\/cineslys.com\/val\/wp-json\/wp\/v2\/tribe_events\/7951","targetHints":{"allow":["GET"]}}],"collection":[{"href":"https:\/\/cineslys.com\/val\/wp-json\/wp\/v2\/tribe_events"}],"about":[{"href":"https:\/\/cineslys.com\/val\/wp-json\/wp\/v2\/types\/tribe_events"}],"author":[{"embeddable":true,"href":"https:\/\/cineslys.com\/val\/wp-json\/wp\/v2\/users\/1"}],"version-history":[{"count":0,"href":"https:\/\/cineslys.com\/val\/wp-json\/wp\/v2\/tribe_events\/7951\/revisions"}],"wp:featuredmedia":[{"embeddable":true,"href":"https:\/\/cineslys.com\/val\/wp-json\/wp\/v2\/media\/7952"}],"wp:attachment":[{"href":"https:\/\/cineslys.com\/val\/wp-json\/wp\/v2\/media?parent=7951"}],"wp:term":[{"taxonomy":"post_tag","embeddable":true,"href":"https:\/\/cineslys.com\/val\/wp-json\/wp\/v2\/tags?post=7951"},{"taxonomy":"tribe_events_cat","embeddable":true,"href":"https:\/\/cineslys.com\/val\/wp-json\/wp\/v2\/tribe_events_cat?post=7951"}],"curies":[{"name":"wp","href":"https:\/\/api.w.org\/{rel}","templated":true}]}}

<h3><strong>Proyecto Viridiana: «Los aitas» con Borja Cobeaga</strong></h3>
<h3>Jueves,20 de marzo 19:30h</h3>
<p>Vuelve Proyecto Viridiana con <strong>Los aitas</strong>, con un coloquio online del director<strong> Borja Cobeaga.</strong></p>
<p>Los espectadores podrán mandar sus preguntas desde un QR que se proyectará antes de comenzar la película, así como durante el coloquio.</p>
<p><strong>Sinopsis:</strong> En la periferia obrera del Bilbao de finales de los 80, un equipo infantil de gimnasia ri tmica tiene la oportunidad de participar en una campeonato en Berli n. Ante la imposibilidad de que las madres acompan en a sus hijas, la tarea recaera en los padres, que no parecen muy interesados en el viaje, ni en ese deporte, ni incluso en sus propias hijas.</p>
<p><a href="https://www.reservaentradas.com/sesiones/valencia/cineslys/cine-club-lys-los-aitas/6548?proximamente=true&amp;" rel="nofollow noopener" target="_blank"> <button>Reserva tu entrada</button> </a></p>
<p><iframe title="LOS AITAS - 21 de marzo en cines" width="750" height="422" src="https://www.youtube.com/embed/X2tc7Z_Rf6Q?feature=oembed" frameborder="0" allow="accelerometer; autoplay; clipboard-write; encrypted-media; gyroscope; picture-in-picture; web-share" referrerpolicy="strict-origin-when-cross-origin" allowfullscreen></iframe></p>

<p>Proyecto Viridiana: «Los aitas» con Borja Cobeaga Jueves,20 de marzo 19:30h Vuelve Proyecto Viridiana con Los aitas, con un coloquio online del director Borja Cobeaga. Los espectadores podrán mandar sus&hellip; <a class="more-link" href="https://cineslys.com/val/calendario/proyecto-viridiana-los-aitas-con-borja-cobeaga/">Continue reading <span class="screen-reader-text">Proyecto Viridiana: «Los aitas» con Borja Cobeaga</span></a></p>
