									
{"id":8024,"date":"2025-03-14T12:01:09","date_gmt":"2025-03-14T12:01:09","guid":{"rendered":"https:\/\/cineslys.com\/?post_type=tribe_events&#038;p=8024"},"modified":"2025-03-22T20:17:36","modified_gmt":"2025-03-22T20:17:36","slug":"cine-club-lys-8","status":"publish","type":"tribe_events","link":"https:\/\/cineslys.com\/val\/calendario\/cine-club-lys-8\/","title":{"rendered":"Cine Club Lys: 8 SIN Julio Medem"},"content":{"rendered":"<h3><b>Cine Club Lys: 8 SIN Julio Medem<\/b><\/h3>\n<h3>Lunes 24 de marzo 16:30h &#8211; 18:00h &#8211; 19:30h<\/h3>\n<h6><span style=\"color: #de0000;\">POR \u00abMOTIVOS PERSONALES\u00bb JULIO MEDEM NO VISITAR\u00c1 CINE CLUB LYS EL PR\u00d3XIMO 24 DE MARZO. QUEREMOS AGRADECER DESDE AQU\u00cd EL INTER\u00c9S MOSTRADO Y LAS GANAS POR HACERLO PERO LAMENTAMOS QUE AL FINAL NO PUEDA.<\/span><\/h6>\n<p>Este pr\u00f3ximo Lunes 24 de marzo, <strong>NO contaremos con la presencia del director Julio Medem,<\/strong> que presentar\u00e1 y dar\u00e1 un posterior coloquio de su \u00faltima pel\u00edcula <em><strong>8<\/strong><\/em><\/p>\n<p><strong>Sinopsis<\/strong>: Los 90 a\u00f1os de vida de Octavio y Adela ocurren en 8 cap\u00edtulos, que son 8 momentos, 8 sinuosos planos en continuidad en 8 fechas decisivas de la historia de Espa\u00f1a, entre 1931 y 2021. Octavio y Adela nacen en dos pueblos vecinos de una sierra cercana a Madrid el mismo amanecer en que se proclama la II Rep\u00fablica. As\u00ed, desde el primer d\u00eda, y sin ellos saberlo, sus destinos discurren conectados, enlazados en forma de \u201c8\u201d, dos bucles con un cruce en el centro, mientras de fondo transcurre Espa\u00f1a; la que le toca vivir a cada uno.<\/p>\n<p><a href=\"https:\/\/www.reservaentradas.com\/sesiones\/valencia\/cineslys\/cine-club-lys-8-julio-medem\/6564?proximamente=true&amp;\" rel=\"nofollow noopener\" target=\"_blank\"> <button>Reserva tu entrada<\/button> <\/a><\/p>\n<p><iframe title=\"&quot;8&quot;, LA NUEVA PEL\u00cdCULA DE JULIO MEDEM - Tr\u00e1iler oficial [HD]\" width=\"750\" height=\"422\" src=\"https:\/\/www.youtube.com\/embed\/WoSK956tu0U?feature=oembed\" frameborder=\"0\" allow=\"accelerometer; autoplay; clipboard-write; encrypted-media; gyroscope; picture-in-picture; web-share\" referrerpolicy=\"strict-origin-when-cross-origin\" allowfullscreen><\/iframe><\/p>","protected":false},"excerpt":{"rendered":"<p>Cine Club Lys: 8 SIN Julio Medem Lunes 24 de marzo 16:30h &#8211; 18:00h &#8211; 19:30h POR \u00abMOTIVOS PERSONALES\u00bb JULIO MEDEM NO VISITAR\u00c1 CINE CLUB LYS EL PR\u00d3XIMO 24 DE&hellip; <a class=\"more-link\" href=\"https:\/\/cineslys.com\/val\/calendario\/cine-club-lys-8\/\">Continue reading <span class=\"screen-reader-text\">Cine Club Lys: 8 SIN Julio Medem<\/span><\/a><\/p>","protected":false},"author":1,"featured_media":8122,"template":"","meta":{"_tribe_events_status":"","_tribe_events_status_reason":"","footnotes":""},"tags":[],"tribe_events_cat":[18],"class_list":["post-8024","tribe_events","type-tribe_events","status-publish","has-post-thumbnail","hentry","tribe_events_cat-cine-club","cat_cine-club","entry"],"_links":{"self":[{"href":"https:\/\/cineslys.com\/val\/wp-json\/wp\/v2\/tribe_events\/8024","targetHints":{"allow":["GET"]}}],"collection":[{"href":"https:\/\/cineslys.com\/val\/wp-json\/wp\/v2\/tribe_events"}],"about":[{"href":"https:\/\/cineslys.com\/val\/wp-json\/wp\/v2\/types\/tribe_events"}],"author":[{"embeddable":true,"href":"https:\/\/cineslys.com\/val\/wp-json\/wp\/v2\/users\/1"}],"version-history":[{"count":0,"href":"https:\/\/cineslys.com\/val\/wp-json\/wp\/v2\/tribe_events\/8024\/revisions"}],"wp:featuredmedia":[{"embeddable":true,"href":"https:\/\/cineslys.com\/val\/wp-json\/wp\/v2\/media\/8122"}],"wp:attachment":[{"href":"https:\/\/cineslys.com\/val\/wp-json\/wp\/v2\/media?parent=8024"}],"wp:term":[{"taxonomy":"post_tag","embeddable":true,"href":"https:\/\/cineslys.com\/val\/wp-json\/wp\/v2\/tags?post=8024"},{"taxonomy":"tribe_events_cat","embeddable":true,"href":"https:\/\/cineslys.com\/val\/wp-json\/wp\/v2\/tribe_events_cat?post=8024"}],"curies":[{"name":"wp","href":"https:\/\/api.w.org\/{rel}","templated":true}]}}

<h3><b>Cine Club Lys: 8 SIN Julio Medem</b></h3>
<h3>Lunes 24 de marzo 16:30h &#8211; 18:00h &#8211; 19:30h</h3>
<h6><span style="color: #de0000;">POR «MOTIVOS PERSONALES» JULIO MEDEM NO VISITARÁ CINE CLUB LYS EL PRÓXIMO 24 DE MARZO. QUEREMOS AGRADECER DESDE AQUÍ EL INTERÉS MOSTRADO Y LAS GANAS POR HACERLO PERO LAMENTAMOS QUE AL FINAL NO PUEDA.</span></h6>
<p>Este próximo Lunes 24 de marzo, <strong>NO contaremos con la presencia del director Julio Medem,</strong> que presentará y dará un posterior coloquio de su última película <em><strong>8</strong></em></p>
<p><strong>Sinopsis</strong>: Los 90 años de vida de Octavio y Adela ocurren en 8 capítulos, que son 8 momentos, 8 sinuosos planos en continuidad en 8 fechas decisivas de la historia de España, entre 1931 y 2021. Octavio y Adela nacen en dos pueblos vecinos de una sierra cercana a Madrid el mismo amanecer en que se proclama la II República. Así, desde el primer día, y sin ellos saberlo, sus destinos discurren conectados, enlazados en forma de “8”, dos bucles con un cruce en el centro, mientras de fondo transcurre España; la que le toca vivir a cada uno.</p>
<p><a href="https://www.reservaentradas.com/sesiones/valencia/cineslys/cine-club-lys-8-julio-medem/6564?proximamente=true&amp;" rel="nofollow noopener" target="_blank"> <button>Reserva tu entrada</button> </a></p>
<p><iframe title="&quot;8&quot;, LA NUEVA PELÍCULA DE JULIO MEDEM - Tráiler oficial [HD]" width="750" height="422" src="https://www.youtube.com/embed/WoSK956tu0U?feature=oembed" frameborder="0" allow="accelerometer; autoplay; clipboard-write; encrypted-media; gyroscope; picture-in-picture; web-share" referrerpolicy="strict-origin-when-cross-origin" allowfullscreen></iframe></p>

<p>Cine Club Lys: 8 SIN Julio Medem Lunes 24 de marzo 16:30h &#8211; 18:00h &#8211; 19:30h POR «MOTIVOS PERSONALES» JULIO MEDEM NO VISITARÁ CINE CLUB LYS EL PRÓXIMO 24 DE&hellip; <a class="more-link" href="https://cineslys.com/val/calendario/cine-club-lys-8/">Continue reading <span class="screen-reader-text">Cine Club Lys: 8 SIN Julio Medem</span></a></p>
