									
{"id":8140,"date":"2025-03-25T09:33:18","date_gmt":"2025-03-25T09:33:18","guid":{"rendered":"https:\/\/cineslys.com\/?post_type=tribe_events&#038;p=8140"},"modified":"2025-04-24T11:21:25","modified_gmt":"2025-04-24T11:21:25","slug":"cine-club-lys-sorda-con-eva-libertad","status":"publish","type":"tribe_events","link":"https:\/\/cineslys.com\/val\/calendario\/cine-club-lys-sorda-con-eva-libertad\/","title":{"rendered":"Cine Club Lys: Sorda con Eva Libertad"},"content":{"rendered":"<h3><b>Cine Club Lys: Sorda con Eva Libertad<\/b><\/h3>\n<h3>Lunes 12 de mayo 16:30h &#8211; 18:00h &#8211; 19:30h<\/h3>\n<h6><a href=\"https:\/\/cineclublys.com\/matricula\/\" rel=\"nofollow noopener\" target=\"_blank\"><span style=\"color: #de0000;\">Matr\u00edcula abierta Cine Club Lys 2024-2025. Precio socio 5,50. No socio a 20\u20ac<\/span><\/a><\/h6>\n<p>Este pr\u00f3ximo lunes 12 de mayo, contaremos con la presencia de la <strong>directora Eva Libertad<\/strong>, que presentar\u00e1 y dar\u00e1 un posterior coloquio de su \u00faltima pel\u00edcula <i>Sorda<\/i><\/p>\n<p><strong style=\"background-color: var(--global--color-background); color: var(--global--color-primary); font-family: var(--global--font-secondary); font-size: var(--global--font-size-base);\">Sinopsis<\/strong><span style=\"background-color: var(--global--color-background); color: var(--global--color-primary); font-family: var(--global--font-secondary); font-size: var(--global--font-size-base);\">: \u00c1ngela, una mujer sorda, va a tener un beb\u00e9 con H\u00e9ctor, su pareja oyente. El embarazo hace aflorar sus miedos frente la maternidad y sobre c\u00f3mo podr\u00e1 comunicarse con su hija. La llegada de la ni\u00f1a genera una crisis en la pareja y lleva a \u00c1ngela a afrontar la crianza de su hija en un mundo que no est\u00e1 hecho para ella. Largometraje basado en el corto de 2021 del mismo nombre.<br \/>\n<\/span><\/p>\n<p><a href=\"https:\/\/www.reservaentradas.com\/sesiones\/valencia\/cineslys\/cine-club-lys-sorda\/6583?proximamente=true&amp;\" rel=\"nofollow noopener\" target=\"_blank\"> <button>Reserva tu entrada<\/button> <\/a><\/p>\n<p><iframe title=\"SORDA - Tr\u00e1iler oficial\" width=\"750\" height=\"422\" src=\"https:\/\/www.youtube.com\/embed\/K6fdaHZthfI?feature=oembed\" frameborder=\"0\" allow=\"accelerometer; autoplay; clipboard-write; encrypted-media; gyroscope; picture-in-picture; web-share\" referrerpolicy=\"strict-origin-when-cross-origin\" allowfullscreen><\/iframe><\/p>","protected":false},"excerpt":{"rendered":"<p>Cine Club Lys: Sorda con Eva Libertad Lunes 12 de mayo 16:30h &#8211; 18:00h &#8211; 19:30h Matr\u00edcula abierta Cine Club Lys 2024-2025. Precio socio 5,50. No socio a 20\u20ac Este&hellip; <a class=\"more-link\" href=\"https:\/\/cineslys.com\/val\/calendario\/cine-club-lys-sorda-con-eva-libertad\/\">Continue reading <span class=\"screen-reader-text\">Cine Club Lys: Sorda con Eva Libertad<\/span><\/a><\/p>","protected":false},"author":1,"featured_media":8462,"template":"","meta":{"_tribe_events_status":"","_tribe_events_status_reason":"","footnotes":""},"tags":[],"tribe_events_cat":[18],"class_list":["post-8140","tribe_events","type-tribe_events","status-publish","has-post-thumbnail","hentry","tribe_events_cat-cine-club","cat_cine-club","entry"],"_links":{"self":[{"href":"https:\/\/cineslys.com\/val\/wp-json\/wp\/v2\/tribe_events\/8140","targetHints":{"allow":["GET"]}}],"collection":[{"href":"https:\/\/cineslys.com\/val\/wp-json\/wp\/v2\/tribe_events"}],"about":[{"href":"https:\/\/cineslys.com\/val\/wp-json\/wp\/v2\/types\/tribe_events"}],"author":[{"embeddable":true,"href":"https:\/\/cineslys.com\/val\/wp-json\/wp\/v2\/users\/1"}],"version-history":[{"count":0,"href":"https:\/\/cineslys.com\/val\/wp-json\/wp\/v2\/tribe_events\/8140\/revisions"}],"wp:featuredmedia":[{"embeddable":true,"href":"https:\/\/cineslys.com\/val\/wp-json\/wp\/v2\/media\/8462"}],"wp:attachment":[{"href":"https:\/\/cineslys.com\/val\/wp-json\/wp\/v2\/media?parent=8140"}],"wp:term":[{"taxonomy":"post_tag","embeddable":true,"href":"https:\/\/cineslys.com\/val\/wp-json\/wp\/v2\/tags?post=8140"},{"taxonomy":"tribe_events_cat","embeddable":true,"href":"https:\/\/cineslys.com\/val\/wp-json\/wp\/v2\/tribe_events_cat?post=8140"}],"curies":[{"name":"wp","href":"https:\/\/api.w.org\/{rel}","templated":true}]}}

<h3><b>Cine Club Lys: Sorda con Eva Libertad</b></h3>
<h3>Lunes 12 de mayo 16:30h &#8211; 18:00h &#8211; 19:30h</h3>
<h6><a href="https://cineclublys.com/matricula/" rel="nofollow noopener" target="_blank"><span style="color: #de0000;">Matrícula abierta Cine Club Lys 2024-2025. Precio socio 5,50. No socio a 20€</span></a></h6>
<p>Este próximo lunes 12 de mayo, contaremos con la presencia de la <strong>directora Eva Libertad</strong>, que presentará y dará un posterior coloquio de su última película <i>Sorda</i></p>
<p><strong style="background-color: var(--global--color-background); color: var(--global--color-primary); font-family: var(--global--font-secondary); font-size: var(--global--font-size-base);">Sinopsis</strong><span style="background-color: var(--global--color-background); color: var(--global--color-primary); font-family: var(--global--font-secondary); font-size: var(--global--font-size-base);">: Ángela, una mujer sorda, va a tener un bebé con Héctor, su pareja oyente. El embarazo hace aflorar sus miedos frente la maternidad y sobre cómo podrá comunicarse con su hija. La llegada de la niña genera una crisis en la pareja y lleva a Ángela a afrontar la crianza de su hija en un mundo que no está hecho para ella. Largometraje basado en el corto de 2021 del mismo nombre.<br />
</span></p>
<p><a href="https://www.reservaentradas.com/sesiones/valencia/cineslys/cine-club-lys-sorda/6583?proximamente=true&amp;" rel="nofollow noopener" target="_blank"> <button>Reserva tu entrada</button> </a></p>
<p><iframe title="SORDA - Tráiler oficial" width="750" height="422" src="https://www.youtube.com/embed/K6fdaHZthfI?feature=oembed" frameborder="0" allow="accelerometer; autoplay; clipboard-write; encrypted-media; gyroscope; picture-in-picture; web-share" referrerpolicy="strict-origin-when-cross-origin" allowfullscreen></iframe></p>

<p>Cine Club Lys: Sorda con Eva Libertad Lunes 12 de mayo 16:30h &#8211; 18:00h &#8211; 19:30h Matrícula abierta Cine Club Lys 2024-2025. Precio socio 5,50. No socio a 20€ Este&hellip; <a class="more-link" href="https://cineslys.com/val/calendario/cine-club-lys-sorda-con-eva-libertad/">Continue reading <span class="screen-reader-text">Cine Club Lys: Sorda con Eva Libertad</span></a></p>
