									
{"id":8196,"date":"2025-03-31T09:38:11","date_gmt":"2025-03-31T09:38:11","guid":{"rendered":"https:\/\/cineslys.com\/?post_type=tribe_events&#038;p=8196"},"modified":"2025-03-31T09:38:29","modified_gmt":"2025-03-31T09:38:29","slug":"cine-club-lys-una-quinta-portuguesa-con-avelina-prat","status":"publish","type":"tribe_events","link":"https:\/\/cineslys.com\/val\/calendario\/cine-club-lys-una-quinta-portuguesa-con-avelina-prat\/","title":{"rendered":"Cine Club Lys: Una quinta portuguesa con Avelina Prat"},"content":{"rendered":"<h3><b>Cine Club Lys: Una quinta portuguesa con Avelina Prat<\/b><\/h3>\n<h3><span style=\"font-family: var(--heading--font-family); font-size: var(--heading--font-size-h3); font-weight: var(--heading--font-weight); letter-spacing: var(--heading--letter-spacing-h3); background-color: var(--global--color-background); color: var(--global--color-primary);\">Lunes 5 de mayo 16:30h &#8211; 18:00h &#8211; 19:30h<\/span><\/h3>\n<h6><a href=\"https:\/\/cineclublys.com\/matricula\/\" rel=\"nofollow noopener\" target=\"_blank\"><span style=\"color: #de0000;\">Matr\u00edcula abierta Cine Club Lys 2024-2025. Precio socio 5,50. No socio a 20\u20ac<\/span><\/a><\/h6>\n<p>El pr\u00f3ximo lunes 5 de mayo, contaremos con la presencia de la directora Avelina Prat, que presentar\u00e1 y dar\u00e1 un posterior coloquio de su \u00faltima pel\u00edcula <i>Una quinta portuguesa<\/i><\/p>\n<p><strong style=\"background-color: var(--global--color-background); color: var(--global--color-primary); font-family: var(--global--font-secondary); font-size: var(--global--font-size-base);\">Sinopsis<\/strong><span style=\"background-color: var(--global--color-background); color: var(--global--color-primary); font-family: var(--global--font-secondary); font-size: var(--global--font-size-base);\">: La desaparici\u00f3n de su mujer deja a Fernando, un tranquilo profesor de geograf\u00eda, completamente devastado. Sin rumbo, suplanta la identidad de otro hombre como jardinero de una quinta portuguesa, donde establece una inesperada amistad con la due\u00f1a, adentr\u00e1ndose en una nueva vida que no le pertenece.<\/span><\/p>\n<p><a href=\"https:\/\/www.reservaentradas.com\/sesiones\/valencia\/cineslys\/cine-club-lys-una-quinta-portuguesa\/6585?proximamente=true&amp;\" rel=\"nofollow noopener\" target=\"_blank\"> <button>Reserva tu entrada<\/button> <\/a><\/p>\n<p><iframe title=\"UNA QUINTA PORTUGUESA. Tr\u00e1iler oficial. 9 de mayo en cines.\" width=\"750\" height=\"422\" src=\"https:\/\/www.youtube.com\/embed\/3kdVk0b7tsk?feature=oembed\" frameborder=\"0\" allow=\"accelerometer; autoplay; clipboard-write; encrypted-media; gyroscope; picture-in-picture; web-share\" referrerpolicy=\"strict-origin-when-cross-origin\" allowfullscreen><\/iframe><\/p>","protected":false},"excerpt":{"rendered":"<p>Cine Club Lys: Una quinta portuguesa con Avelina Prat Lunes 5 de mayo 16:30h &#8211; 18:00h &#8211; 19:30h Matr\u00edcula abierta Cine Club Lys 2024-2025. Precio socio 5,50. No socio a&hellip; <a class=\"more-link\" href=\"https:\/\/cineslys.com\/val\/calendario\/cine-club-lys-una-quinta-portuguesa-con-avelina-prat\/\">Continue reading <span class=\"screen-reader-text\">Cine Club Lys: Una quinta portuguesa con Avelina Prat<\/span><\/a><\/p>","protected":false},"author":1,"featured_media":8197,"template":"","meta":{"_tribe_events_status":"","_tribe_events_status_reason":"","footnotes":""},"tags":[],"tribe_events_cat":[18],"class_list":["post-8196","tribe_events","type-tribe_events","status-publish","has-post-thumbnail","hentry","tribe_events_cat-cine-club","cat_cine-club","entry"],"_links":{"self":[{"href":"https:\/\/cineslys.com\/val\/wp-json\/wp\/v2\/tribe_events\/8196","targetHints":{"allow":["GET"]}}],"collection":[{"href":"https:\/\/cineslys.com\/val\/wp-json\/wp\/v2\/tribe_events"}],"about":[{"href":"https:\/\/cineslys.com\/val\/wp-json\/wp\/v2\/types\/tribe_events"}],"author":[{"embeddable":true,"href":"https:\/\/cineslys.com\/val\/wp-json\/wp\/v2\/users\/1"}],"version-history":[{"count":0,"href":"https:\/\/cineslys.com\/val\/wp-json\/wp\/v2\/tribe_events\/8196\/revisions"}],"wp:featuredmedia":[{"embeddable":true,"href":"https:\/\/cineslys.com\/val\/wp-json\/wp\/v2\/media\/8197"}],"wp:attachment":[{"href":"https:\/\/cineslys.com\/val\/wp-json\/wp\/v2\/media?parent=8196"}],"wp:term":[{"taxonomy":"post_tag","embeddable":true,"href":"https:\/\/cineslys.com\/val\/wp-json\/wp\/v2\/tags?post=8196"},{"taxonomy":"tribe_events_cat","embeddable":true,"href":"https:\/\/cineslys.com\/val\/wp-json\/wp\/v2\/tribe_events_cat?post=8196"}],"curies":[{"name":"wp","href":"https:\/\/api.w.org\/{rel}","templated":true}]}}

<h3><b>Cine Club Lys: Una quinta portuguesa con Avelina Prat</b></h3>
<h3><span style="font-family: var(--heading--font-family); font-size: var(--heading--font-size-h3); font-weight: var(--heading--font-weight); letter-spacing: var(--heading--letter-spacing-h3); background-color: var(--global--color-background); color: var(--global--color-primary);">Lunes 5 de mayo 16:30h &#8211; 18:00h &#8211; 19:30h</span></h3>
<h6><a href="https://cineclublys.com/matricula/" rel="nofollow noopener" target="_blank"><span style="color: #de0000;">Matrícula abierta Cine Club Lys 2024-2025. Precio socio 5,50. No socio a 20€</span></a></h6>
<p>El próximo lunes 5 de mayo, contaremos con la presencia de la directora Avelina Prat, que presentará y dará un posterior coloquio de su última película <i>Una quinta portuguesa</i></p>
<p><strong style="background-color: var(--global--color-background); color: var(--global--color-primary); font-family: var(--global--font-secondary); font-size: var(--global--font-size-base);">Sinopsis</strong><span style="background-color: var(--global--color-background); color: var(--global--color-primary); font-family: var(--global--font-secondary); font-size: var(--global--font-size-base);">: La desaparición de su mujer deja a Fernando, un tranquilo profesor de geografía, completamente devastado. Sin rumbo, suplanta la identidad de otro hombre como jardinero de una quinta portuguesa, donde establece una inesperada amistad con la dueña, adentrándose en una nueva vida que no le pertenece.</span></p>
<p><a href="https://www.reservaentradas.com/sesiones/valencia/cineslys/cine-club-lys-una-quinta-portuguesa/6585?proximamente=true&amp;" rel="nofollow noopener" target="_blank"> <button>Reserva tu entrada</button> </a></p>
<p><iframe title="UNA QUINTA PORTUGUESA. Tráiler oficial. 9 de mayo en cines." width="750" height="422" src="https://www.youtube.com/embed/3kdVk0b7tsk?feature=oembed" frameborder="0" allow="accelerometer; autoplay; clipboard-write; encrypted-media; gyroscope; picture-in-picture; web-share" referrerpolicy="strict-origin-when-cross-origin" allowfullscreen></iframe></p>

<p>Cine Club Lys: Una quinta portuguesa con Avelina Prat Lunes 5 de mayo 16:30h &#8211; 18:00h &#8211; 19:30h Matrícula abierta Cine Club Lys 2024-2025. Precio socio 5,50. No socio a&hellip; <a class="more-link" href="https://cineslys.com/val/calendario/cine-club-lys-una-quinta-portuguesa-con-avelina-prat/">Continue reading <span class="screen-reader-text">Cine Club Lys: Una quinta portuguesa con Avelina Prat</span></a></p>
