									
{"id":8227,"date":"2025-04-01T16:03:28","date_gmt":"2025-04-01T16:03:28","guid":{"rendered":"https:\/\/cineslys.com\/?post_type=tribe_events&#038;p=8227"},"modified":"2025-04-02T09:52:28","modified_gmt":"2025-04-02T09:52:28","slug":"docu-coloquio-a-nuestros-amigos-con-sara-toledo-y-las-entendidas","status":"publish","type":"tribe_events","link":"https:\/\/cineslys.com\/val\/calendario\/docu-coloquio-a-nuestros-amigos-con-sara-toledo-y-las-entendidas\/","title":{"rendered":"Docu + Coloquio: A nuestros amigos con Sara Toledo y Las Entendidas"},"content":{"rendered":"<h3><strong>A nuestros amigos<\/strong><br \/>\nJueves, 10 de abril de 2025 &#8211; 20.30 h<\/h3>\n<p><strong>Con coloquio de la actriz Sara Toledo y Las Entendidas<\/strong><\/p>\n<p>Dirigida por Adri\u00e1n Orr y que est\u00e1 teniendo un recorrido muy interesante a nivel internacional por Festivales: Festival Visions du R\u00e9el, FICUNAM, SEMINCI, DOSLISBOA, Muestra Internacional de Cine de Sao Paulo y mucho m\u00e1s. Ganadora del Premio a Mejor Documental en el Festival de Cine Espa\u00f1ol de Nantes.<\/p>\n<p>Sinopsis: Sara comparte un d\u00eda a d\u00eda con Pedro y su grupo de amigos del barrio. A lo largo de un verano, mientras termina los ex\u00e1menes de acceso a la universidad, conoce a Paula y un nuevo c\u00edrculo la introduce al mundo del teatro. Poco a poco se va alejando de su entorno y de aquellas amistades que pensaba que durar\u00edan para siempre. En medio de este torbellino de amor, fiestas y descubrimientos, atrapada entre dos realidades diferentes, deber\u00e1 decidir qui\u00e9n quiere ser.<\/p>\n<p>Un retrato generacional y una carta de amor a la amistad. <\/p>\n<p><a href=\"https:\/\/www.reservaentradas.com\/entrada\/valencia\/cineslys\/a-nuestros-amigos\/362872\/?step=2\" rel=\"nofollow noopener\" target=\"_blank\"> <button>Reservar entradas<\/button> <\/a><\/p>\n<p><iframe title=\"A nuestros amigos - Documental + Coloquio con Sara Toledo y Las Entendidas\" width=\"750\" height=\"422\" src=\"https:\/\/www.youtube.com\/embed\/qlYkNIbXSUE?feature=oembed\" frameborder=\"0\" allow=\"accelerometer; autoplay; clipboard-write; encrypted-media; gyroscope; picture-in-picture; web-share\" referrerpolicy=\"strict-origin-when-cross-origin\" allowfullscreen><\/iframe><\/p>","protected":false},"excerpt":{"rendered":"<p>A nuestros amigos Jueves, 10 de abril de 2025 &#8211; 20.30 h Con coloquio de la actriz Sara Toledo y Las Entendidas Dirigida por Adri\u00e1n Orr y que est\u00e1 teniendo&hellip; <a class=\"more-link\" href=\"https:\/\/cineslys.com\/val\/calendario\/docu-coloquio-a-nuestros-amigos-con-sara-toledo-y-las-entendidas\/\">Continue reading <span class=\"screen-reader-text\">Docu + Coloquio: A nuestros amigos con Sara Toledo y Las Entendidas<\/span><\/a><\/p>","protected":false},"author":1,"featured_media":8229,"template":"","meta":{"_tribe_events_status":"","_tribe_events_status_reason":"","footnotes":""},"tags":[],"tribe_events_cat":[24,19],"class_list":["post-8227","tribe_events","type-tribe_events","status-publish","has-post-thumbnail","hentry","tribe_events_cat-eventos","tribe_events_cat-visita-de-directores","cat_eventos","cat_visita-de-directores","entry"],"_links":{"self":[{"href":"https:\/\/cineslys.com\/val\/wp-json\/wp\/v2\/tribe_events\/8227","targetHints":{"allow":["GET"]}}],"collection":[{"href":"https:\/\/cineslys.com\/val\/wp-json\/wp\/v2\/tribe_events"}],"about":[{"href":"https:\/\/cineslys.com\/val\/wp-json\/wp\/v2\/types\/tribe_events"}],"author":[{"embeddable":true,"href":"https:\/\/cineslys.com\/val\/wp-json\/wp\/v2\/users\/1"}],"version-history":[{"count":0,"href":"https:\/\/cineslys.com\/val\/wp-json\/wp\/v2\/tribe_events\/8227\/revisions"}],"wp:featuredmedia":[{"embeddable":true,"href":"https:\/\/cineslys.com\/val\/wp-json\/wp\/v2\/media\/8229"}],"wp:attachment":[{"href":"https:\/\/cineslys.com\/val\/wp-json\/wp\/v2\/media?parent=8227"}],"wp:term":[{"taxonomy":"post_tag","embeddable":true,"href":"https:\/\/cineslys.com\/val\/wp-json\/wp\/v2\/tags?post=8227"},{"taxonomy":"tribe_events_cat","embeddable":true,"href":"https:\/\/cineslys.com\/val\/wp-json\/wp\/v2\/tribe_events_cat?post=8227"}],"curies":[{"name":"wp","href":"https:\/\/api.w.org\/{rel}","templated":true}]}}

<h3><strong>A nuestros amigos</strong><br />
Jueves, 10 de abril de 2025 &#8211; 20.30 h</h3>
<p><strong>Con coloquio de la actriz Sara Toledo y Las Entendidas</strong></p>
<p>Dirigida por Adrián Orr y que está teniendo un recorrido muy interesante a nivel internacional por Festivales: Festival Visions du Réel, FICUNAM, SEMINCI, DOSLISBOA, Muestra Internacional de Cine de Sao Paulo y mucho más. Ganadora del Premio a Mejor Documental en el Festival de Cine Español de Nantes.</p>
<p>Sinopsis: Sara comparte un día a día con Pedro y su grupo de amigos del barrio. A lo largo de un verano, mientras termina los exámenes de acceso a la universidad, conoce a Paula y un nuevo círculo la introduce al mundo del teatro. Poco a poco se va alejando de su entorno y de aquellas amistades que pensaba que durarían para siempre. En medio de este torbellino de amor, fiestas y descubrimientos, atrapada entre dos realidades diferentes, deberá decidir quién quiere ser.</p>
<p>Un retrato generacional y una carta de amor a la amistad. </p>
<p><a href="https://www.reservaentradas.com/entrada/valencia/cineslys/a-nuestros-amigos/362872/?step=2" rel="nofollow noopener" target="_blank"> <button>Reservar entradas</button> </a></p>
<p><iframe title="A nuestros amigos - Documental + Coloquio con Sara Toledo y Las Entendidas" width="750" height="422" src="https://www.youtube.com/embed/qlYkNIbXSUE?feature=oembed" frameborder="0" allow="accelerometer; autoplay; clipboard-write; encrypted-media; gyroscope; picture-in-picture; web-share" referrerpolicy="strict-origin-when-cross-origin" allowfullscreen></iframe></p>

<p>A nuestros amigos Jueves, 10 de abril de 2025 &#8211; 20.30 h Con coloquio de la actriz Sara Toledo y Las Entendidas Dirigida por Adrián Orr y que está teniendo&hellip; <a class="more-link" href="https://cineslys.com/val/calendario/docu-coloquio-a-nuestros-amigos-con-sara-toledo-y-las-entendidas/">Continue reading <span class="screen-reader-text">Docu + Coloquio: A nuestros amigos con Sara Toledo y Las Entendidas</span></a></p>
