									
{"id":8234,"date":"2025-04-02T07:43:40","date_gmt":"2025-04-02T07:43:40","guid":{"rendered":"https:\/\/cineslys.com\/?post_type=tribe_events&#038;p=8234"},"modified":"2025-04-02T07:43:40","modified_gmt":"2025-04-02T07:43:40","slug":"cita-a-ciegas-8-de-abril","status":"publish","type":"tribe_events","link":"https:\/\/cineslys.com\/val\/calendario\/cita-a-ciegas-8-de-abril\/","title":{"rendered":"Cita a Ciegas: 8 de abril"},"content":{"rendered":"<h3><b>Cita a Ciegas: 8 de abril<\/b><\/h3>\n<h6><a href=\"https:\/\/forms.gle\/CLX2ttBQPB1eZGZ36\" rel=\"nofollow noopener\" target=\"_blank\"><span style=\"color: #de0000;\">\u00danete a nuestra Newsletter de Cita a Ciegas y participa en las porras semanales<\/span><\/a><\/h6>\n<p>El martes pasado, tuvimos la oportunidad de ver <strong>Reparar a los vivos (2016)<\/strong>, dirigida por Katell Quill\u00e9v\u00e9r\u00e9 y protagonizada por Emmanuelle Seigner, Tahar Rahim, Anne Dorval, y m\u00e1s.<\/p>\n<p>Tambi\u00e9n asistieron Ana Tur, quien es la <strong>coordinadora de Trasplantes del Hospital La Fe<\/strong>, y Julia, una persona que ha recibido un <strong>trasplante de pulmones,<\/strong> quienes dieron un coloquio muy interesante con el p\u00fablico.<\/p>\n<p>\u00bfQu\u00e9 pel\u00edcula ser\u00e1 la del martes que viene? \u00a1Te toca esperar!<\/p>\n<p><strong><a href=\"https:\/\/cineslys.com\/val\/socios\/\">Hazte socio de Cines Lys gratuitamente y acumula puntos comprando a 5\u20ac<\/a><\/strong><\/p>\n<p><a href=\"https:\/\/www.reservaentradas.com\/entrada\/valencia\/cineslys\/cita-a-ciegas-con-el-cine\/362871\/?step=2\" rel=\"nofollow noopener\" target=\"_blank\"> <button>Reserva tu entrada<\/button> <\/a><\/p>","protected":false},"excerpt":{"rendered":"<p>Cita a Ciegas: 8 de abril \u00danete a nuestra Newsletter de Cita a Ciegas y participa en las porras semanales El martes pasado, tuvimos la oportunidad de ver Reparar a&hellip; <a class=\"more-link\" href=\"https:\/\/cineslys.com\/val\/calendario\/cita-a-ciegas-8-de-abril\/\">Continue reading <span class=\"screen-reader-text\">Cita a Ciegas: 8 de abril<\/span><\/a><\/p>","protected":false},"author":1,"featured_media":8235,"template":"","meta":{"_tribe_events_status":"","_tribe_events_status_reason":"","footnotes":""},"tags":[],"tribe_events_cat":[16],"class_list":["post-8234","tribe_events","type-tribe_events","status-publish","has-post-thumbnail","hentry","tribe_events_cat-cita-a-ciegas","cat_cita-a-ciegas","entry"],"_links":{"self":[{"href":"https:\/\/cineslys.com\/val\/wp-json\/wp\/v2\/tribe_events\/8234","targetHints":{"allow":["GET"]}}],"collection":[{"href":"https:\/\/cineslys.com\/val\/wp-json\/wp\/v2\/tribe_events"}],"about":[{"href":"https:\/\/cineslys.com\/val\/wp-json\/wp\/v2\/types\/tribe_events"}],"author":[{"embeddable":true,"href":"https:\/\/cineslys.com\/val\/wp-json\/wp\/v2\/users\/1"}],"version-history":[{"count":0,"href":"https:\/\/cineslys.com\/val\/wp-json\/wp\/v2\/tribe_events\/8234\/revisions"}],"wp:featuredmedia":[{"embeddable":true,"href":"https:\/\/cineslys.com\/val\/wp-json\/wp\/v2\/media\/8235"}],"wp:attachment":[{"href":"https:\/\/cineslys.com\/val\/wp-json\/wp\/v2\/media?parent=8234"}],"wp:term":[{"taxonomy":"post_tag","embeddable":true,"href":"https:\/\/cineslys.com\/val\/wp-json\/wp\/v2\/tags?post=8234"},{"taxonomy":"tribe_events_cat","embeddable":true,"href":"https:\/\/cineslys.com\/val\/wp-json\/wp\/v2\/tribe_events_cat?post=8234"}],"curies":[{"name":"wp","href":"https:\/\/api.w.org\/{rel}","templated":true}]}}

<h3><b>Cita a Ciegas: 8 de abril</b></h3>
<h6><a href="https://forms.gle/CLX2ttBQPB1eZGZ36" rel="nofollow noopener" target="_blank"><span style="color: #de0000;">Únete a nuestra Newsletter de Cita a Ciegas y participa en las porras semanales</span></a></h6>
<p>El martes pasado, tuvimos la oportunidad de ver <strong>Reparar a los vivos (2016)</strong>, dirigida por Katell Quillévéré y protagonizada por Emmanuelle Seigner, Tahar Rahim, Anne Dorval, y más.</p>
<p>También asistieron Ana Tur, quien es la <strong>coordinadora de Trasplantes del Hospital La Fe</strong>, y Julia, una persona que ha recibido un <strong>trasplante de pulmones,</strong> quienes dieron un coloquio muy interesante con el público.</p>
<p>¿Qué película será la del martes que viene? ¡Te toca esperar!</p>
<p><strong><a href="https://cineslys.com/val/socios/">Hazte socio de Cines Lys gratuitamente y acumula puntos comprando a 5€</a></strong></p>
<p><a href="https://www.reservaentradas.com/entrada/valencia/cineslys/cita-a-ciegas-con-el-cine/362871/?step=2" rel="nofollow noopener" target="_blank"> <button>Reserva tu entrada</button> </a></p>

<p>Cita a Ciegas: 8 de abril Únete a nuestra Newsletter de Cita a Ciegas y participa en las porras semanales El martes pasado, tuvimos la oportunidad de ver Reparar a&hellip; <a class="more-link" href="https://cineslys.com/val/calendario/cita-a-ciegas-8-de-abril/">Continue reading <span class="screen-reader-text">Cita a Ciegas: 8 de abril</span></a></p>
