									
{"id":8250,"date":"2025-04-03T09:13:41","date_gmt":"2025-04-03T09:13:41","guid":{"rendered":"https:\/\/cineslys.com\/?post_type=tribe_events&#038;p=8250"},"modified":"2025-04-25T07:53:51","modified_gmt":"2025-04-25T07:53:51","slug":"proyecto-viridiana-la-buena-letra-con-celia-rico","status":"publish","type":"tribe_events","link":"https:\/\/cineslys.com\/val\/calendario\/proyecto-viridiana-la-buena-letra-con-celia-rico\/","title":{"rendered":"Proyecto Viridiana: \u00abLa buena letra\u00bb con Celia Rico"},"content":{"rendered":"<h3><strong>Proyecto Viridiana: \u00abLa buena letra\u00bb con Celia Rico<\/strong><\/h3>\n<h3>Martes, 29 de abril 19:30h<\/h3>\n<p>Vuelve Proyecto Viridiana con <strong>La buena letra<\/strong>, con un coloquio online de la <strong>directora Celia Rico<\/strong>.<\/p>\n<p>Los espectadores podr\u00e1n mandar sus preguntas desde un QR que se proyectar\u00e1 antes de comenzar la pel\u00edcula, as\u00ed como durante el coloquio.<\/p>\n<p><strong>Sinopsis:<\/strong> En un pueblo valenciano, durante la posguerra, Ana trata de salir adelante con su familia; la guerra civil ha abierto una profunda herida en todos ellos, especialmente en su cu\u00f1ado, Antonio. Ana intenta curar esa herida a base de guisos, secretos y silencios, pero cuando Isabel, reci\u00e9n casada con Antonio, llega a la familia, las atenciones y cuidados de Ana valdr\u00e1n de poco o nada: el sacrificio no siempre tiene su recompensa.<\/p>\n<p><a href=\"https:\/\/www.reservaentradas.com\/entrada\/valencia\/cineslys\/proyecto-viridiana-la-buena-letra\/363950\/?step=2\" rel=\"nofollow noopener\" target=\"_blank\"> <button>Reserva tu entrada<\/button> <\/a><\/p>\n<p><iframe title=\"LA BUENA LETRA - TRAILER - 30 DE ABRIL SOLO EN CINES\" width=\"750\" height=\"422\" src=\"https:\/\/www.youtube.com\/embed\/BFBk72Kn9VA?feature=oembed\" frameborder=\"0\" allow=\"accelerometer; autoplay; clipboard-write; encrypted-media; gyroscope; picture-in-picture; web-share\" referrerpolicy=\"strict-origin-when-cross-origin\" allowfullscreen><\/iframe><\/p>","protected":false},"excerpt":{"rendered":"<p>Proyecto Viridiana: \u00abLa buena letra\u00bb con Celia Rico Martes, 29 de abril 19:30h Vuelve Proyecto Viridiana con La buena letra, con un coloquio online de la directora Celia Rico. Los&hellip; <a class=\"more-link\" href=\"https:\/\/cineslys.com\/val\/calendario\/proyecto-viridiana-la-buena-letra-con-celia-rico\/\">Continue reading <span class=\"screen-reader-text\">Proyecto Viridiana: \u00abLa buena letra\u00bb con Celia Rico<\/span><\/a><\/p>","protected":false},"author":1,"featured_media":8251,"template":"","meta":{"_tribe_events_status":"","_tribe_events_status_reason":"","footnotes":""},"tags":[],"tribe_events_cat":[32],"class_list":["post-8250","tribe_events","type-tribe_events","status-publish","has-post-thumbnail","hentry","tribe_events_cat-proyecto-viridiana","cat_proyecto-viridiana","entry"],"_links":{"self":[{"href":"https:\/\/cineslys.com\/val\/wp-json\/wp\/v2\/tribe_events\/8250","targetHints":{"allow":["GET"]}}],"collection":[{"href":"https:\/\/cineslys.com\/val\/wp-json\/wp\/v2\/tribe_events"}],"about":[{"href":"https:\/\/cineslys.com\/val\/wp-json\/wp\/v2\/types\/tribe_events"}],"author":[{"embeddable":true,"href":"https:\/\/cineslys.com\/val\/wp-json\/wp\/v2\/users\/1"}],"version-history":[{"count":0,"href":"https:\/\/cineslys.com\/val\/wp-json\/wp\/v2\/tribe_events\/8250\/revisions"}],"wp:featuredmedia":[{"embeddable":true,"href":"https:\/\/cineslys.com\/val\/wp-json\/wp\/v2\/media\/8251"}],"wp:attachment":[{"href":"https:\/\/cineslys.com\/val\/wp-json\/wp\/v2\/media?parent=8250"}],"wp:term":[{"taxonomy":"post_tag","embeddable":true,"href":"https:\/\/cineslys.com\/val\/wp-json\/wp\/v2\/tags?post=8250"},{"taxonomy":"tribe_events_cat","embeddable":true,"href":"https:\/\/cineslys.com\/val\/wp-json\/wp\/v2\/tribe_events_cat?post=8250"}],"curies":[{"name":"wp","href":"https:\/\/api.w.org\/{rel}","templated":true}]}}

<h3><strong>Proyecto Viridiana: «La buena letra» con Celia Rico</strong></h3>
<h3>Martes, 29 de abril 19:30h</h3>
<p>Vuelve Proyecto Viridiana con <strong>La buena letra</strong>, con un coloquio online de la <strong>directora Celia Rico</strong>.</p>
<p>Los espectadores podrán mandar sus preguntas desde un QR que se proyectará antes de comenzar la película, así como durante el coloquio.</p>
<p><strong>Sinopsis:</strong> En un pueblo valenciano, durante la posguerra, Ana trata de salir adelante con su familia; la guerra civil ha abierto una profunda herida en todos ellos, especialmente en su cuñado, Antonio. Ana intenta curar esa herida a base de guisos, secretos y silencios, pero cuando Isabel, recién casada con Antonio, llega a la familia, las atenciones y cuidados de Ana valdrán de poco o nada: el sacrificio no siempre tiene su recompensa.</p>
<p><a href="https://www.reservaentradas.com/entrada/valencia/cineslys/proyecto-viridiana-la-buena-letra/363950/?step=2" rel="nofollow noopener" target="_blank"> <button>Reserva tu entrada</button> </a></p>
<p><iframe title="LA BUENA LETRA - TRAILER - 30 DE ABRIL SOLO EN CINES" width="750" height="422" src="https://www.youtube.com/embed/BFBk72Kn9VA?feature=oembed" frameborder="0" allow="accelerometer; autoplay; clipboard-write; encrypted-media; gyroscope; picture-in-picture; web-share" referrerpolicy="strict-origin-when-cross-origin" allowfullscreen></iframe></p>
