									
{"id":8508,"date":"2025-04-30T07:57:45","date_gmt":"2025-04-30T07:57:45","guid":{"rendered":"https:\/\/cineslys.com\/?post_type=tribe_events&#038;p=8508"},"modified":"2025-04-30T08:05:27","modified_gmt":"2025-04-30T08:05:27","slug":"9o-docsvalencia-las-mejores-peliculas-de-no-ficcion","status":"publish","type":"tribe_events","link":"https:\/\/cineslys.com\/val\/calendario\/9o-docsvalencia-las-mejores-peliculas-de-no-ficcion\/","title":{"rendered":"9\u00ba DocsValencia: \u00a1las mejores pel\u00edculas de no ficci\u00f3n!"},"content":{"rendered":"<h3><strong>Docs Valencia<\/strong><br \/>\nDel 09 al 17 de mayo de 2025<\/h3>\n<p><strong>Funciones a partir de las 16:00h.<span style=\"color: #ff0000;\"> Entrada a 3.5\u20ac<\/span>.<\/strong><\/p>\n<p>Lo mejor del cine documental regresa a la ciudad de Val\u00e8ncia, a los Cines Lys\u2026 regresa a casa. Del 9 al 17 de mayo, DocsValencia Espai de No Ficci\u00f3 celebra su novena edici\u00f3n proyectando lo m\u00e1s sobresaliente de la cinematograf\u00eda nacional e internacional contempor\u00e1nea. Veintiocho pel\u00edculas compiten por los premios del Jurado que se otorgar\u00e1n a los mejores largometrajes y cortometrajes valencianos, espa\u00f1oles y mundiales, as\u00ed como por el reconocimiento m\u00e1s importante de todos: el de vosotros. Vota por tus favoritos y elige al ganador del Premio del P\u00fablico 2025.<\/p>\n<p><a href=\"https:\/\/docsvalencia.cineslys.com\/\"> <button>Consulta la programaci\u00f3n<\/button> <\/a><\/p>\n<p><iframe title=\"Cineminuto DocsVal\u00e8ncia 2025\" width=\"750\" height=\"422\" src=\"https:\/\/www.youtube.com\/embed\/2HTEW7oe8mk?feature=oembed\" frameborder=\"0\" allow=\"accelerometer; autoplay; clipboard-write; encrypted-media; gyroscope; picture-in-picture; web-share\" referrerpolicy=\"strict-origin-when-cross-origin\" allowfullscreen><\/iframe><\/p>","protected":false},"excerpt":{"rendered":"<p>Docs Valencia Del 09 al 17 de mayo de 2025 Funciones a partir de las 16:00h. Entrada a 3.5\u20ac. Lo mejor del cine documental regresa a la ciudad de Val\u00e8ncia,&hellip; <a class=\"more-link\" href=\"https:\/\/cineslys.com\/val\/calendario\/9o-docsvalencia-las-mejores-peliculas-de-no-ficcion\/\">Continue reading <span class=\"screen-reader-text\">9\u00ba DocsValencia: \u00a1las mejores pel\u00edculas de no ficci\u00f3n!<\/span><\/a><\/p>","protected":false},"author":1,"featured_media":8499,"template":"","meta":{"_tribe_events_status":"","_tribe_events_status_reason":"","footnotes":""},"tags":[],"tribe_events_cat":[30],"class_list":["post-8508","tribe_events","type-tribe_events","status-publish","has-post-thumbnail","hentry","tribe_events_cat-documentales","cat_documentales","entry"],"_links":{"self":[{"href":"https:\/\/cineslys.com\/val\/wp-json\/wp\/v2\/tribe_events\/8508","targetHints":{"allow":["GET"]}}],"collection":[{"href":"https:\/\/cineslys.com\/val\/wp-json\/wp\/v2\/tribe_events"}],"about":[{"href":"https:\/\/cineslys.com\/val\/wp-json\/wp\/v2\/types\/tribe_events"}],"author":[{"embeddable":true,"href":"https:\/\/cineslys.com\/val\/wp-json\/wp\/v2\/users\/1"}],"version-history":[{"count":0,"href":"https:\/\/cineslys.com\/val\/wp-json\/wp\/v2\/tribe_events\/8508\/revisions"}],"wp:featuredmedia":[{"embeddable":true,"href":"https:\/\/cineslys.com\/val\/wp-json\/wp\/v2\/media\/8499"}],"wp:attachment":[{"href":"https:\/\/cineslys.com\/val\/wp-json\/wp\/v2\/media?parent=8508"}],"wp:term":[{"taxonomy":"post_tag","embeddable":true,"href":"https:\/\/cineslys.com\/val\/wp-json\/wp\/v2\/tags?post=8508"},{"taxonomy":"tribe_events_cat","embeddable":true,"href":"https:\/\/cineslys.com\/val\/wp-json\/wp\/v2\/tribe_events_cat?post=8508"}],"curies":[{"name":"wp","href":"https:\/\/api.w.org\/{rel}","templated":true}]}}

9º DocsValencia: ¡las mejores películas de no ficción!

<h3><strong>Docs Valencia</strong><br />
Del 09 al 17 de mayo de 2025</h3>
<p><strong>Funciones a partir de las 16:00h.<span style="color: #ff0000;"> Entrada a 3.5€</span>.</strong></p>
<p>Lo mejor del cine documental regresa a la ciudad de València, a los Cines Lys… regresa a casa. Del 9 al 17 de mayo, DocsValencia Espai de No Ficció celebra su novena edición proyectando lo más sobresaliente de la cinematografía nacional e internacional contemporánea. Veintiocho películas compiten por los premios del Jurado que se otorgarán a los mejores largometrajes y cortometrajes valencianos, españoles y mundiales, así como por el reconocimiento más importante de todos: el de vosotros. Vota por tus favoritos y elige al ganador del Premio del Público 2025.</p>
<p><a href="https://docsvalencia.cineslys.com/"> <button>Consulta la programación</button> </a></p>
<p><iframe title="Cineminuto DocsValència 2025" width="750" height="422" src="https://www.youtube.com/embed/2HTEW7oe8mk?feature=oembed" frameborder="0" allow="accelerometer; autoplay; clipboard-write; encrypted-media; gyroscope; picture-in-picture; web-share" referrerpolicy="strict-origin-when-cross-origin" allowfullscreen></iframe></p>

<p>Docs Valencia Del 09 al 17 de mayo de 2025 Funciones a partir de las 16:00h. Entrada a 3.5€. Lo mejor del cine documental regresa a la ciudad de València,&hellip; <a class="more-link" href="https://cineslys.com/val/calendario/9o-docsvalencia-las-mejores-peliculas-de-no-ficcion/">Continue reading <span class="screen-reader-text">9º DocsValencia: ¡las mejores películas de no ficción!</span></a></p>
