									
{"id":8539,"date":"2025-04-30T08:47:53","date_gmt":"2025-04-30T08:47:53","guid":{"rendered":"https:\/\/cineslys.com\/?post_type=tribe_events&#038;p=8539"},"modified":"2025-05-02T17:20:28","modified_gmt":"2025-05-02T17:20:28","slug":"proyecto-viridiana-una-quinta-portuguesa-con-avelina-prat-y-manolo-solo","status":"publish","type":"tribe_events","link":"https:\/\/cineslys.com\/val\/calendario\/proyecto-viridiana-una-quinta-portuguesa-con-avelina-prat-y-manolo-solo\/","title":{"rendered":"Proyecto Viridiana: \u00abUna quinta portuguesa\u00bb con Avelina Prat y Manolo Solo"},"content":{"rendered":"<h3><strong>Proyecto Viridiana: \u00abUna quinta portuguesa\u00bb con Avelina Prat y Manolo Solo<\/strong><\/h3>\n<h3>Martes, 6 de mayo 20h<\/h3>\n<p>Vuelve Proyecto Viridiana con <strong>Una quinta portuguesa<\/strong>, con un coloquio online de la <strong>directora Avelina Prat<\/strong> y el <strong>actor protagonista, Manolo Solo.<\/strong><\/p>\n<p>Los espectadores podr\u00e1n mandar sus preguntas desde un QR que se proyectar\u00e1 antes de comenzar la pel\u00edcula, as\u00ed como durante el coloquio.<\/p>\n<p><strong>Sinopsis:<\/strong> La desaparici\u00f3n de su mujer deja a Fernando, un tranquilo profesor de geograf\u00eda, completamente devastado. Sin rumbo, suplanta la identidad de otro hombre como jardinero de una quinta portuguesa, donde establece una inesperada amistad con la due\u00f1a, adentr\u00e1ndose en una nueva vida que no le pertenece.<\/p>\n<p><a href=\"https:\/\/www.reservaentradas.com\/entrada\/valencia\/cineslys\/proyecto-viridiana-una-quinta-portuguesa\/363951\/?step=2\" rel=\"nofollow noopener\" target=\"_blank\"> <button>Reserva tu entrada<\/button> <\/a><\/p>\n<p><iframe title=\"UNA QUINTA PORTUGUESA. Tr\u00e1iler oficial. 9 de mayo en cines.\" width=\"750\" height=\"422\" src=\"https:\/\/www.youtube.com\/embed\/_4D1DHAZDo4?feature=oembed\" frameborder=\"0\" allow=\"accelerometer; autoplay; clipboard-write; encrypted-media; gyroscope; picture-in-picture; web-share\" referrerpolicy=\"strict-origin-when-cross-origin\" allowfullscreen><\/iframe><\/p>","protected":false},"excerpt":{"rendered":"<p>Proyecto Viridiana: \u00abUna quinta portuguesa\u00bb con Avelina Prat y Manolo Solo Martes, 6 de mayo 20h Vuelve Proyecto Viridiana con Una quinta portuguesa, con un coloquio online de la directora&hellip; <a class=\"more-link\" href=\"https:\/\/cineslys.com\/val\/calendario\/proyecto-viridiana-una-quinta-portuguesa-con-avelina-prat-y-manolo-solo\/\">Continue reading <span class=\"screen-reader-text\">Proyecto Viridiana: \u00abUna quinta portuguesa\u00bb con Avelina Prat y Manolo Solo<\/span><\/a><\/p>","protected":false},"author":1,"featured_media":8540,"template":"","meta":{"_tribe_events_status":"","_tribe_events_status_reason":"","footnotes":""},"tags":[],"tribe_events_cat":[32],"class_list":["post-8539","tribe_events","type-tribe_events","status-publish","has-post-thumbnail","hentry","tribe_events_cat-proyecto-viridiana","cat_proyecto-viridiana","entry"],"_links":{"self":[{"href":"https:\/\/cineslys.com\/val\/wp-json\/wp\/v2\/tribe_events\/8539","targetHints":{"allow":["GET"]}}],"collection":[{"href":"https:\/\/cineslys.com\/val\/wp-json\/wp\/v2\/tribe_events"}],"about":[{"href":"https:\/\/cineslys.com\/val\/wp-json\/wp\/v2\/types\/tribe_events"}],"author":[{"embeddable":true,"href":"https:\/\/cineslys.com\/val\/wp-json\/wp\/v2\/users\/1"}],"version-history":[{"count":0,"href":"https:\/\/cineslys.com\/val\/wp-json\/wp\/v2\/tribe_events\/8539\/revisions"}],"wp:featuredmedia":[{"embeddable":true,"href":"https:\/\/cineslys.com\/val\/wp-json\/wp\/v2\/media\/8540"}],"wp:attachment":[{"href":"https:\/\/cineslys.com\/val\/wp-json\/wp\/v2\/media?parent=8539"}],"wp:term":[{"taxonomy":"post_tag","embeddable":true,"href":"https:\/\/cineslys.com\/val\/wp-json\/wp\/v2\/tags?post=8539"},{"taxonomy":"tribe_events_cat","embeddable":true,"href":"https:\/\/cineslys.com\/val\/wp-json\/wp\/v2\/tribe_events_cat?post=8539"}],"curies":[{"name":"wp","href":"https:\/\/api.w.org\/{rel}","templated":true}]}}

<h3><strong>Proyecto Viridiana: «Una quinta portuguesa» con Avelina Prat y Manolo Solo</strong></h3>
<h3>Martes, 6 de mayo 20h</h3>
<p>Vuelve Proyecto Viridiana con <strong>Una quinta portuguesa</strong>, con un coloquio online de la <strong>directora Avelina Prat</strong> y el <strong>actor protagonista, Manolo Solo.</strong></p>
<p>Los espectadores podrán mandar sus preguntas desde un QR que se proyectará antes de comenzar la película, así como durante el coloquio.</p>
<p><strong>Sinopsis:</strong> La desaparición de su mujer deja a Fernando, un tranquilo profesor de geografía, completamente devastado. Sin rumbo, suplanta la identidad de otro hombre como jardinero de una quinta portuguesa, donde establece una inesperada amistad con la dueña, adentrándose en una nueva vida que no le pertenece.</p>
<p><a href="https://www.reservaentradas.com/entrada/valencia/cineslys/proyecto-viridiana-una-quinta-portuguesa/363951/?step=2" rel="nofollow noopener" target="_blank"> <button>Reserva tu entrada</button> </a></p>
<p><iframe title="UNA QUINTA PORTUGUESA. Tráiler oficial. 9 de mayo en cines." width="750" height="422" src="https://www.youtube.com/embed/_4D1DHAZDo4?feature=oembed" frameborder="0" allow="accelerometer; autoplay; clipboard-write; encrypted-media; gyroscope; picture-in-picture; web-share" referrerpolicy="strict-origin-when-cross-origin" allowfullscreen></iframe></p>
