									
{"id":8575,"date":"2025-05-07T08:14:52","date_gmt":"2025-05-07T08:14:52","guid":{"rendered":"https:\/\/cineslys.com\/?post_type=tribe_events&#038;p=8575"},"modified":"2025-05-07T08:14:53","modified_gmt":"2025-05-07T08:14:53","slug":"proyecto-viridiana-the-sleeper-el-caravaggio-perdido-con-alvaro-longoria","status":"publish","type":"tribe_events","link":"https:\/\/cineslys.com\/val\/calendario\/proyecto-viridiana-the-sleeper-el-caravaggio-perdido-con-alvaro-longoria\/","title":{"rendered":"Proyecto Viridiana: \u00abThe Sleeper. El Caravaggio Perdido\u00bb con Alvaro Longoria"},"content":{"rendered":"<h3><strong>Proyecto Viridiana: \u00abThe Sleeper. El Caravaggio Perdido\u00bb con Alvaro Longoria<\/strong><\/h3>\n<h3>Martes, 13 de mayo 19:30h<\/h3>\n<p>Vuelve Proyecto Viridiana con <strong>The Sleeper. El Caravaggio Perdido<\/strong>, con un coloquio online del director Alvaro Longoria<\/p>\n<p>Los espectadores podr\u00e1n mandar sus preguntas desde un QR que se proyectar\u00e1 antes de comenzar la pel\u00edcula, as\u00ed como durante el coloquio.<\/p>\n<p><strong>Sinopsis:<\/strong> Documental sobre la trepidante carrera para hacerse con un cuadro perdido de Caravaggio, un llamado \u201csleeper\u201d. El cuadro, titulado \u00abEcce Homo\u00bb, durante a\u00f1os estuvo colgado en el sal\u00f3n de una familia madrile\u00f1a que, sin saber que era del genio italiano y podr\u00eda llegar a valer 300 millones de euros, lo puso en 2021 a subasta por 1.500 euros. Tras ser reconocido por expertos y marchantes de arte, se desat\u00f3 una intensa y alocada carrera por intentar adquirirlo, una competici\u00f3n en la que un marchante de arte, que vive en M\u00f3naco, lleg\u00f3 a ofrecer 20 millones de euros por un cuadro que s\u00f3lo hab\u00eda visto en fotos de Whatsapp. Finalmente alguien de quien se ignora su identidad lo adquiri\u00f3, cediendo su exhibici\u00f3n al Museo del Prado durante unos meses en 2024. Se desconoce d\u00f3nde se exhibir\u00e1 finalmente.<br \/>\n<a href=\"https:\/\/www.reservaentradas.com\/entrada\/valencia\/cineslys\/proyecto-viridiana-the-sleeper-el-caravaggio-perdido\/364627\/?step=2\" rel=\"nofollow noopener\" target=\"_blank\"> <button>Reserva tu entrada<\/button> <\/a><\/p>\n<p><iframe title=\"The sleeper. El Caravaggio perdido, de Alvaro Longoria | Tr\u00e1iler | Estreno en cines el 13 de mayo\" width=\"750\" height=\"422\" src=\"https:\/\/www.youtube.com\/embed\/w5qurx3EZz4?feature=oembed\" frameborder=\"0\" allow=\"accelerometer; autoplay; clipboard-write; encrypted-media; gyroscope; picture-in-picture; web-share\" referrerpolicy=\"strict-origin-when-cross-origin\" allowfullscreen><\/iframe><\/p>","protected":false},"excerpt":{"rendered":"<p>Proyecto Viridiana: \u00abThe Sleeper. El Caravaggio Perdido\u00bb con Alvaro Longoria Martes, 13 de mayo 19:30h Vuelve Proyecto Viridiana con The Sleeper. El Caravaggio Perdido, con un coloquio online del director&hellip; <a class=\"more-link\" href=\"https:\/\/cineslys.com\/val\/calendario\/proyecto-viridiana-the-sleeper-el-caravaggio-perdido-con-alvaro-longoria\/\">Continue reading <span class=\"screen-reader-text\">Proyecto Viridiana: \u00abThe Sleeper. El Caravaggio Perdido\u00bb con Alvaro Longoria<\/span><\/a><\/p>","protected":false},"author":1,"featured_media":8576,"template":"","meta":{"_tribe_events_status":"","_tribe_events_status_reason":"","footnotes":""},"tags":[],"tribe_events_cat":[32],"class_list":["post-8575","tribe_events","type-tribe_events","status-publish","has-post-thumbnail","hentry","tribe_events_cat-proyecto-viridiana","cat_proyecto-viridiana","entry"],"_links":{"self":[{"href":"https:\/\/cineslys.com\/val\/wp-json\/wp\/v2\/tribe_events\/8575","targetHints":{"allow":["GET"]}}],"collection":[{"href":"https:\/\/cineslys.com\/val\/wp-json\/wp\/v2\/tribe_events"}],"about":[{"href":"https:\/\/cineslys.com\/val\/wp-json\/wp\/v2\/types\/tribe_events"}],"author":[{"embeddable":true,"href":"https:\/\/cineslys.com\/val\/wp-json\/wp\/v2\/users\/1"}],"version-history":[{"count":0,"href":"https:\/\/cineslys.com\/val\/wp-json\/wp\/v2\/tribe_events\/8575\/revisions"}],"wp:featuredmedia":[{"embeddable":true,"href":"https:\/\/cineslys.com\/val\/wp-json\/wp\/v2\/media\/8576"}],"wp:attachment":[{"href":"https:\/\/cineslys.com\/val\/wp-json\/wp\/v2\/media?parent=8575"}],"wp:term":[{"taxonomy":"post_tag","embeddable":true,"href":"https:\/\/cineslys.com\/val\/wp-json\/wp\/v2\/tags?post=8575"},{"taxonomy":"tribe_events_cat","embeddable":true,"href":"https:\/\/cineslys.com\/val\/wp-json\/wp\/v2\/tribe_events_cat?post=8575"}],"curies":[{"name":"wp","href":"https:\/\/api.w.org\/{rel}","templated":true}]}}

<h3><strong>Proyecto Viridiana: «The Sleeper. El Caravaggio Perdido» con Alvaro Longoria</strong></h3>
<h3>Martes, 13 de mayo 19:30h</h3>
<p>Vuelve Proyecto Viridiana con <strong>The Sleeper. El Caravaggio Perdido</strong>, con un coloquio online del director Alvaro Longoria</p>
<p>Los espectadores podrán mandar sus preguntas desde un QR que se proyectará antes de comenzar la película, así como durante el coloquio.</p>
<p><strong>Sinopsis:</strong> Documental sobre la trepidante carrera para hacerse con un cuadro perdido de Caravaggio, un llamado “sleeper”. El cuadro, titulado «Ecce Homo», durante años estuvo colgado en el salón de una familia madrileña que, sin saber que era del genio italiano y podría llegar a valer 300 millones de euros, lo puso en 2021 a subasta por 1.500 euros. Tras ser reconocido por expertos y marchantes de arte, se desató una intensa y alocada carrera por intentar adquirirlo, una competición en la que un marchante de arte, que vive en Mónaco, llegó a ofrecer 20 millones de euros por un cuadro que sólo había visto en fotos de Whatsapp. Finalmente alguien de quien se ignora su identidad lo adquirió, cediendo su exhibición al Museo del Prado durante unos meses en 2024. Se desconoce dónde se exhibirá finalmente.<br />
<a href="https://www.reservaentradas.com/entrada/valencia/cineslys/proyecto-viridiana-the-sleeper-el-caravaggio-perdido/364627/?step=2" rel="nofollow noopener" target="_blank"> <button>Reserva tu entrada</button> </a></p>
<p><iframe title="The sleeper. El Caravaggio perdido, de Alvaro Longoria | Tráiler | Estreno en cines el 13 de mayo" width="750" height="422" src="https://www.youtube.com/embed/w5qurx3EZz4?feature=oembed" frameborder="0" allow="accelerometer; autoplay; clipboard-write; encrypted-media; gyroscope; picture-in-picture; web-share" referrerpolicy="strict-origin-when-cross-origin" allowfullscreen></iframe></p>
