									
{"id":8586,"date":"2025-05-07T08:24:27","date_gmt":"2025-05-07T08:24:27","guid":{"rendered":"https:\/\/cineslys.com\/?post_type=tribe_events&#038;p=8586"},"modified":"2025-05-07T08:24:28","modified_gmt":"2025-05-07T08:24:28","slug":"cita-a-ciegas-con-el-cine-13-de-mayo","status":"publish","type":"tribe_events","link":"https:\/\/cineslys.com\/val\/calendario\/cita-a-ciegas-con-el-cine-13-de-mayo\/","title":{"rendered":"Cita a Ciegas con el Cine: 13 de mayo"},"content":{"rendered":"<h3><b>Cita a Ciegas con el Cine: 13 de mayo<\/b><\/h3>\n<h6><a href=\"https:\/\/forms.gle\/CLX2ttBQPB1eZGZ36\" rel=\"nofollow noopener\" target=\"_blank\"><span style=\"color: #de0000;\">\u00danete a nuestra Newsletter de Cita a Ciegas y participa en las porras semanales<\/span><\/a><\/h6>\n<p>El martes pasado, tuvimos la oportunidad de ver en preestreno <strong>Enemigos, <\/strong>pel\u00edcula espa\u00f1ola que explora temas como la violencia y la venganza.<\/p>\n<p>Dirigida por David Valero y protagonizada por Christian Checa, Hugo Welzel, Estefan\u00eda de los Santos, entre otros.<\/p>\n<p>En cines este viernes.<\/p>\n<p>\u00bfQu\u00e9 pel\u00edcula ser\u00e1 la del<strong> martes 13 de mayo<\/strong>? Seguro te va a encantar. Consigue tu entrada por 5\u20ac y d\u00e9jate sorprender.<\/p>\n<p><strong><a href=\"https:\/\/cineslys.com\/val\/socios\/\">Hazte socio de Cines Lys gratuitamente y acumula puntos comprando a 5\u20ac<\/a><\/strong><\/p>\n<p><a href=\"https:\/\/www.reservaentradas.com\/entrada\/valencia\/cineslys\/cita-a-ciegas-con-el-cine\/364931\/?step=2\" rel=\"nofollow noopener\" target=\"_blank\"> <button>Reserva tu entrada<\/button> <\/a><\/p>","protected":false},"excerpt":{"rendered":"<p>Cita a Ciegas con el Cine: 13 de mayo \u00danete a nuestra Newsletter de Cita a Ciegas y participa en las porras semanales El martes pasado, tuvimos la oportunidad de&hellip; <a class=\"more-link\" href=\"https:\/\/cineslys.com\/val\/calendario\/cita-a-ciegas-con-el-cine-13-de-mayo\/\">Continue reading <span class=\"screen-reader-text\">Cita a Ciegas con el Cine: 13 de mayo<\/span><\/a><\/p>","protected":false},"author":1,"featured_media":8587,"template":"","meta":{"_tribe_events_status":"","_tribe_events_status_reason":"","footnotes":""},"tags":[],"tribe_events_cat":[16],"class_list":["post-8586","tribe_events","type-tribe_events","status-publish","has-post-thumbnail","hentry","tribe_events_cat-cita-a-ciegas","cat_cita-a-ciegas","entry"],"_links":{"self":[{"href":"https:\/\/cineslys.com\/val\/wp-json\/wp\/v2\/tribe_events\/8586","targetHints":{"allow":["GET"]}}],"collection":[{"href":"https:\/\/cineslys.com\/val\/wp-json\/wp\/v2\/tribe_events"}],"about":[{"href":"https:\/\/cineslys.com\/val\/wp-json\/wp\/v2\/types\/tribe_events"}],"author":[{"embeddable":true,"href":"https:\/\/cineslys.com\/val\/wp-json\/wp\/v2\/users\/1"}],"version-history":[{"count":0,"href":"https:\/\/cineslys.com\/val\/wp-json\/wp\/v2\/tribe_events\/8586\/revisions"}],"wp:featuredmedia":[{"embeddable":true,"href":"https:\/\/cineslys.com\/val\/wp-json\/wp\/v2\/media\/8587"}],"wp:attachment":[{"href":"https:\/\/cineslys.com\/val\/wp-json\/wp\/v2\/media?parent=8586"}],"wp:term":[{"taxonomy":"post_tag","embeddable":true,"href":"https:\/\/cineslys.com\/val\/wp-json\/wp\/v2\/tags?post=8586"},{"taxonomy":"tribe_events_cat","embeddable":true,"href":"https:\/\/cineslys.com\/val\/wp-json\/wp\/v2\/tribe_events_cat?post=8586"}],"curies":[{"name":"wp","href":"https:\/\/api.w.org\/{rel}","templated":true}]}}

<h3><b>Cita a Ciegas con el Cine: 13 de mayo</b></h3>
<h6><a href="https://forms.gle/CLX2ttBQPB1eZGZ36" rel="nofollow noopener" target="_blank"><span style="color: #de0000;">Únete a nuestra Newsletter de Cita a Ciegas y participa en las porras semanales</span></a></h6>
<p>El martes pasado, tuvimos la oportunidad de ver en preestreno <strong>Enemigos, </strong>película española que explora temas como la violencia y la venganza.</p>
<p>Dirigida por David Valero y protagonizada por Christian Checa, Hugo Welzel, Estefanía de los Santos, entre otros.</p>
<p>En cines este viernes.</p>
<p>¿Qué película será la del<strong> martes 13 de mayo</strong>? Seguro te va a encantar. Consigue tu entrada por 5€ y déjate sorprender.</p>
<p><strong><a href="https://cineslys.com/val/socios/">Hazte socio de Cines Lys gratuitamente y acumula puntos comprando a 5€</a></strong></p>
<p><a href="https://www.reservaentradas.com/entrada/valencia/cineslys/cita-a-ciegas-con-el-cine/364931/?step=2" rel="nofollow noopener" target="_blank"> <button>Reserva tu entrada</button> </a></p>

<p>Cita a Ciegas con el Cine: 13 de mayo Únete a nuestra Newsletter de Cita a Ciegas y participa en las porras semanales El martes pasado, tuvimos la oportunidad de&hellip; <a class="more-link" href="https://cineslys.com/val/calendario/cita-a-ciegas-con-el-cine-13-de-mayo/">Continue reading <span class="screen-reader-text">Cita a Ciegas con el Cine: 13 de mayo</span></a></p>
