									
{"id":8688,"date":"2025-05-19T08:37:56","date_gmt":"2025-05-19T08:37:56","guid":{"rendered":"https:\/\/cineslys.com\/?post_type=tribe_events&#038;p=8688"},"modified":"2025-05-23T07:39:58","modified_gmt":"2025-05-23T07:39:58","slug":"documental-sekeleka-ciudad-refugio","status":"publish","type":"tribe_events","link":"https:\/\/cineslys.com\/val\/calendario\/documental-sekeleka-ciudad-refugio\/","title":{"rendered":"Documental: Sekeleka: Ciudad Refugio"},"content":{"rendered":"<h3><strong>Documental: Sekeleka: Ciudad Refugio<\/strong><\/h3>\n<h3>Jueves, 29 de mayo &#8211; 19:30h<\/h3>\n<h3><strong>Donativo: 10\u20ac<\/strong><\/h3>\n<p><span style=\"font-weight: 400;\">Sekeleka significa \u201clev\u00e1ntate\u201d en lengua shangana.<\/span><\/p>\n<p><span style=\"font-weight: 400;\">Es tambi\u00e9n el nombre de un centro que trabaja con ni\u00f1os, ni\u00f1as y j\u00f3venes en situaci\u00f3n de vulnerabilidad, con o sin discapacidad en Mac\u00eda, provincia de Gaza.<\/span><\/p>\n<p><span style=\"font-weight: 400;\">\u201cSekeleka, Ciudad Refugio\u201d es un documental que cuenta su historia y su lucha.<\/span><\/p>\n<p><strong>La recaudaci\u00f3n ir\u00e1 para Sekeleka, Centro de Integraci\u00f3n de Mac\u00eda, Mozambique.<\/strong><\/p>\n<p><a href=\"https:\/\/www.reservaentradas.com\/entrada\/valencia\/cineslys\/sekeleka-ciudad-refugio\/364991\/?step=2\" rel=\"nofollow noopener\" target=\"_blank\"> <button>Reservar entradas<\/button> <\/a><\/p>","protected":false},"excerpt":{"rendered":"<p>Documental: Sekeleka: Ciudad Refugio Jueves, 29 de mayo &#8211; 19:30h Donativo: 10\u20ac Sekeleka significa \u201clev\u00e1ntate\u201d en lengua shangana. Es tambi\u00e9n el nombre de un centro que trabaja con ni\u00f1os, ni\u00f1as&hellip; <a class=\"more-link\" href=\"https:\/\/cineslys.com\/val\/calendario\/documental-sekeleka-ciudad-refugio\/\">Continue reading <span class=\"screen-reader-text\">Documental: Sekeleka: Ciudad Refugio<\/span><\/a><\/p>","protected":false},"author":1,"featured_media":8751,"template":"","meta":{"_tribe_events_status":"","_tribe_events_status_reason":"","footnotes":""},"tags":[],"tribe_events_cat":[24],"class_list":["post-8688","tribe_events","type-tribe_events","status-publish","has-post-thumbnail","hentry","tribe_events_cat-eventos","cat_eventos","entry"],"_links":{"self":[{"href":"https:\/\/cineslys.com\/val\/wp-json\/wp\/v2\/tribe_events\/8688","targetHints":{"allow":["GET"]}}],"collection":[{"href":"https:\/\/cineslys.com\/val\/wp-json\/wp\/v2\/tribe_events"}],"about":[{"href":"https:\/\/cineslys.com\/val\/wp-json\/wp\/v2\/types\/tribe_events"}],"author":[{"embeddable":true,"href":"https:\/\/cineslys.com\/val\/wp-json\/wp\/v2\/users\/1"}],"version-history":[{"count":0,"href":"https:\/\/cineslys.com\/val\/wp-json\/wp\/v2\/tribe_events\/8688\/revisions"}],"wp:featuredmedia":[{"embeddable":true,"href":"https:\/\/cineslys.com\/val\/wp-json\/wp\/v2\/media\/8751"}],"wp:attachment":[{"href":"https:\/\/cineslys.com\/val\/wp-json\/wp\/v2\/media?parent=8688"}],"wp:term":[{"taxonomy":"post_tag","embeddable":true,"href":"https:\/\/cineslys.com\/val\/wp-json\/wp\/v2\/tags?post=8688"},{"taxonomy":"tribe_events_cat","embeddable":true,"href":"https:\/\/cineslys.com\/val\/wp-json\/wp\/v2\/tribe_events_cat?post=8688"}],"curies":[{"name":"wp","href":"https:\/\/api.w.org\/{rel}","templated":true}]}}

<h3><strong>Documental: Sekeleka: Ciudad Refugio</strong></h3>
<h3>Jueves, 29 de mayo &#8211; 19:30h</h3>
<h3><strong>Donativo: 10€</strong></h3>
<p><span style="font-weight: 400;">Sekeleka significa “levántate” en lengua shangana.</span></p>
<p><span style="font-weight: 400;">Es también el nombre de un centro que trabaja con niños, niñas y jóvenes en situación de vulnerabilidad, con o sin discapacidad en Macía, provincia de Gaza.</span></p>
<p><span style="font-weight: 400;">“Sekeleka, Ciudad Refugio” es un documental que cuenta su historia y su lucha.</span></p>
<p><strong>La recaudación irá para Sekeleka, Centro de Integración de Macía, Mozambique.</strong></p>
<p><a href="https://www.reservaentradas.com/entrada/valencia/cineslys/sekeleka-ciudad-refugio/364991/?step=2" rel="nofollow noopener" target="_blank"> <button>Reservar entradas</button> </a></p>

<p>Documental: Sekeleka: Ciudad Refugio Jueves, 29 de mayo &#8211; 19:30h Donativo: 10€ Sekeleka significa “levántate” en lengua shangana. Es también el nombre de un centro que trabaja con niños, niñas&hellip; <a class="more-link" href="https://cineslys.com/val/calendario/documental-sekeleka-ciudad-refugio/">Continue reading <span class="screen-reader-text">Documental: Sekeleka: Ciudad Refugio</span></a></p>
